{"id":716757,"date":"2025-08-27T17:46:54","date_gmt":"2025-08-27T14:46:54","guid":{"rendered":"https:\/\/roveyayinevi.com.tr\/index.php\/urun\/kedi-ve-olum\/"},"modified":"2026-04-16T02:25:01","modified_gmt":"2026-04-15T23:25:01","slug":"kedi-ve-olum","status":"publish","type":"product","link":"https:\/\/roveyayinevi.com.tr\/index.php\/urun\/kedi-ve-olum\/","title":{"rendered":"Kedi Ve \u00d6l\u00fcm"},"content":{"rendered":"<p>\u201cHerkes as\u0131lmas\u0131na bir g\u00fcn kald\u0131\u011f\u0131n\u0131 bilen bir \u00f6l\u00fcm h\u00fck\u00fcml\u00fcs\u00fcn\u00fcn g\u00f6z\u00fcyle de\u011ferlendirebilseydi ge\u00e7en zaman\u0131, d\u00fcnyan\u0131n g\u00f6r\u00fcn\u00fc\u015f\u00fc muhakkak ki bamba\u015fka olurdu.\u201d     Erhan Bener\u2019in 1961\u2019de Ara Kap\u0131 ad\u0131yla kaleme ald\u0131\u011f\u0131, sonraki bask\u0131larda ad\u0131n\u0131 Kedi ve \u00d6l\u00fcm olarak de\u011fi\u015ftirdi\u011fi roman\u0131, \u00f6l\u00fcmc\u00fcl bir hastal\u0131\u011f\u0131 oldu\u011funu \u00f6\u011frenen resim \u00f6\u011fretmeni Zahit\u2019in, kalan \u00fc\u00e7 ayl\u0131k s\u00fcre\u00e7te t\u00fcm ya\u015fam\u0131n\u0131, ya\u015famla \u00f6l\u00fcm aras\u0131ndaki bir \u201cara kap\u0131\u201dda sorgulamas\u0131n\u0131 anlat\u0131r. Frans\u0131z yay\u0131nevi Albin Michel\u2019in B\u00fcy\u00fck Terc\u00fcmeler dizisinde yay\u0131nlanmas\u0131yla Fransa, Bel\u00e7ika ve Almanya\u2019da da b\u00fcy\u00fck be\u011feni kazanan Kedi ve \u00d6l\u00fcm, kusursuz dili ve \u00e7\u00f6z\u00fcmlemeleriyle hayat \u00fczerine k\u0131sa, sert, sars\u0131c\u0131 bir yap\u0131t. Erhan Bener\u2019in Kedi ve \u00d6l\u00fcm\u2019\u00fc k\u0131sa, veciz, yo\u011fun ve \u00e7ok ba\u015far\u0131l\u0131 bir denge i\u00e7inde kurulmu\u015f bir roman. Yazar, \u00f6yk\u00fcs\u00fcn\u00fc g\u00fc\u00e7l\u00fc ve kusursuz bir m\u00fckemmellikle y\u00fcr\u00fct\u00fcyor, ayr\u0131nt\u0131 say\u0131labilecek noktalarda bile, her seferinde bize insan ruhunun en eri\u015filmez derinliklerini g\u00f6stermeyi biliyor. \u0130\u00e7imize b\u0131\u00e7ak gibi saplanan, hayran olunacak \u015fekilde i\u015flenmi\u015f, heyecan y\u00fckl\u00fc ve g\u00fc\u00e7l\u00fcl\u00fc\u011f\u00fcyle g\u00fczel bir roman&#8230;\u201d N. Presl, La Nouvelle Gazette de Charleroi (Bel\u00e7ika) \u201c\u00d6l\u00fcm\u00fcn bekleni\u015fi konusu bir\u00e7ok kez ele al\u0131nm\u0131\u015ft\u0131r. Ancak bu roman\u0131n \u00f6v\u00fcn\u00fclecek yan\u0131 konusu de\u011fil, sanat y\u00f6n\u00fcd\u00fcr&#8230; Erhan Bener sanat\u0131yla bizi b\u00fcy\u00fcleyip tasaland\u0131r\u0131yor. \u0130nce bir ruh incelemesi, sa\u011flam ve g\u00fc\u00e7l\u00fc bir \u00fcslup, gereksiz zorlamalardan uzak bir anlat\u0131\u015f&#8230; bizde, kendisinden ba\u015fka \u00e7eviriler okumak iste\u011fi uyand\u0131ran bir yazar.\u201d Celaine, Tageblatt (L\u00fcksemburg)<\/p>\n","protected":false},"excerpt":{"rendered":"<p>\u201cHerkes as\u0131lmas\u0131na bir g\u00fcn kald\u0131\u011f\u0131n\u0131 bilen bir \u00f6l\u00fcm h\u00fck\u00fcml\u00fcs\u00fcn\u00fcn g\u00f6z\u00fcyle de\u011ferlendirebilseydi ge\u00e7en zaman\u0131, d\u00fcnyan\u0131n g\u00f6r\u00fcn\u00fc\u015f\u00fc muhakkak ki bamba\u015fka olurdu.\u201d Erhan Bener\u2019in 1961\u2019de Ara Kap\u0131 ad\u0131yla kaleme<span class=\"excerpt-hellip\"> [\u2026]<\/span><\/p>\n","protected":false},"featured_media":0,"template":"","meta":{"_monsterinsights_skip_tracking":false,"_monsterinsights_sitenote_active":false,"_monsterinsights_sitenote_note":"","_monsterinsights_sitenote_category":0},"product_brand":[],"product_cat":[12291,12711],"product_tag":[],"class_list":{"0":"post-716757","1":"product","2":"type-product","3":"status-publish","5":"product_cat-edebiyat","6":"product_cat-roman-oyku","7":"pa_cilt-ciltsiz","8":"pa_tur-kitap","9":"pa_yayinevi-everest-yayinlari","10":"pa_yazar-erhan-bener","12":"first","13":"instock","14":"sale","15":"shipping-taxable","16":"purchasable","17":"product-type-simple"},"_links":{"self":[{"href":"https:\/\/roveyayinevi.com.tr\/index.php\/wp-json\/wp\/v2\/product\/716757","targetHints":{"allow":["GET"]}}],"collection":[{"href":"https:\/\/roveyayinevi.com.tr\/index.php\/wp-json\/wp\/v2\/product"}],"about":[{"href":"https:\/\/roveyayinevi.com.tr\/index.php\/wp-json\/wp\/v2\/types\/product"}],"wp:attachment":[{"href":"https:\/\/roveyayinevi.com.tr\/index.php\/wp-json\/wp\/v2\/media?parent=716757"}],"wp:term":[{"taxonomy":"product_brand","embeddable":true,"href":"https:\/\/roveyayinevi.com.tr\/index.php\/wp-json\/wp\/v2\/product_brand?post=716757"},{"taxonomy":"product_cat","embeddable":true,"href":"https:\/\/roveyayinevi.com.tr\/index.php\/wp-json\/wp\/v2\/product_cat?post=716757"},{"taxonomy":"product_tag","embeddable":true,"href":"https:\/\/roveyayinevi.com.tr\/index.php\/wp-json\/wp\/v2\/product_tag?post=716757"}],"curies":[{"name":"wp","href":"https:\/\/api.w.org\/{rel}","templated":true}]}}