{"id":716750,"date":"2025-08-27T17:46:49","date_gmt":"2025-08-27T14:46:49","guid":{"rendered":"https:\/\/roveyayinevi.com.tr\/index.php\/urun\/siber-politika-ve-siber-guvenlik\/"},"modified":"2026-04-16T02:25:01","modified_gmt":"2026-04-15T23:25:01","slug":"siber-politika-ve-siber-guvenlik","status":"publish","type":"product","link":"https:\/\/roveyayinevi.com.tr\/index.php\/urun\/siber-politika-ve-siber-guvenlik\/","title":{"rendered":"Siber Politika ve Siber G\u00fcvenlik"},"content":{"rendered":"<p>Dijital \u00e7a\u011fda veriye h\u00fckmeden, d\u00fcnyaya h\u00fckmeder. Bu nedenle, siber y\u00f6neti\u015fim i\u00e7in k\u00fcresel \u00e7apta, \u00f6zellikle b\u00fcy\u00fck g\u00fc\u00e7ler aras\u0131nda bir rekabet bulunmaktad\u0131r. \u0130nternetin \u00f6tesinde b\u00fcy\u00fck bir sava\u015f var. Asl\u0131na bak\u0131l\u0131rsa bunlar\u0131n hepsi kod politikalar\u0131yla ilgilidir. Temel soru(n): Siber uzay\u0131 kim y\u00f6netecek? Daha da \u00f6nemlisi, siber uzay y\u00f6netilebilir mi?Dakikada ka\u00e7 e-mail g\u00f6nderilmektedir?T\u00fcm d\u00fcnyada ka\u00e7 tane web-sayfas\u0131 mevcut?Deniz alt\u0131nda ka\u00e7 metre internet kablosu var?\u0130nternetin ger\u00e7ek h\u0131z\u0131 ne kadar?\u0130nternete ba\u011flanan ak\u0131ll\u0131 ara\u00e7 say\u0131s\u0131 ne?Siber sald\u0131r\u0131 nedir? Bir saniyede ka\u00e7 siber sald\u0131r\u0131 d\u00fczenlenmektedir?Siber g\u00fcvenlik m\u00fcmk\u00fcn m\u00fc?Siber hukuk ne kadar \u00e7are olur?\u0130nsanlar bilgisayarlardan vir\u00fcs kapabilir mi?\u0130nsan beyni hecklenebilir mi?B\u00fcy\u00fck veri, yapay zeka, blok zinciri ve bulut teknolojileri gelece\u011fimizi nas\u0131l \u015fekillendirecek?Elinizdeki kitap b\u00fct\u00fcn bu sorulara ve merak etti\u011finiz benzer sorulara cevaplar aramaktad\u0131r.Siber uzay, hayat\u0131m\u0131za yeni giren, multidisipliner, \u00e7ok boyutlu ve \u00e7ok bilinmeyenli bir denklem. Bu denklemi \u00e7\u00f6zmek, anla\u015f\u0131labilir hale getirmek ve insanlar\u0131n hizmetine sunmak ise, bilimin ve bilim insanlar\u0131n\u0131n g\u00f6revidir. Siber uzay, b\u00fcy\u00fckl\u00fc\u011f\u00fc ve derinli\u011fi y\u00f6n\u00fcyle bir uzay, insanl\u0131\u011fa sa\u011flad\u0131\u011f\u0131 yararlar y\u00f6n\u00fcyle b\u00fcy\u00fck bir teknolojik bulu\u015f, beraberinde getirdi\u011fi riskler boyutuyla da yak\u0131n ve ciddi bir tehdit iken, anar\u015fik yap\u0131s\u0131yla da \u00f6nemli bir k\u00fcresel y\u00f6neti\u015fim sorunudur. Giderek dijitalle\u015fen hayat\u0131m\u0131za her g\u00fcn yeni yeni ak\u0131ll\u0131 ara\u00e7lar girmekte ve bu ak\u0131llanma beraberinde siber sald\u0131r\u0131 ve hacklenmeyi ka\u00e7\u0131n\u0131lmaz k\u0131lmaktad\u0131r. Bu nedenle, k\u0131sa bir zaman diliminde hayat\u0131m\u0131z\u0131 t\u00fcm boyutlar\u0131yla ku\u015fatan bu teknolojiyi karar al\u0131c\u0131lar, siyaset\u00e7iler, y\u00f6neticiler ve t\u00fcm bireylerin anlamas\u0131 ve ona g\u00f6re davran\u0131\u015f geli\u015ftirmesi hayati \u00f6nem ta\u015f\u0131maktad\u0131r.<\/p>\n","protected":false},"excerpt":{"rendered":"<p>Dijital \u00e7a\u011fda veriye h\u00fckmeden, d\u00fcnyaya h\u00fckmeder. Bu nedenle, siber y\u00f6neti\u015fim i\u00e7in k\u00fcresel \u00e7apta, \u00f6zellikle b\u00fcy\u00fck g\u00fc\u00e7ler aras\u0131nda bir rekabet bulunmaktad\u0131r. \u0130nternetin \u00f6tesinde b\u00fcy\u00fck bir sava\u015f var.<span class=\"excerpt-hellip\"> [\u2026]<\/span><\/p>\n","protected":false},"featured_media":0,"template":"","meta":{"_monsterinsights_skip_tracking":false,"_monsterinsights_sitenote_active":false,"_monsterinsights_sitenote_note":"","_monsterinsights_sitenote_category":0},"product_brand":[],"product_cat":[13059,12337],"product_tag":[],"class_list":{"0":"post-716750","1":"product","2":"type-product","3":"status-publish","5":"product_cat-diger-politika-siyaset","6":"product_cat-politika-siyaset","7":"pa_cilt-ciltsiz","8":"pa_tur-kitap","9":"pa_yayinevi-orion-kitabevi","10":"pa_yazar-nezir-akyesilmen","12":"first","13":"instock","14":"sale","15":"shipping-taxable","16":"purchasable","17":"product-type-simple"},"_links":{"self":[{"href":"https:\/\/roveyayinevi.com.tr\/index.php\/wp-json\/wp\/v2\/product\/716750","targetHints":{"allow":["GET"]}}],"collection":[{"href":"https:\/\/roveyayinevi.com.tr\/index.php\/wp-json\/wp\/v2\/product"}],"about":[{"href":"https:\/\/roveyayinevi.com.tr\/index.php\/wp-json\/wp\/v2\/types\/product"}],"wp:attachment":[{"href":"https:\/\/roveyayinevi.com.tr\/index.php\/wp-json\/wp\/v2\/media?parent=716750"}],"wp:term":[{"taxonomy":"product_brand","embeddable":true,"href":"https:\/\/roveyayinevi.com.tr\/index.php\/wp-json\/wp\/v2\/product_brand?post=716750"},{"taxonomy":"product_cat","embeddable":true,"href":"https:\/\/roveyayinevi.com.tr\/index.php\/wp-json\/wp\/v2\/product_cat?post=716750"},{"taxonomy":"product_tag","embeddable":true,"href":"https:\/\/roveyayinevi.com.tr\/index.php\/wp-json\/wp\/v2\/product_tag?post=716750"}],"curies":[{"name":"wp","href":"https:\/\/api.w.org\/{rel}","templated":true}]}}