{"id":716740,"date":"2025-08-27T17:46:42","date_gmt":"2025-08-27T14:46:42","guid":{"rendered":"https:\/\/roveyayinevi.com.tr\/index.php\/urun\/agur-eta-artik-yok\/"},"modified":"2026-04-16T02:25:01","modified_gmt":"2026-04-15T23:25:01","slug":"agur-eta-artik-yok","status":"publish","type":"product","link":"https:\/\/roveyayinevi.com.tr\/index.php\/urun\/agur-eta-artik-yok\/","title":{"rendered":"Agur , Eta Art\u0131k Yok"},"content":{"rendered":"<p>Ak\u0131n \u00d6z\u00e7er, bu kitab\u0131nda, tarihine ve farkl\u0131 s\u00fcre\u00e7lere dair derin bir vukufiyetle, \u00f6mr\u00fcn\u00fc tamamlam\u0131\u015f bir ter\u00f6r \u00f6rg\u00fct\u00fcn\u00fcn 59 y\u0131ll\u0131k \u00f6yk\u00fcs\u00fcn\u00fc anlat\u0131yor. ETA, hem Birle\u015fik Krall\u0131k\u2019ta \u0130rlanda Cumhuriyet\u00e7i Ordusu IRA\u2019dan, hem de Kolombiya Devrimci Silahl\u0131 G\u00fc\u00e7leri FARC\u2019tan farkl\u0131 olarak kar\u015f\u0131l\u0131\u011f\u0131nda herhangi bir \u00f6d\u00fcn alamadan \u201ci\u00e7inden \u00e7\u0131kt\u0131\u011f\u0131 Bask halk\u0131na kar\u0131\u015farak erimek\u201d zorunda kald\u0131.Ter\u00f6r \u00f6rg\u00fct\u00fcn\u00fc bu kararlar\u0131 almaya, ba\u015fta polisiye \u00f6nlemler olmak \u00fczere demokratik hukuk devletinin kulland\u0131\u011f\u0131 t\u00fcm ara\u00e7lar zorlad\u0131. \u00c7e\u015fitli nedenlerle bu kolay olmad\u0131, etkisini belki uzun bir zaman dilimi i\u00e7inde ancak g\u00f6sterebildi.\u0130lgin\u00e7tir, ETA\u2019ya son darbeyi vuran, i\u00e7inden \u00e7\u0131kt\u0131\u011f\u0131 de\u011fil ancak uzun y\u0131llar i\u00e7inde ya\u015fad\u0131\u011f\u0131 s\u0131n\u0131r\u0131n \u00f6tesindeki \u0130parralde halk\u0131 oldu. Jean Fran\u00e7ois Apatelegui uzunca s\u00fcredir ETA\u2019n\u0131n silah b\u0131rakmas\u0131n\u0131 savunageliyordu.S\u0131n\u0131r\u0131n \u00f6teki taraf\u0131nda ya\u015fayan Basklardan sadece biriydi ama d\u00fc\u015f\u00fcnceleri i\u00e7inde bulundu\u011fu toplumun \u00e7o\u011funlu\u011funca payla\u015f\u0131l\u0131yordu. S\u0131n\u0131r\u0131n \u00f6teki taraf\u0131nda daha \u00e7ok Apatelegui vard\u0131.<\/p>\n","protected":false},"excerpt":{"rendered":"<p>Ak\u0131n \u00d6z\u00e7er, bu kitab\u0131nda, tarihine ve farkl\u0131 s\u00fcre\u00e7lere dair derin bir vukufiyetle, \u00f6mr\u00fcn\u00fc tamamlam\u0131\u015f bir ter\u00f6r \u00f6rg\u00fct\u00fcn\u00fcn 59 y\u0131ll\u0131k \u00f6yk\u00fcs\u00fcn\u00fc anlat\u0131yor. ETA, hem Birle\u015fik Krall\u0131k\u2019ta \u0130rlanda<span class=\"excerpt-hellip\"> [\u2026]<\/span><\/p>\n","protected":false},"featured_media":0,"template":"","meta":{"_monsterinsights_skip_tracking":false,"_monsterinsights_sitenote_active":false,"_monsterinsights_sitenote_note":"","_monsterinsights_sitenote_category":0},"product_brand":[],"product_cat":[13590,12337],"product_tag":[],"class_list":{"0":"post-716740","1":"product","2":"type-product","3":"status-publish","5":"product_cat-arastirma-inceleme-politika-siyaset","6":"product_cat-politika-siyaset","7":"pa_cilt-ciltsiz","8":"pa_tur-kitap","9":"pa_yayinevi-liberte-yayinlari","10":"pa_yazar-akin-ozcer","12":"first","13":"instock","14":"sale","15":"shipping-taxable","16":"purchasable","17":"product-type-simple"},"_links":{"self":[{"href":"https:\/\/roveyayinevi.com.tr\/index.php\/wp-json\/wp\/v2\/product\/716740","targetHints":{"allow":["GET"]}}],"collection":[{"href":"https:\/\/roveyayinevi.com.tr\/index.php\/wp-json\/wp\/v2\/product"}],"about":[{"href":"https:\/\/roveyayinevi.com.tr\/index.php\/wp-json\/wp\/v2\/types\/product"}],"wp:attachment":[{"href":"https:\/\/roveyayinevi.com.tr\/index.php\/wp-json\/wp\/v2\/media?parent=716740"}],"wp:term":[{"taxonomy":"product_brand","embeddable":true,"href":"https:\/\/roveyayinevi.com.tr\/index.php\/wp-json\/wp\/v2\/product_brand?post=716740"},{"taxonomy":"product_cat","embeddable":true,"href":"https:\/\/roveyayinevi.com.tr\/index.php\/wp-json\/wp\/v2\/product_cat?post=716740"},{"taxonomy":"product_tag","embeddable":true,"href":"https:\/\/roveyayinevi.com.tr\/index.php\/wp-json\/wp\/v2\/product_tag?post=716740"}],"curies":[{"name":"wp","href":"https:\/\/api.w.org\/{rel}","templated":true}]}}