{"id":716726,"date":"2025-08-27T17:46:32","date_gmt":"2025-08-27T14:46:32","guid":{"rendered":"https:\/\/roveyayinevi.com.tr\/index.php\/urun\/kalbin-simyasi\/"},"modified":"2026-04-16T02:25:00","modified_gmt":"2026-04-15T23:25:00","slug":"kalbin-simyasi","status":"publish","type":"product","link":"https:\/\/roveyayinevi.com.tr\/index.php\/urun\/kalbin-simyasi\/","title":{"rendered":"Kalbin Simyas\u0131"},"content":{"rendered":"<p>\u201cKalbi kararm\u0131\u015f olanlar zulmederler; buna kar\u015f\u0131l\u0131k, saf kalpli kimseler kendilerine zulmedeni affetmekle kalmaz, onu itibar ve ahlaken y\u00fckseltirler. Kendimizi manev\u00ee olarak temizlemek i\u00e7in, \u00f6nce bu ger\u00e7e\u011fin fark\u0131na varmam\u0131z gerekiyor. \u0130\u015fte elinizdeki, tamamen bununla ilgili bir kitap: Kalbi ar\u0131nd\u0131rman\u0131n ve kurtulu\u015fun el kitab\u0131.\u201dNeredeyse tamam\u0131yla d\u0131\u015f g\u00f6r\u00fcn\u00fc\u015f ve maddiyat oda\u011f\u0131nda seyreden g\u00fcn\u00fcm\u00fcz\u00fcn d\u00fcnyas\u0131, manev\u00ee geli\u015fime daha fazla ihtiya\u00e7 duyar hale geldi. \u0130nsano\u011flunu bo\u015flu\u011fa s\u00fcr\u00fckleyen as\u0131l neden ise manev\u00ee dayanak noktalar\u0131n\u0131n kaybolmas\u0131 sonucunda nefsin isteklerinin do\u011fru y\u00f6nlendirilemeyip kalbin kibir, cimrilik, d\u00fc\u015fmanl\u0131k duygusu gibi bir\u00e7ok olumsuz nitelik taraf\u0131ndan ku\u015fat\u0131lm\u0131\u015f olmas\u0131.\u0130\u015fte; ABD\u2019deki ilk M\u00fcsl\u00fcman be\u015fer\u00ee ilimler \u00fcniversitesi olan Zaytuna College\u2019in kurucusu, din\u00ee meseleleri samimiyetle, ulema-halk ayr\u0131m\u0131 yapmadan anlatabilen, ayn\u0131 zamanda sosyal bilimlere dair entelekt\u00fcel birikimi ve disiplinleraras\u0131 metoduyla, kadim \u0130slam gelene\u011fini esas alan bir \u00e2lim ve mutasavv\u0131f olan Hamza Yusuf, bu anlam aray\u0131\u015f\u0131na ket vuran kalb\u00ee rahats\u0131zl\u0131klar\u0131 irdeliyor. Kendisi de \u00f6nemli bir \u00e2lim olan \u0130mam Mevl\u00fcd\u2019\u00fcn manzum eserinden yola \u00e7\u0131karak, kalbin manev\u00ee hastal\u0131klar\u0131n\u0131 te\u015fhis edip bu hastal\u0131klara Kur\u2019\u00e2n, gelenek ve ilim eksenli s\u00fcrd\u00fcr\u00fclebilir tedavi y\u00f6ntemleri \u00f6neriyor.<\/p>\n","protected":false},"excerpt":{"rendered":"<p>\u201cKalbi kararm\u0131\u015f olanlar zulmederler; buna kar\u015f\u0131l\u0131k, saf kalpli kimseler kendilerine zulmedeni affetmekle kalmaz, onu itibar ve ahlaken y\u00fckseltirler. Kendimizi manev\u00ee olarak temizlemek i\u00e7in, \u00f6nce bu ger\u00e7e\u011fin<span class=\"excerpt-hellip\"> [\u2026]<\/span><\/p>\n","protected":false},"featured_media":0,"template":"","meta":{"_monsterinsights_skip_tracking":false,"_monsterinsights_sitenote_active":false,"_monsterinsights_sitenote_note":"","_monsterinsights_sitenote_category":0},"product_brand":[],"product_cat":[16382,12718],"product_tag":[],"class_list":{"0":"post-716726","1":"product","2":"type-product","3":"status-publish","5":"product_cat-diger-inanclar","6":"product_cat-din","7":"pa_cilt-ciltsiz","8":"pa_tur-kitap","9":"pa_yayinevi-timas-yayinlari","10":"pa_yazar-hamza-yusuf","12":"first","13":"instock","14":"sale","15":"shipping-taxable","16":"purchasable","17":"product-type-simple"},"_links":{"self":[{"href":"https:\/\/roveyayinevi.com.tr\/index.php\/wp-json\/wp\/v2\/product\/716726","targetHints":{"allow":["GET"]}}],"collection":[{"href":"https:\/\/roveyayinevi.com.tr\/index.php\/wp-json\/wp\/v2\/product"}],"about":[{"href":"https:\/\/roveyayinevi.com.tr\/index.php\/wp-json\/wp\/v2\/types\/product"}],"wp:attachment":[{"href":"https:\/\/roveyayinevi.com.tr\/index.php\/wp-json\/wp\/v2\/media?parent=716726"}],"wp:term":[{"taxonomy":"product_brand","embeddable":true,"href":"https:\/\/roveyayinevi.com.tr\/index.php\/wp-json\/wp\/v2\/product_brand?post=716726"},{"taxonomy":"product_cat","embeddable":true,"href":"https:\/\/roveyayinevi.com.tr\/index.php\/wp-json\/wp\/v2\/product_cat?post=716726"},{"taxonomy":"product_tag","embeddable":true,"href":"https:\/\/roveyayinevi.com.tr\/index.php\/wp-json\/wp\/v2\/product_tag?post=716726"}],"curies":[{"name":"wp","href":"https:\/\/api.w.org\/{rel}","templated":true}]}}