{"id":716718,"date":"2025-08-27T17:46:28","date_gmt":"2025-08-27T14:46:28","guid":{"rendered":"https:\/\/roveyayinevi.com.tr\/index.php\/urun\/ask-kokulu-baharatlar\/"},"modified":"2026-04-16T02:25:00","modified_gmt":"2026-04-15T23:25:00","slug":"ask-kokulu-baharatlar","status":"publish","type":"product","link":"https:\/\/roveyayinevi.com.tr\/index.php\/urun\/ask-kokulu-baharatlar\/","title":{"rendered":"A\u015fk Kokulu Baharatlar"},"content":{"rendered":"<p>Kandilli k\u0131z\u0131,  Kuzguncuki o\u011flu  Biz akrabay\u0131z. Ben ona , O bana ayn\u0131 baharat kokar\u0131z . Bu hayattan gideriz  Ama kokumuz kal\u0131r. Kocaman g\u00f6zlerimiz kokar!  Foto\u011fraflarda! O kadar!\u201d U\u011furimu! U\u011fur Y\u00fccel \u201cMaria\u2019y\u0131 uzun zamand\u0131r tan\u0131yorum. Hayat\u0131mdaki pek \u00e7ok \u00f6nemli an\u0131ma tan\u0131kl\u0131k etti. Bazen kafam\u0131 dinlemeye yaln\u0131z, bazen de e\u011flenmeye, sohbet etmeye arkada\u015flar\u0131mla giderim bah\u00e7esine. Her seferinde beni oraya \u00e7eken hep onun g\u00fcler y\u00fcz\u00fc, s\u0131cac\u0131k dostlu\u011fu ve birbirinden lezzetli yemekleridir.   Oraya gidince tercih yapmay\u0131 pek sevmem. \u0130sterim ki Maria \u00f6nersin. Her seferinde de beni \u015fa\u015f\u0131rtacak birbirinden g\u00fczel lezzetlerle kucaklar kalbimi. Ne mutlu bana.\u201d Halit Ergen\u00e7   \u201cBaharatlar, ya\u015fam\u0131m\u0131zda ve beslenmemizde ba\u015fl\u0131 ba\u015f\u0131na bir zenginlik, berekettir. Yal\u0131n bir yeme\u011fi, b\u00fcy\u00fcl\u00fc bir lezzet \u015f\u00f6lenine \u00e7evirebilecek sihirli de\u011fnekleridir her a\u015f\u00e7\u0131n\u0131n\u2026 Kapal\u0131 bulunduklar\u0131 k\u00fc\u00e7\u00fck \u015fi\u015felerinden a\u00e7\u0131k havaya \u00e7\u0131kt\u0131klar\u0131nda, mini minnac\u0131k olup da ya\u015fama dokunu\u015fu b\u00fcy\u00fck olan her \u015fey gibi, varl\u0131klar\u0131n\u0131 besbelli eder baharat taneleri\u2026\u201d   Maria Ekmek\u00e7io\u011flu Maria Ekmek\u00e7io\u011flu, A\u015fk Kokulu Baharatlar kitab\u0131nda iki ki\u015filik romantik yemeklerin buselerle nihayetlendi\u011fi, dostlarla payla\u015f\u0131lan her lezzetin g\u00fcl\u00fcmsemeye d\u00f6n\u00fc\u015ft\u00fc\u011f\u00fc; eski \u0130stanbul\u2019u, Anadolu\u2019yu, Do\u011fu\u2019yu ve Bat\u0131\u2019y\u0131, y\u00fczlerce y\u0131ll\u0131k gelenekleri ve yeni tecr\u00fcbeleri sunan tad\u0131na doyum olmayan tariflerini payla\u015f\u0131yor. <\/p>\n","protected":false},"excerpt":{"rendered":"<p>Kandilli k\u0131z\u0131, Kuzguncuki o\u011flu Biz akrabay\u0131z. Ben ona , O bana ayn\u0131 baharat kokar\u0131z . Bu hayattan gideriz Ama kokumuz kal\u0131r. Kocaman g\u00f6zlerimiz kokar! Foto\u011fraflarda! O<span class=\"excerpt-hellip\"> [\u2026]<\/span><\/p>\n","protected":false},"featured_media":0,"template":"","meta":{"_monsterinsights_skip_tracking":false,"_monsterinsights_sitenote_active":false,"_monsterinsights_sitenote_note":"","_monsterinsights_sitenote_category":0},"product_brand":[],"product_cat":[22706,12457],"product_tag":[],"class_list":{"0":"post-716718","1":"product","2":"type-product","3":"status-publish","5":"product_cat-dunya-mutfagi","6":"product_cat-yemek-kitaplari","7":"pa_cilt-ciltsiz","8":"pa_tur-kitap","9":"pa_yayinevi-inkilap-kitabevi","10":"pa_yazar-maria-ekmekcioglu","12":"first","13":"instock","14":"sale","15":"shipping-taxable","16":"purchasable","17":"product-type-simple"},"_links":{"self":[{"href":"https:\/\/roveyayinevi.com.tr\/index.php\/wp-json\/wp\/v2\/product\/716718","targetHints":{"allow":["GET"]}}],"collection":[{"href":"https:\/\/roveyayinevi.com.tr\/index.php\/wp-json\/wp\/v2\/product"}],"about":[{"href":"https:\/\/roveyayinevi.com.tr\/index.php\/wp-json\/wp\/v2\/types\/product"}],"wp:attachment":[{"href":"https:\/\/roveyayinevi.com.tr\/index.php\/wp-json\/wp\/v2\/media?parent=716718"}],"wp:term":[{"taxonomy":"product_brand","embeddable":true,"href":"https:\/\/roveyayinevi.com.tr\/index.php\/wp-json\/wp\/v2\/product_brand?post=716718"},{"taxonomy":"product_cat","embeddable":true,"href":"https:\/\/roveyayinevi.com.tr\/index.php\/wp-json\/wp\/v2\/product_cat?post=716718"},{"taxonomy":"product_tag","embeddable":true,"href":"https:\/\/roveyayinevi.com.tr\/index.php\/wp-json\/wp\/v2\/product_tag?post=716718"}],"curies":[{"name":"wp","href":"https:\/\/api.w.org\/{rel}","templated":true}]}}