{"id":716715,"date":"2025-08-27T17:46:26","date_gmt":"2025-08-27T14:46:26","guid":{"rendered":"https:\/\/roveyayinevi.com.tr\/index.php\/urun\/ben-eylul\/"},"modified":"2026-04-12T02:30:23","modified_gmt":"2026-04-11T23:30:23","slug":"ben-eylul","status":"publish","type":"product","link":"https:\/\/roveyayinevi.com.tr\/index.php\/urun\/ben-eylul\/","title":{"rendered":"Ben Eyl\u00fcl"},"content":{"rendered":"<p>Ben eyl\u00fcl\u00fcm, eyl\u00fclKim demi\u015f h\u00fcz\u00fcn ay\u0131y\u0131m?  Hi\u00e7bir mevsime benzemem Bende sararmaya ba\u015flar yapraklar Benimle k\u0131z\u0131la d\u00f6ner sararm\u0131\u015f yapraklarYerlere serpilir ak\u015fam \u00fcst\u00fc gazeller\u2026   \u00d6yle bir g\u00fczel parlayan G\u00fcm\u00fc\u015fi renge d\u00f6n\u00fc\u015f\u00fcr\u00fcmKalaylanm\u0131\u015f sahan gibiY\u0131ld\u0131z olurum.Doyamazs\u0131n\u0131z bakmaya,K\u0131yamazs\u0131n\u0131z atmaya\u2026 Ben eyl\u00fcl\u00fcm, eyl\u00fcl\u2026Kim demi\u015f ben h\u00fcz\u00fcn veririm.G\u00fcne\u015fin sar\u0131s\u0131, Yakamoz olur bende\u2026 <\/p>\n","protected":false},"excerpt":{"rendered":"<p>Ben eyl\u00fcl\u00fcm, eyl\u00fclKim demi\u015f h\u00fcz\u00fcn ay\u0131y\u0131m? Hi\u00e7bir mevsime benzemem Bende sararmaya ba\u015flar yapraklar Benimle k\u0131z\u0131la d\u00f6ner sararm\u0131\u015f yapraklarYerlere serpilir ak\u015fam \u00fcst\u00fc gazeller\u2026 \u00d6yle bir g\u00fczel parlayan<span class=\"excerpt-hellip\"> [\u2026]<\/span><\/p>\n","protected":false},"featured_media":0,"template":"","meta":{"_monsterinsights_skip_tracking":false,"_monsterinsights_sitenote_active":false,"_monsterinsights_sitenote_note":"","_monsterinsights_sitenote_category":0},"product_brand":[],"product_cat":[12291,12509],"product_tag":[],"class_list":{"0":"post-716715","1":"product","2":"type-product","3":"status-publish","5":"product_cat-edebiyat","6":"product_cat-siir","7":"pa_cilt-ciltsiz","8":"pa_tur-kitap","9":"pa_yayinevi-luna-yayinlari","10":"pa_yazar-leyla-karabagli","12":"first","13":"instock","14":"sale","15":"shipping-taxable","16":"purchasable","17":"product-type-simple"},"_links":{"self":[{"href":"https:\/\/roveyayinevi.com.tr\/index.php\/wp-json\/wp\/v2\/product\/716715","targetHints":{"allow":["GET"]}}],"collection":[{"href":"https:\/\/roveyayinevi.com.tr\/index.php\/wp-json\/wp\/v2\/product"}],"about":[{"href":"https:\/\/roveyayinevi.com.tr\/index.php\/wp-json\/wp\/v2\/types\/product"}],"wp:attachment":[{"href":"https:\/\/roveyayinevi.com.tr\/index.php\/wp-json\/wp\/v2\/media?parent=716715"}],"wp:term":[{"taxonomy":"product_brand","embeddable":true,"href":"https:\/\/roveyayinevi.com.tr\/index.php\/wp-json\/wp\/v2\/product_brand?post=716715"},{"taxonomy":"product_cat","embeddable":true,"href":"https:\/\/roveyayinevi.com.tr\/index.php\/wp-json\/wp\/v2\/product_cat?post=716715"},{"taxonomy":"product_tag","embeddable":true,"href":"https:\/\/roveyayinevi.com.tr\/index.php\/wp-json\/wp\/v2\/product_tag?post=716715"}],"curies":[{"name":"wp","href":"https:\/\/api.w.org\/{rel}","templated":true}]}}