{"id":716698,"date":"2025-08-27T17:46:13","date_gmt":"2025-08-27T14:46:13","guid":{"rendered":"https:\/\/roveyayinevi.com.tr\/index.php\/urun\/mukadderat\/"},"modified":"2026-04-16T02:25:00","modified_gmt":"2026-04-15T23:25:00","slug":"mukadderat","status":"publish","type":"product","link":"https:\/\/roveyayinevi.com.tr\/index.php\/urun\/mukadderat\/","title":{"rendered":"Mukadderat"},"content":{"rendered":"<p>\u201cB\u00fct\u00fcn olan bitenleri, olmakta olanlar\u0131 ve gelecekte olacaklar\u0131 de\u011fi\u015ftirebilir misiniz?\u201d \u0130nsan, b\u00fct\u00fcn hayat tecr\u00fcbesine ve ya\u015fam arzusuna ra\u011fmen bir \u015feye asla meydan okuyamaz: \u00d6l\u00fcm. Ve insan, dilimlere ay\u0131rarak \u00f6l\u00e7t\u00fc\u011f\u00fc anlar\u0131 toplay\u0131p da Vakit denen mefhumun \u00e7emberinde doland\u0131\u011f\u0131ndan, ya\u015famak, ba\u015f\u0131m\u0131zdan ge\u00e7enlerin y\u00fck\u00fcn\u00fc sisli bir ormana do\u011fru ta\u015f\u0131maya benzer. Vakit\u2019in gelip gelmedi\u011fine, dolup dolmad\u0131\u011f\u0131na karar verebilecek tek \u015fey, t\u00fcm tecr\u00fcbelerimize ve s\u0131n\u0131rs\u0131z ihtimallere ra\u011fmen, Mukadderat\u2019t\u0131r. Bazen tazecik \u00e7i\u00e7ekleri koparacak, bazen ya\u015fl\u0131 ayaklara dolanacakt\u0131r.Ama hep, tam vaktinde olacakt\u0131r.<\/p>\n","protected":false},"excerpt":{"rendered":"<p>\u201cB\u00fct\u00fcn olan bitenleri, olmakta olanlar\u0131 ve gelecekte olacaklar\u0131 de\u011fi\u015ftirebilir misiniz?\u201d \u0130nsan, b\u00fct\u00fcn hayat tecr\u00fcbesine ve ya\u015fam arzusuna ra\u011fmen bir \u015feye asla meydan okuyamaz: \u00d6l\u00fcm. Ve insan,<span class=\"excerpt-hellip\"> [\u2026]<\/span><\/p>\n","protected":false},"featured_media":0,"template":"","meta":{"_monsterinsights_skip_tracking":false,"_monsterinsights_sitenote_active":false,"_monsterinsights_sitenote_note":"","_monsterinsights_sitenote_category":0},"product_brand":[],"product_cat":[12291,12711],"product_tag":[],"class_list":{"0":"post-716698","1":"product","2":"type-product","3":"status-publish","5":"product_cat-edebiyat","6":"product_cat-roman-oyku","7":"pa_cilt-ciltsiz","8":"pa_tur-kitap","9":"pa_yayinevi-kara-karga-yayinlari","10":"pa_yazar-erkan-kolcakkostendil","12":"first","13":"instock","14":"sale","15":"shipping-taxable","16":"purchasable","17":"product-type-simple"},"_links":{"self":[{"href":"https:\/\/roveyayinevi.com.tr\/index.php\/wp-json\/wp\/v2\/product\/716698","targetHints":{"allow":["GET"]}}],"collection":[{"href":"https:\/\/roveyayinevi.com.tr\/index.php\/wp-json\/wp\/v2\/product"}],"about":[{"href":"https:\/\/roveyayinevi.com.tr\/index.php\/wp-json\/wp\/v2\/types\/product"}],"wp:attachment":[{"href":"https:\/\/roveyayinevi.com.tr\/index.php\/wp-json\/wp\/v2\/media?parent=716698"}],"wp:term":[{"taxonomy":"product_brand","embeddable":true,"href":"https:\/\/roveyayinevi.com.tr\/index.php\/wp-json\/wp\/v2\/product_brand?post=716698"},{"taxonomy":"product_cat","embeddable":true,"href":"https:\/\/roveyayinevi.com.tr\/index.php\/wp-json\/wp\/v2\/product_cat?post=716698"},{"taxonomy":"product_tag","embeddable":true,"href":"https:\/\/roveyayinevi.com.tr\/index.php\/wp-json\/wp\/v2\/product_tag?post=716698"}],"curies":[{"name":"wp","href":"https:\/\/api.w.org\/{rel}","templated":true}]}}