{"id":716695,"date":"2025-08-27T17:46:11","date_gmt":"2025-08-27T14:46:11","guid":{"rendered":"https:\/\/roveyayinevi.com.tr\/index.php\/urun\/efil-ekonomi-arastirma-dergisi-cilt-1-sayi-1\/"},"modified":"2026-04-16T02:25:00","modified_gmt":"2026-04-15T23:25:00","slug":"efil-ekonomi-arastirma-dergisi-cilt-1-sayi-1","status":"publish","type":"product","link":"https:\/\/roveyayinevi.com.tr\/index.php\/urun\/efil-ekonomi-arastirma-dergisi-cilt-1-sayi-1\/","title":{"rendered":"Efil Ekonomi Ara\u015ft\u0131rma Dergisi Cilt 1  Say\u0131 1"},"content":{"rendered":"<p>Efil Ekonomi Ara\u015ft\u0131rmalar\u0131 Dergisi ilk say\u0131s\u0131 ile yay\u0131n d\u00fcnyas\u0131na ad\u0131m\u0131n\u0131 at\u0131yor.EfilJournal; uluslararas\u0131 kimlikte, hakemli ve s\u00fcreli bir yay\u0131n organ\u0131 olarak y\u0131lda 4 defa, hem bas\u0131l\u0131 hem dijital ortamda yay\u0131mlanacakt\u0131r. Yaz\u0131 dili \u0130ngilizce ve T\u00fcrk\u00e7edir. Derginin Edit\u00f6rl\u00fc\u011f\u00fcn\u00fc Prof. Dr. \u00d6mer Faruk \u00c7olak, E\u015f-Edit\u00f6rl\u00fc\u011f\u00fcn\u00fc ise Prof. Dr. Sacit Hadi Akdede \u00fcstlenmi\u015ftir. Efil Ekonomi Ara\u015ft\u0131rmalar\u0131 Dergisi, iktisat kuram\u0131n\u0131n gelene\u011fine sahip \u00e7\u0131kmaktad\u0131r. Bundan dolay\u0131, iktisadi d\u00fc\u015f\u00fcnce tarihine ili\u015fkin makalelere de yer vermek i\u00e7in \u00e7aba g\u00f6stermektedir. Amac\u0131m\u0131z iktisad\u0131, gelene\u011fini yads\u0131madan yerine oturtmakt\u0131r.Ekonomi kuram\u0131, k\u00fcresel krizden ciddi yaralar alm\u0131\u015ft\u0131r ve bu yaralar\u0131 sarmas\u0131 zaman alacakt\u0131r. Krizin faydas\u0131; gen\u00e7 iktisat\u00e7\u0131lara iktisad\u0131n neoklasik iktisattan ibaret olmad\u0131\u011f\u0131n\u0131, iktisad\u0131 \u00f6\u011frenmek i\u00e7in gerilere gidilmesi ve Adam Smith\u2019e kadar okunmas\u0131 gerekti\u011fini g\u00f6stermesi oldu. B\u00f6yle bir e\u011filimin geli\u015fmesi, iktisat kuram\u0131na \u00f6nemli katk\u0131 sa\u011flayacakt\u0131r.Prof. Dr. Osman Aydo\u011fu\u015f; T\u00dc\u0130K\u2019in 2016 milli gelir revizyonunun, milli gelir serilerine daha \u00f6nce hi\u00e7bir d\u00f6nemde ve hi\u00e7bir \u00fclkede g\u00f6r\u00fclmemi\u015f boyutlarda getirdi\u011fi de\u011fi\u015fiklikler \u00fczerine makalesinde, T\u00fcrkiye\u2019deki milli gelir revizyonunun sonu\u00e7lar\u0131 ve in\u015faat sekt\u00f6r\u00fcn\u00fc ele almaktad\u0131r.Prof. Dr. Arne Heise ve Dr. Sebastian Thieme, Almanya \u00fcniversitelerindeki heterodoks ekonomi geli\u015fimini m\u00fczakere etmektedir. Makalelerinde, Lakatos\u2019un bilimsel ara\u015ft\u0131rma programlar\u0131 kavram\u0131na dayanarak \u00f6zellikle Almanya\u2019da iktisat i\u00e7indeki \u00e7e\u015fitlilik anlay\u0131\u015f\u0131n\u0131 netle\u015ftirmek i\u00e7in ekonomi s\u0131n\u0131fland\u0131rmas\u0131 sunmaktad\u0131rlar.Prof. Dr. Walter G. Park, \u00f6zel Ar-Ge\u2019nin mikroekonomik modelini geli\u015ftirip fikr\u00ee m\u00fclkiyet haklar\u0131n\u0131n (FMH) Ar-Ge \u00fczerindeki etkilerini ara\u015ft\u0131rm\u0131\u015ft\u0131r. Prof. Dr. Park\u2019a g\u00f6re FHM\u2019nin iki kar\u015f\u0131t etkisi vard\u0131r: bir yandan, bir firman\u0131n Ar-Ge\u2019ye getirilerini daha iyi bir \u015fekilde sahiplenmesini sa\u011flar; \u00f6te yandan firmalar aras\u0131nda Ar-Ge bilgilerinin yay\u0131l\u0131mlar\u0131n\u0131n ak\u0131\u015f\u0131n\u0131 engelleme potansiyeline sahiptir.Prof. Dr. Ercan Eren; iktisad\u0131n \u00f6znesinin insan oldu\u011fu ger\u00e7e\u011fi, \u00f6znellik ve belirsizlik sorunlar\u0131n\u0131n g\u00f6z ard\u0131 edilmesine ve iktisatta evrimin dikkate al\u0131nmamas\u0131na k\u0131smen de olsa yan\u0131t verdi\u011fi makalesinde, evrimsel komp\u00fctasayonel y\u00f6ntemler ve \u00f6zellikle ajan bazl\u0131 modellemeyi incelemektedir.Prof. Dr. S\u00fcbidey Togan, \u201cT\u00fcrkiye\u2019nin, giri\u015fimlerinde ba\u015far\u0131l\u0131 olabilmesi, \u00fclkenin AB\u2019nin karayolu ula\u015ft\u0131rmas\u0131 mevzuat\u0131n\u0131n tamam\u0131n\u0131 kabul etmesi ve uygulamas\u0131na ba\u011fl\u0131d\u0131r.\u201d diyerek karayolu kotalar\u0131 ve AB-T\u00fcrkiye karayolu ta\u015f\u0131mac\u0131l\u0131k hizmetlerinin liberalizasyonu yazm\u0131\u015ft\u0131r.Prof. Dr. \u00d6ner G\u00fcn\u00e7avd\u0131, \u201c\u0130stanbul Teknik \u00dcniversitesinde \u0130ktisat Bilimi ve \u0130ktisat E\u011fitiminin Y\u00fcz Y\u0131l\u0131\u201d ba\u015fl\u0131kl\u0131 yaz\u0131s\u0131yla Osmanl\u0131\u2019dan g\u00fcn\u00fcm\u00fcze iktisat derslerinin bir m\u00fchendislik okulu m\u00fcfredat\u0131na giri\u015fini ve geli\u015fimini inceleyerek \u0130T\u00dc\u2019n\u00fcn tarihi geli\u015fim s\u00fcrecini \u00f6rneklerle ortaya koymaya ama\u00e7lamaktad\u0131r.Prof. Dr. Harun \u00d6zt\u00fcrkler, Prof. Dr. B\u00fclent G\u00fclo\u011flu ve \u0130T\u00dc Ara\u015ft\u0131rma G\u00f6revlisi Murat G\u00fcven, T\u00fcrkiye\u2019deki, 1973-2014 d\u00f6nemi reel faiz oran\u0131 ve \u00f6zel yat\u0131r\u0131mlar aras\u0131ndaki ili\u015fkiyi modellendirmektedir.Okuyarak kal\u0131n\u0131z\u2026<\/p>\n","protected":false},"excerpt":{"rendered":"<p>Efil Ekonomi Ara\u015ft\u0131rmalar\u0131 Dergisi ilk say\u0131s\u0131 ile yay\u0131n d\u00fcnyas\u0131na ad\u0131m\u0131n\u0131 at\u0131yor.EfilJournal; uluslararas\u0131 kimlikte, hakemli ve s\u00fcreli bir yay\u0131n organ\u0131 olarak y\u0131lda 4 defa, hem bas\u0131l\u0131 hem<span class=\"excerpt-hellip\"> [\u2026]<\/span><\/p>\n","protected":false},"featured_media":0,"template":"","meta":{"_monsterinsights_skip_tracking":false,"_monsterinsights_sitenote_active":false,"_monsterinsights_sitenote_note":"","_monsterinsights_sitenote_category":0},"product_brand":[],"product_cat":[13527],"product_tag":[],"class_list":{"0":"post-716695","1":"product","2":"type-product","3":"status-publish","5":"product_cat-sureli-yayinlar","6":"pa_cilt-ciltsiz","7":"pa_tur-dergi","8":"pa_yayinevi-efil-yayinevi-dergi","9":"pa_yazar-kollektif","11":"first","12":"instock","13":"sale","14":"shipping-taxable","15":"purchasable","16":"product-type-simple"},"_links":{"self":[{"href":"https:\/\/roveyayinevi.com.tr\/index.php\/wp-json\/wp\/v2\/product\/716695","targetHints":{"allow":["GET"]}}],"collection":[{"href":"https:\/\/roveyayinevi.com.tr\/index.php\/wp-json\/wp\/v2\/product"}],"about":[{"href":"https:\/\/roveyayinevi.com.tr\/index.php\/wp-json\/wp\/v2\/types\/product"}],"wp:attachment":[{"href":"https:\/\/roveyayinevi.com.tr\/index.php\/wp-json\/wp\/v2\/media?parent=716695"}],"wp:term":[{"taxonomy":"product_brand","embeddable":true,"href":"https:\/\/roveyayinevi.com.tr\/index.php\/wp-json\/wp\/v2\/product_brand?post=716695"},{"taxonomy":"product_cat","embeddable":true,"href":"https:\/\/roveyayinevi.com.tr\/index.php\/wp-json\/wp\/v2\/product_cat?post=716695"},{"taxonomy":"product_tag","embeddable":true,"href":"https:\/\/roveyayinevi.com.tr\/index.php\/wp-json\/wp\/v2\/product_tag?post=716695"}],"curies":[{"name":"wp","href":"https:\/\/api.w.org\/{rel}","templated":true}]}}

Efil Ekonomi Araştırma Dergisi Cilt 1  Sayı 1

<p>Efil Ekonomi Araştırmaları Dergisi ilk sayısı ile yayın dünyasına adımını atıyor.EfilJournal; uluslararası kimlikte, hakemli ve süreli bir yayın organı olarak yılda 4 defa, hem basılı hem dijital ortamda yayımlanacaktır. Yazı dili İngilizce ve Türkçedir. Derginin Editörlüğünü Prof. Dr. Ömer Faruk Çolak, Eş-Editörlüğünü ise Prof. Dr. Sacit Hadi Akdede üstlenmiştir. Efil Ekonomi Araştırmaları Dergisi, iktisat kuramının geleneğine sahip çıkmaktadır. Bundan dolayı, iktisadi düşünce tarihine ilişkin makalelere de yer vermek için çaba göstermektedir. Amacımız iktisadı, geleneğini yadsımadan yerine oturtmaktır.Ekonomi kuramı, küresel krizden ciddi yaralar almıştır ve bu yaraları sarması zaman alacaktır. Krizin faydası; genç iktisatçılara iktisadın neoklasik iktisattan ibaret olmadığını, iktisadı öğrenmek için gerilere gidilmesi ve Adam Smith’e kadar okunması gerektiğini göstermesi oldu. Böyle bir eğilimin gelişmesi, iktisat kuramına önemli katkı sağlayacaktır.Prof. Dr. Osman Aydoğuş; TÜİK’in 2016 milli gelir revizyonunun, milli gelir serilerine daha önce hiçbir dönemde ve hiçbir ülkede görülmemiş boyutlarda getirdiği değişiklikler üzerine makalesinde, Türkiye’deki milli gelir revizyonunun sonuçları ve inşaat sektörünü ele almaktadır.Prof. Dr. Arne Heise ve Dr. Sebastian Thieme, Almanya üniversitelerindeki heterodoks ekonomi gelişimini müzakere etmektedir. Makalelerinde, Lakatos’un bilimsel araştırma programları kavramına dayanarak özellikle Almanya’da iktisat içindeki çeşitlilik anlayışını netleştirmek için ekonomi sınıflandırması sunmaktadırlar.Prof. Dr. Walter G. Park, özel Ar-Ge’nin mikroekonomik modelini geliştirip fikrî mülkiyet haklarının (FMH) Ar-Ge üzerindeki etkilerini araştırmıştır. Prof. Dr. Park’a göre FHM’nin iki karşıt etkisi vardır: bir yandan, bir firmanın Ar-Ge’ye getirilerini daha iyi bir şekilde sahiplenmesini sağlar; öte yandan firmalar arasında Ar-Ge bilgilerinin yayılımlarının akışını engelleme potansiyeline sahiptir.Prof. Dr. Ercan Eren; iktisadın öznesinin insan olduğu gerçeği, öznellik ve belirsizlik sorunlarının göz ardı edilmesine ve iktisatta evrimin dikkate alınmamasına kısmen de olsa yanıt verdiği makalesinde, evrimsel kompütasayonel yöntemler ve özellikle ajan bazlı modellemeyi incelemektedir.Prof. Dr. Sübidey Togan, “Türkiye’nin, girişimlerinde başarılı olabilmesi, ülkenin AB’nin karayolu ulaştırması mevzuatının tamamını kabul etmesi ve uygulamasına bağlıdır.” diyerek karayolu kotaları ve AB-Türkiye karayolu taşımacılık hizmetlerinin liberalizasyonu yazmıştır.Prof. Dr. Öner Günçavdı, “İstanbul Teknik Üniversitesinde İktisat Bilimi ve İktisat Eğitiminin Yüz Yılı” başlıklı yazısıyla Osmanlı’dan günümüze iktisat derslerinin bir mühendislik okulu müfredatına girişini ve gelişimini inceleyerek İTÜ’nün tarihi gelişim sürecini örneklerle ortaya koymaya amaçlamaktadır.Prof. Dr. Harun Öztürkler, Prof. Dr. Bülent Güloğlu ve İTÜ Araştırma Görevlisi Murat Güven, Türkiye’deki, 1973-2014 dönemi reel faiz oranı ve özel yatırımlar arasındaki ilişkiyi modellendirmektedir.Okuyarak kalınız…</p>

<p>Efil Ekonomi Araştırmaları Dergisi ilk sayısı ile yayın dünyasına adımını atıyor.EfilJournal; uluslararası kimlikte, hakemli ve süreli bir yayın organı olarak yılda 4 defa, hem basılı hem<span class="excerpt-hellip"> […]</span></p>
