{"id":716681,"date":"2025-08-27T17:46:02","date_gmt":"2025-08-27T14:46:02","guid":{"rendered":"https:\/\/roveyayinevi.com.tr\/index.php\/urun\/saglik-kurumlarinda-liderlik-arastirmalari\/"},"modified":"2026-04-16T02:24:59","modified_gmt":"2026-04-15T23:24:59","slug":"saglik-kurumlarinda-liderlik-arastirmalari","status":"publish","type":"product","link":"https:\/\/roveyayinevi.com.tr\/index.php\/urun\/saglik-kurumlarinda-liderlik-arastirmalari\/","title":{"rendered":"Sa\u011fl\u0131k Kurumlar\u0131nda Liderlik Ara\u015ft\u0131rmalar\u0131"},"content":{"rendered":"<p>Sa\u011fl\u0131k hizmetleri en dinamik sekt\u00f6rlerden birisidir. Sa\u011fl\u0131k sisteminin karma\u015f\u0131kl\u0131\u011f\u0131 ve devlet d\u00fczenlemelerine ba\u011fl\u0131 olarak, sa\u011fl\u0131k sekt\u00f6r\u00fcnde h\u0131zl\u0131 de\u011fi\u015fiklikler ya\u015fanmaktad\u0131r. Sa\u011fl\u0131k hizmetlerinin hastalar, hasta yak\u0131nlar\u0131, sigortac\u0131lar ve d\u00fczenleyicilerin etkisi alt\u0131nda olmas\u0131 dolay\u0131s\u0131yla sa\u011fl\u0131k hizmetleri sunumu ve dinamikleri konusunda sa\u011fl\u0131k kurumlar\u0131ndan beklentiler artmaktad\u0131r. Sa\u011fl\u0131k sistemlerinde ya\u015fanan h\u0131zl\u0131 de\u011fi\u015fmeler ve geli\u015fmeler, sa\u011fl\u0131k sekt\u00f6r\u00fcnde daha nitelikli y\u00f6netici ve liderlere ihtiya\u00e7 duyulmas\u0131na neden olmakta ve sa\u011fl\u0131k kurulu\u015flar\u0131 i\u00e7in liderli\u011fin \u00f6nemini art\u0131rmaktad\u0131r.Bu kitapta kavramsal olarak liderlik, liderlik kuramlar\u0131 ve sa\u011fl\u0131k kurumlar\u0131 \u00f6zelinde liderlik konular\u0131 ele al\u0131nm\u0131\u015ft\u0131r. Kitab\u0131n i\u00e7inde yer alan her bir liderlik t\u00fcr\u00fcn\u00fcn sa\u011fl\u0131k kurumlar\u0131ndaki uygulamalar\u0131na \u00f6zellikle \u00f6nem verilmi\u015f ve alanyaz\u0131nda yap\u0131lan ulusal ve uluslararas\u0131 \u00e7al\u0131\u015fmalar incelenmi\u015ftir.Sa\u011fl\u0131k kurum ve kurulu\u015flar\u0131nda liderli\u011fin gereklili\u011fini ve dinamiklerini sistematik bir \u015fekilde ele alan bu kitab\u0131n konuyla ilgilenen ara\u015ft\u0131rmac\u0131lar, \u00f6\u011frenciler, sa\u011fl\u0131k hizmeti sunan \u00e7al\u0131\u015fanlar ve sa\u011fl\u0131k kurumlar\u0131 y\u00f6neticileri i\u00e7in fayda sa\u011flayaca\u011f\u0131 d\u00fc\u015f\u00fcn\u00fclmektedir. Kitapta yer alan ve sa\u011fl\u0131k kurumlar\u0131nda yeterince ele al\u0131nmayan liderlik t\u00fcrlerine y\u00f6nelik a\u00e7\u0131klamalar, bu konuda \u00e7al\u0131\u015fmak isteyen ve konu aray\u0131\u015f\u0131nda olan lisans ve lisans\u00fcst\u00fc \u00f6\u011frencileri ve ara\u015ft\u0131rmac\u0131lar i\u00e7in ipu\u00e7lar\u0131 ta\u015f\u0131maktad\u0131r.,<\/p>\n","protected":false},"excerpt":{"rendered":"<p>Sa\u011fl\u0131k hizmetleri en dinamik sekt\u00f6rlerden birisidir. Sa\u011fl\u0131k sisteminin karma\u015f\u0131kl\u0131\u011f\u0131 ve devlet d\u00fczenlemelerine ba\u011fl\u0131 olarak, sa\u011fl\u0131k sekt\u00f6r\u00fcnde h\u0131zl\u0131 de\u011fi\u015fiklikler ya\u015fanmaktad\u0131r. Sa\u011fl\u0131k hizmetlerinin hastalar, hasta yak\u0131nlar\u0131, sigortac\u0131lar ve<span class=\"excerpt-hellip\"> [\u2026]<\/span><\/p>\n","protected":false},"featured_media":0,"template":"","meta":{"_monsterinsights_skip_tracking":false,"_monsterinsights_sitenote_active":false,"_monsterinsights_sitenote_note":"","_monsterinsights_sitenote_category":0},"product_brand":[],"product_cat":[13366,13365],"product_tag":[],"class_list":{"0":"post-716681","1":"product","2":"type-product","3":"status-publish","5":"product_cat-diger-saglik","6":"product_cat-saglik","7":"pa_cilt-ciltsiz","8":"pa_tur-kitap","9":"pa_yayinevi-siyasal-kitabevi","10":"pa_yazar-fatih-santas-gulcan-santas","12":"first","13":"instock","14":"sale","15":"shipping-taxable","16":"purchasable","17":"product-type-simple"},"_links":{"self":[{"href":"https:\/\/roveyayinevi.com.tr\/index.php\/wp-json\/wp\/v2\/product\/716681","targetHints":{"allow":["GET"]}}],"collection":[{"href":"https:\/\/roveyayinevi.com.tr\/index.php\/wp-json\/wp\/v2\/product"}],"about":[{"href":"https:\/\/roveyayinevi.com.tr\/index.php\/wp-json\/wp\/v2\/types\/product"}],"wp:attachment":[{"href":"https:\/\/roveyayinevi.com.tr\/index.php\/wp-json\/wp\/v2\/media?parent=716681"}],"wp:term":[{"taxonomy":"product_brand","embeddable":true,"href":"https:\/\/roveyayinevi.com.tr\/index.php\/wp-json\/wp\/v2\/product_brand?post=716681"},{"taxonomy":"product_cat","embeddable":true,"href":"https:\/\/roveyayinevi.com.tr\/index.php\/wp-json\/wp\/v2\/product_cat?post=716681"},{"taxonomy":"product_tag","embeddable":true,"href":"https:\/\/roveyayinevi.com.tr\/index.php\/wp-json\/wp\/v2\/product_tag?post=716681"}],"curies":[{"name":"wp","href":"https:\/\/api.w.org\/{rel}","templated":true}]}}