{"id":716668,"date":"2025-08-27T17:45:53","date_gmt":"2025-08-27T14:45:53","guid":{"rendered":"https:\/\/roveyayinevi.com.tr\/index.php\/urun\/muzakere\/"},"modified":"2026-04-16T02:24:59","modified_gmt":"2026-04-15T23:24:59","slug":"muzakere","status":"publish","type":"product","link":"https:\/\/roveyayinevi.com.tr\/index.php\/urun\/muzakere\/","title":{"rendered":"M\u00fczakere"},"content":{"rendered":"<p>Neden M\u00fczakere?\u00c7at\u0131\u015fma y\u00f6netimi ve uyu\u015fmazl\u0131k-anla\u015fmazl\u0131k \u00e7\u00f6z\u00fcm\u00fcn\u00fcn daha etkili sa\u011flanabilmesi, \u00c7at\u0131\u015fma-uyu\u015fmazl\u0131klar\u0131n daha fazla derinle\u015fmeden ve tekrarlanmadan \u00e7\u00f6z\u00fclebilmesi,Hukuk alan\u0131nda uyu\u015fmazl\u0131klar\u0131n \u00e7\u00f6z\u00fcm\u00fcne yard\u0131mc\u0131 edebilmesi,Siyaset-Politikada toplumdaki \u00e7evresel-hukuki-i\u015fg\u00fcc\u00fcne y\u00f6nelik uyu\u015fmazl\u0131klar\u0131n \u00e7\u00f6z\u00fcm\u00fcne yard\u0131mc\u0131 olmas\u0131,Uluslararas\u0131 arenada-diplomaside \u00fclkelerin di\u011fer \u00fclkeler ile uluslararas\u0131 \u00f6rg\u00fctler aras\u0131nda etkili m\u00fczakere s\u00fcre\u00e7lerini iyile\u015ftirebilmesi,D\u0131\u015f payda\u015flar ile yap\u0131lan m\u00fczakerelerin, sisteme en \u00e7ok fayday\u0131 sa\u011flayacak sonu\u00e7lar\u0131 alabilmesine y\u00f6nelik m\u00fczakerecilik yetkinliklerine         sahip k\u0131l\u0131nabilmesi, \u0130\u015f insanlar\u0131na etkili ve kaliteli bir i\u015f ve sosyal ya\u015fam becerisi kazand\u0131r\u0131labilmesi,\u0130\u015f ili\u015fkilerinin geli\u015ftirilebilmesi,Y\u00f6neticilerin liderlik \u00f6zelliklerinin peki\u015ftirilebilmesi,\u0130\u015f ya\u015fam\u0131nda daha etkili pazarl\u0131k s\u00fcre\u00e7leri tesis edilebilmesi,\u0130\u015fletmenin sat\u0131\u015f rakamlar\u0131n\u0131 y\u00fckseltilebilmesi,\u0130\u015f ya\u015fam\u0131nda iklimin olumlu y\u00f6nde peki\u015ftirilebilmesi,Kurum k\u00fclt\u00fcr\u00fcn\u00fcn g\u00fc\u00e7lendirilebilmesi,Y\u00f6netim fonksiyonlar\u0131n\u0131 (planlama, \u00f6rg\u00fctleme, koordinasyon, kontrol) etkili i\u015fletilebilmesi,M\u00fc\u015fterilerle, tedarik\u00e7ilerle, ortaklar\u0131n\u0131zla sonu\u00e7 odakl\u0131-uzun vadeli anla\u015fmalar yap\u0131labilmesi,Kurumda tak\u0131m \u00e7al\u0131\u015fmas\u0131n\u0131 g\u00fc\u00e7lendirebilmesi,Aile i\u015fletmelerinin kurumsalla\u015fma \u00e7al\u0131\u015fmalar\u0131n\u0131 peki\u015ftirebilmesi,\u0130\u015fletme\/kurumda daha hesapl\u0131 \u201csat\u0131n alma s\u00fcre\u00e7leri\u201d tesis edebilmesi,Etkile\u015fimde bulunulan payda\u015flarla daha uzun vadeli ili\u015fkiler geli\u015ftirilmesi,\u0130\u015f ve ticaret uyu\u015fmazl\u0131klar\u0131n\u0131; hukuki mecralara gitmeden, daha k\u0131sa zamanda, itibar\u0131 koruyarak ve az maliyetle \u00e7\u00f6z\u00fclebilmesi.<\/p>\n","protected":false},"excerpt":{"rendered":"<p>Neden M\u00fczakere?\u00c7at\u0131\u015fma y\u00f6netimi ve uyu\u015fmazl\u0131k-anla\u015fmazl\u0131k \u00e7\u00f6z\u00fcm\u00fcn\u00fcn daha etkili sa\u011flanabilmesi, \u00c7at\u0131\u015fma-uyu\u015fmazl\u0131klar\u0131n daha fazla derinle\u015fmeden ve tekrarlanmadan \u00e7\u00f6z\u00fclebilmesi,Hukuk alan\u0131nda uyu\u015fmazl\u0131klar\u0131n \u00e7\u00f6z\u00fcm\u00fcne yard\u0131mc\u0131 edebilmesi,Siyaset-Politikada toplumdaki \u00e7evresel-hukuki-i\u015fg\u00fcc\u00fcne y\u00f6nelik uyu\u015fmazl\u0131klar\u0131n \u00e7\u00f6z\u00fcm\u00fcne<span class=\"excerpt-hellip\"> [\u2026]<\/span><\/p>\n","protected":false},"featured_media":0,"template":"","meta":{"_monsterinsights_skip_tracking":false,"_monsterinsights_sitenote_active":false,"_monsterinsights_sitenote_note":"","_monsterinsights_sitenote_category":0},"product_brand":[],"product_cat":[20333,13043],"product_tag":[],"class_list":{"0":"post-716668","1":"product","2":"type-product","3":"status-publish","5":"product_cat-diger-ekonomi","6":"product_cat-ekonomi","7":"pa_cilt-ciltsiz","8":"pa_tur-kitap","9":"pa_yayinevi-siyasal-kitabevi-akademik-kitaplar","10":"pa_yazar-unsal-sigri","12":"first","13":"instock","14":"sale","15":"shipping-taxable","16":"purchasable","17":"product-type-simple"},"_links":{"self":[{"href":"https:\/\/roveyayinevi.com.tr\/index.php\/wp-json\/wp\/v2\/product\/716668","targetHints":{"allow":["GET"]}}],"collection":[{"href":"https:\/\/roveyayinevi.com.tr\/index.php\/wp-json\/wp\/v2\/product"}],"about":[{"href":"https:\/\/roveyayinevi.com.tr\/index.php\/wp-json\/wp\/v2\/types\/product"}],"wp:attachment":[{"href":"https:\/\/roveyayinevi.com.tr\/index.php\/wp-json\/wp\/v2\/media?parent=716668"}],"wp:term":[{"taxonomy":"product_brand","embeddable":true,"href":"https:\/\/roveyayinevi.com.tr\/index.php\/wp-json\/wp\/v2\/product_brand?post=716668"},{"taxonomy":"product_cat","embeddable":true,"href":"https:\/\/roveyayinevi.com.tr\/index.php\/wp-json\/wp\/v2\/product_cat?post=716668"},{"taxonomy":"product_tag","embeddable":true,"href":"https:\/\/roveyayinevi.com.tr\/index.php\/wp-json\/wp\/v2\/product_tag?post=716668"}],"curies":[{"name":"wp","href":"https:\/\/api.w.org\/{rel}","templated":true}]}}