{"id":716663,"date":"2025-08-27T17:45:50","date_gmt":"2025-08-27T14:45:50","guid":{"rendered":"https:\/\/roveyayinevi.com.tr\/index.php\/urun\/arnavut-zeynel\/"},"modified":"2026-04-16T02:24:59","modified_gmt":"2026-04-15T23:24:59","slug":"arnavut-zeynel","status":"publish","type":"product","link":"https:\/\/roveyayinevi.com.tr\/index.php\/urun\/arnavut-zeynel\/","title":{"rendered":"Arnavut Zeynel"},"content":{"rendered":"<p>Balkanlardan g\u00f6\u00e7 eden bir yi\u011fit efe\u2026 Arnavut Zeynel&#8230;\u00dclkemizin kurtulu\u015funa imza atan binlerce bilinmeyen kahramandan biri&#8230;Manisa Turgutlu\u2019nun tamamen yanmas\u0131na engel olan ve g\u00fcn y\u00fcz\u00fcne \u00e7\u0131kan hik\u00e2yesiyle bir kurtulu\u015f kahraman\u0131\u2026O ve onun gibi binlerce M\u00fcsl\u00fcman T\u00fcrk; canlar\u0131na, namuslar\u0131na ve sahip olduklar\u0131 her \u015feye el uzatan Yunan ve Bulgar zulm\u00fcnden kurtulmak i\u00e7in g\u00f6\u00e7 etmi\u015fti. Yaralar\u0131n\u0131 sarmaya, yeniden d\u00fczen kurmaya \u00e7al\u0131\u015f\u0131rken kader yine kar\u015f\u0131la\u015ft\u0131rd\u0131 onlar\u0131. Ama bu sefer her \u015fey farkl\u0131yd\u0131. Terk etmeleri istenen topraklar ana vatanlar\u0131yd\u0131.Savunmas\u0131z kad\u0131nlar, ya\u015fl\u0131lar ve \u00e7oluk \u00e7ocu\u011fun ac\u0131mas\u0131zca katledildi\u011fi, evlerin ya\u011fmaland\u0131\u011f\u0131, k\u00f6ylerin i\u015fgal edildi\u011fi o \u0131st\u0131rapl\u0131 g\u00fcnlerde \u00e7eteler ve da\u011fdaki e\u015fk\u0131yalar bile s\u00f6z konusu vatan oldu\u011funda birle\u015ftiler. Art\u0131k b\u0131\u00e7ak kemi\u011fe dayanm\u0131\u015ft\u0131. \u0130zmir i\u015fgal edilmi\u015fti. S\u0131rada Ayd\u0131n, Manisa, Denizli vard\u0131 ve oradan Anadolu\u2019ya a\u00e7\u0131lan koridorla t\u00fcm yurdu i\u015fgal edeceklerdi.Elinde gaz tulumbalar\u0131yla 6300\u2019den fazla bina ve evin oldu\u011fu Kasaba\u2019y\u0131 (Turgutlu) yakan Yunanlarla \u00f6l\u00fcm\u00fcne m\u00fccadele eden, bir mahalleyi ve 200 evi kurtaran Arnavut Zeynel\u2019in ad\u0131 bu kitapla \u00f6l\u00fcms\u00fczle\u015fiyor\u2026<\/p>\n","protected":false},"excerpt":{"rendered":"<p>Balkanlardan g\u00f6\u00e7 eden bir yi\u011fit efe\u2026 Arnavut Zeynel&#8230;\u00dclkemizin kurtulu\u015funa imza atan binlerce bilinmeyen kahramandan biri&#8230;Manisa Turgutlu\u2019nun tamamen yanmas\u0131na engel olan ve g\u00fcn y\u00fcz\u00fcne \u00e7\u0131kan hik\u00e2yesiyle bir<span class=\"excerpt-hellip\"> [\u2026]<\/span><\/p>\n","protected":false},"featured_media":0,"template":"","meta":{"_monsterinsights_skip_tracking":false,"_monsterinsights_sitenote_active":false,"_monsterinsights_sitenote_note":"","_monsterinsights_sitenote_category":0},"product_brand":[],"product_cat":[12274,12284],"product_tag":[],"class_list":{"0":"post-716663","1":"product","2":"type-product","3":"status-publish","5":"product_cat-cocuk-ve-genclik-kitaplari","6":"product_cat-hikayeler","7":"pa_cilt-ciltsiz","8":"pa_tur-kitap","9":"pa_yayinevi-genc-timas","10":"pa_yazar-ilknur-bektas","12":"first","13":"instock","14":"sale","15":"shipping-taxable","16":"purchasable","17":"product-type-simple"},"_links":{"self":[{"href":"https:\/\/roveyayinevi.com.tr\/index.php\/wp-json\/wp\/v2\/product\/716663","targetHints":{"allow":["GET"]}}],"collection":[{"href":"https:\/\/roveyayinevi.com.tr\/index.php\/wp-json\/wp\/v2\/product"}],"about":[{"href":"https:\/\/roveyayinevi.com.tr\/index.php\/wp-json\/wp\/v2\/types\/product"}],"wp:attachment":[{"href":"https:\/\/roveyayinevi.com.tr\/index.php\/wp-json\/wp\/v2\/media?parent=716663"}],"wp:term":[{"taxonomy":"product_brand","embeddable":true,"href":"https:\/\/roveyayinevi.com.tr\/index.php\/wp-json\/wp\/v2\/product_brand?post=716663"},{"taxonomy":"product_cat","embeddable":true,"href":"https:\/\/roveyayinevi.com.tr\/index.php\/wp-json\/wp\/v2\/product_cat?post=716663"},{"taxonomy":"product_tag","embeddable":true,"href":"https:\/\/roveyayinevi.com.tr\/index.php\/wp-json\/wp\/v2\/product_tag?post=716663"}],"curies":[{"name":"wp","href":"https:\/\/api.w.org\/{rel}","templated":true}]}}