{"id":716656,"date":"2025-08-27T17:45:44","date_gmt":"2025-08-27T14:45:44","guid":{"rendered":"https:\/\/roveyayinevi.com.tr\/index.php\/urun\/gokyuzu-hapsi\/"},"modified":"2026-04-16T02:24:59","modified_gmt":"2026-04-15T23:24:59","slug":"gokyuzu-hapsi","status":"publish","type":"product","link":"https:\/\/roveyayinevi.com.tr\/index.php\/urun\/gokyuzu-hapsi\/","title":{"rendered":"G\u00f6ky\u00fcz\u00fc Hapsi"},"content":{"rendered":"<p>\u201cAzar azar, Elsa kapan\u0131ndan s\u0131z\u0131p evin her k\u00f6\u015fesi neyerle\u015ftiYemek masas \u0131onun iki kat alt\u0131nda ve odan\u0131n kar\u015f\u0131taraf\u0131nda olmas\u0131na ra\u011fmen Masada oldu\u011funu hissediyordum.Geceleri, benimle yerde\u011fi\u015ftiriyordu;  o benim rahat yata\u011f\u0131m\u0131n tad\u0131n \u0131\u00e7\u0131kar\u0131rken ben onun havas\u0131z oyu\u011funda k\u0131vran\u0131yordum.\u201d Bu s\u0131rad\u0131\u015f\u0131 romanda, 1940&#8217;larda Hitler Gen\u00e7li\u011fi \u00fcyesi olan  Johannes,   ailesinin, Viyana&#8217;daki b\u00fcy\u00fck evlerindeki bir duvar\u0131n ard\u0131nda Elsa adl\u0131 bir Yahudi k\u0131z\u0131n\u0131 saklad\u0131\u011f\u0131n\u0131 ke\u015ffeder. \u0130lk korkular\u0131 ilgiye,  sevgiye ve tak\u0131nt\u0131ya d\u00f6n\u00fc\u015f\u00fcr. Ebeveynlerinin ortadan kaybolmas\u0131ndan sonra, Johannes Johannes onun hayatta kalmas\u0131ndan sorumlu olan tek ki\u015fi olan Elsa&#8217;n\u0131n varl\u0131\u011f\u0131n\u0131n fark\u0131nda olan tek ki\u015fi oldu\u011funu anlar.Sava\u015f\u0131n sonunda ili\u015fkileri tutkuyla tak\u0131nt\u0131,  ba\u011f\u0131ml\u0131l\u0131kla kay\u0131ts\u0131zl\u0131k, sevgiyle nefret aras\u0131nda gelip giderken bir anda kaybetme olas\u0131l\u0131\u011f\u0131yla da y\u00fczle\u015firler. G\u00f6ky\u00fcz\u00fc Hapsi, insani ruhun en karanl\u0131k k\u00f6\u015felerini \u00e7\u0131plak b\u0131rakarak ger\u00e7ekleri hem siyasi hem de sosyal y\u00f6nleriyle inceliyor. <\/p>\n","protected":false},"excerpt":{"rendered":"<p>\u201cAzar azar, Elsa kapan\u0131ndan s\u0131z\u0131p evin her k\u00f6\u015fesi neyerle\u015ftiYemek masas \u0131onun iki kat alt\u0131nda ve odan\u0131n kar\u015f\u0131taraf\u0131nda olmas\u0131na ra\u011fmen Masada oldu\u011funu hissediyordum.Geceleri, benimle yerde\u011fi\u015ftiriyordu; o benim<span class=\"excerpt-hellip\"> [\u2026]<\/span><\/p>\n","protected":false},"featured_media":0,"template":"","meta":{"_monsterinsights_skip_tracking":false,"_monsterinsights_sitenote_active":false,"_monsterinsights_sitenote_note":"","_monsterinsights_sitenote_category":0},"product_brand":[],"product_cat":[12291,12711],"product_tag":[],"class_list":{"0":"post-716656","1":"product","2":"type-product","3":"status-publish","5":"product_cat-edebiyat","6":"product_cat-roman-oyku","7":"pa_cilt-ciltsiz","8":"pa_tur-kitap","9":"pa_yayinevi-alabanda-yayin","10":"pa_yazar-christine-leunens","12":"first","13":"instock","14":"sale","15":"shipping-taxable","16":"purchasable","17":"product-type-simple"},"_links":{"self":[{"href":"https:\/\/roveyayinevi.com.tr\/index.php\/wp-json\/wp\/v2\/product\/716656","targetHints":{"allow":["GET"]}}],"collection":[{"href":"https:\/\/roveyayinevi.com.tr\/index.php\/wp-json\/wp\/v2\/product"}],"about":[{"href":"https:\/\/roveyayinevi.com.tr\/index.php\/wp-json\/wp\/v2\/types\/product"}],"wp:attachment":[{"href":"https:\/\/roveyayinevi.com.tr\/index.php\/wp-json\/wp\/v2\/media?parent=716656"}],"wp:term":[{"taxonomy":"product_brand","embeddable":true,"href":"https:\/\/roveyayinevi.com.tr\/index.php\/wp-json\/wp\/v2\/product_brand?post=716656"},{"taxonomy":"product_cat","embeddable":true,"href":"https:\/\/roveyayinevi.com.tr\/index.php\/wp-json\/wp\/v2\/product_cat?post=716656"},{"taxonomy":"product_tag","embeddable":true,"href":"https:\/\/roveyayinevi.com.tr\/index.php\/wp-json\/wp\/v2\/product_tag?post=716656"}],"curies":[{"name":"wp","href":"https:\/\/api.w.org\/{rel}","templated":true}]}}