{"id":716654,"date":"2025-08-27T17:45:43","date_gmt":"2025-08-27T14:45:43","guid":{"rendered":"https:\/\/roveyayinevi.com.tr\/index.php\/urun\/dinin-kisa-tarihi\/"},"modified":"2026-04-16T02:24:59","modified_gmt":"2026-04-15T23:24:59","slug":"dinin-kisa-tarihi","status":"publish","type":"product","link":"https:\/\/roveyayinevi.com.tr\/index.php\/urun\/dinin-kisa-tarihi\/","title":{"rendered":"Dinin K\u0131sa Tarihi"},"content":{"rendered":"<p>Holloway, Yahudilik, \u0130slam, H\u0131ristiyanl\u0131k, Budizm ve Hinduizmin \u00f6tesine uzanarak dini inanc\u0131n nereden geldi\u011fini, tarih boyunca devam eden anlam aray\u0131\u015f\u0131n\u0131, Scientology ve Yarat\u0131l\u0131\u015f\u00e7\u0131l\u0131k ile bug\u00fcn\u00fcn ilgi \u00e7eken kavramlar\u0131n\u0131, dindar insanlar ve laiklik taraftarlar\u0131 aras\u0131ndaki \u00e7at\u0131\u015fmay\u0131 ve \u00e7ok daha fazlas\u0131n\u0131 inceliyor. \u0130nanc\u0131n ebedi \u00f6neminive eski zamanlardan g\u00fcn\u00fcm\u00fcze dek s\u00fcren g\u00fcc\u00fcn\u00fc anlayan, fakat farklar\u0131 daortaya seren bir rehber\u2026 \u201cBu konuda yazmak i\u00e7in Richard Holloway\u2019den daha yetenekli bir isim s\u00f6ylemek \u00e7ok zor.\u201dDiarmaid Macculloch, A History of Christianity \u201cDinler hakk\u0131nda bildi\u011fimizden \u00e7ok daha fazlas\u0131n\u0131 \u00f6\u011frenece\u011fimiz,\u00e7ok iyi yaz\u0131lm\u0131\u015f bir kitap\u2026John Charmley, Times<\/p>\n","protected":false},"excerpt":{"rendered":"<p>Holloway, Yahudilik, \u0130slam, H\u0131ristiyanl\u0131k, Budizm ve Hinduizmin \u00f6tesine uzanarak dini inanc\u0131n nereden geldi\u011fini, tarih boyunca devam eden anlam aray\u0131\u015f\u0131n\u0131, Scientology ve Yarat\u0131l\u0131\u015f\u00e7\u0131l\u0131k ile bug\u00fcn\u00fcn ilgi \u00e7eken<span class=\"excerpt-hellip\"> [\u2026]<\/span><\/p>\n","protected":false},"featured_media":0,"template":"","meta":{"_monsterinsights_skip_tracking":false,"_monsterinsights_sitenote_active":false,"_monsterinsights_sitenote_note":"","_monsterinsights_sitenote_category":0},"product_brand":[],"product_cat":[13036,12718,12719],"product_tag":[],"class_list":{"0":"post-716654","1":"product","2":"type-product","3":"status-publish","5":"product_cat-arastirma-inceleme-islam","6":"product_cat-din","7":"product_cat-islam","8":"pa_cilt-ciltsiz","9":"pa_tur-kitap","10":"pa_yayinevi-alfa-yayinlari","11":"pa_yazar-richard-hollway","13":"first","14":"instock","15":"sale","16":"shipping-taxable","17":"purchasable","18":"product-type-simple"},"_links":{"self":[{"href":"https:\/\/roveyayinevi.com.tr\/index.php\/wp-json\/wp\/v2\/product\/716654","targetHints":{"allow":["GET"]}}],"collection":[{"href":"https:\/\/roveyayinevi.com.tr\/index.php\/wp-json\/wp\/v2\/product"}],"about":[{"href":"https:\/\/roveyayinevi.com.tr\/index.php\/wp-json\/wp\/v2\/types\/product"}],"wp:attachment":[{"href":"https:\/\/roveyayinevi.com.tr\/index.php\/wp-json\/wp\/v2\/media?parent=716654"}],"wp:term":[{"taxonomy":"product_brand","embeddable":true,"href":"https:\/\/roveyayinevi.com.tr\/index.php\/wp-json\/wp\/v2\/product_brand?post=716654"},{"taxonomy":"product_cat","embeddable":true,"href":"https:\/\/roveyayinevi.com.tr\/index.php\/wp-json\/wp\/v2\/product_cat?post=716654"},{"taxonomy":"product_tag","embeddable":true,"href":"https:\/\/roveyayinevi.com.tr\/index.php\/wp-json\/wp\/v2\/product_tag?post=716654"}],"curies":[{"name":"wp","href":"https:\/\/api.w.org\/{rel}","templated":true}]}}