{"id":716649,"date":"2025-08-27T17:45:40","date_gmt":"2025-08-27T14:45:40","guid":{"rendered":"https:\/\/roveyayinevi.com.tr\/index.php\/urun\/kurk-mantolu-madonna-4\/"},"modified":"2026-04-16T02:24:59","modified_gmt":"2026-04-15T23:24:59","slug":"kurk-mantolu-madonna-4","status":"publish","type":"product","link":"https:\/\/roveyayinevi.com.tr\/index.php\/urun\/kurk-mantolu-madonna-4\/","title":{"rendered":"K\u00fcrk Mantolu Madonna"},"content":{"rendered":"<p>\u0130nsanlar birbirlerini ne kadar iyi anl\u0131yorlard\u0131&#8230; Bir de ben bu h\u00e2limle kalk\u0131p ba\u015fka bir insan\u0131n kafas\u0131n\u0131n i\u00e7ini tahlil etmek, onun d\u00fcz veya kar\u0131\u015f\u0131k ruhunu g\u00f6rmek istiyordum. D\u00fcnyan\u0131n en basit, en zavall\u0131, hatta en ahmak adam\u0131 bile, insan\u0131 hayretten hayrete d\u00fc\u015f\u00fcrecek ne m\u00fcthi\u015f ve kar\u0131\u015f\u0131k bir ruha maliktir! Ni\u00e7in bunu anlamaktan bu kadar ka\u00e7\u0131yor ve insan dedikleri mahluku anla\u015f\u0131lmas\u0131 ve hakk\u0131nda h\u00fck\u00fcm verilmesi en kolay \u015feylerden biri zannediyoruz? T\u00fcrk\u00e7ede yaz\u0131lm\u0131\u015f en g\u00fczel a\u015fk romanlar\u0131n\u0131n ba\u015f\u0131nda, hatta ilk s\u0131ras\u0131nda gelir K\u00fcrk Mantolu Madonna. Sabahattin Ali&#8217;nin s\u0131cak, samimi ve duru diliyle ustaca kurgulad\u0131\u011f\u0131 K\u00fcrk Mantolu Madonna, antikahraman roman\u0131ndan izler de ta\u015f\u0131r. Sabahattin Ali\u2019nin, Raif Efendi ile Maria Puder aras\u0131ndaki tutkulu ve bir o kadar da sanc\u0131l\u0131 a\u015fk\u0131 anlatt\u0131\u011f\u0131 bu \u00f6l\u00fcms\u00fcz roman, hi\u00e7 \u015f\u00fcphe yok ki T\u00fcrk edebiyat\u0131n\u0131n en de\u011ferli eserlerinden biri.  <\/p>\n","protected":false},"excerpt":{"rendered":"<p>\u0130nsanlar birbirlerini ne kadar iyi anl\u0131yorlard\u0131&#8230; Bir de ben bu h\u00e2limle kalk\u0131p ba\u015fka bir insan\u0131n kafas\u0131n\u0131n i\u00e7ini tahlil etmek, onun d\u00fcz veya kar\u0131\u015f\u0131k ruhunu g\u00f6rmek istiyordum.<span class=\"excerpt-hellip\"> [\u2026]<\/span><\/p>\n","protected":false},"featured_media":0,"template":"","meta":{"_monsterinsights_skip_tracking":false,"_monsterinsights_sitenote_active":false,"_monsterinsights_sitenote_note":"","_monsterinsights_sitenote_category":0},"product_brand":[],"product_cat":[12291,12711],"product_tag":[],"class_list":{"0":"post-716649","1":"product","2":"type-product","3":"status-publish","5":"product_cat-edebiyat","6":"product_cat-roman-oyku","7":"pa_cilt-ciltsiz","8":"pa_tur-kitap","9":"pa_yayinevi-akil-celen-kitaplar","10":"pa_yazar-sabahattin-ali","12":"first","13":"instock","14":"sale","15":"shipping-taxable","16":"purchasable","17":"product-type-simple"},"_links":{"self":[{"href":"https:\/\/roveyayinevi.com.tr\/index.php\/wp-json\/wp\/v2\/product\/716649","targetHints":{"allow":["GET"]}}],"collection":[{"href":"https:\/\/roveyayinevi.com.tr\/index.php\/wp-json\/wp\/v2\/product"}],"about":[{"href":"https:\/\/roveyayinevi.com.tr\/index.php\/wp-json\/wp\/v2\/types\/product"}],"wp:attachment":[{"href":"https:\/\/roveyayinevi.com.tr\/index.php\/wp-json\/wp\/v2\/media?parent=716649"}],"wp:term":[{"taxonomy":"product_brand","embeddable":true,"href":"https:\/\/roveyayinevi.com.tr\/index.php\/wp-json\/wp\/v2\/product_brand?post=716649"},{"taxonomy":"product_cat","embeddable":true,"href":"https:\/\/roveyayinevi.com.tr\/index.php\/wp-json\/wp\/v2\/product_cat?post=716649"},{"taxonomy":"product_tag","embeddable":true,"href":"https:\/\/roveyayinevi.com.tr\/index.php\/wp-json\/wp\/v2\/product_tag?post=716649"}],"curies":[{"name":"wp","href":"https:\/\/api.w.org\/{rel}","templated":true}]}}