{"id":716648,"date":"2025-08-27T17:45:39","date_gmt":"2025-08-27T14:45:39","guid":{"rendered":"https:\/\/roveyayinevi.com.tr\/index.php\/urun\/antik-yunanin-din-ogretmenleri\/"},"modified":"2026-04-16T02:24:59","modified_gmt":"2026-04-15T23:24:59","slug":"antik-yunanin-din-ogretmenleri","status":"publish","type":"product","link":"https:\/\/roveyayinevi.com.tr\/index.php\/urun\/antik-yunanin-din-ogretmenleri\/","title":{"rendered":"Antik Yunan&#8217;\u0131n Din \u00d6\u011fretmenleri"},"content":{"rendered":"<p>Platon diyaloglar\u0131n\u0131n \u00fcnl\u00fc \u00e7evirmeni ve klasikler uzman\u0131 James Adam\u2019\u0131n verdi\u011fi derslerden olu\u015fan bu eser, eski Yunan\u2019\u0131n ilk \u015fairleri Homeros ve Hesiodos\u2019tan tragedya yazarlar\u0131 Aiskhylos, Euripides ve Sophokles\u2019e, Sokrates \u00f6ncesi filozoflardan Platon\u2019a ve Sofistlere uzanan antik Yunan din gelene\u011finin geli\u015fimini izler. Adam, \u00f6zellikle dinsel d\u00fc\u015f\u00fcncelerin ilerlemesinde o d\u00f6nemin \u015fairleri ve filozoflar\u0131 aras\u0131ndaki gerilimlerle ilgilenir. \u015eiir ve felsefe aras\u0131ndaki bu \u00e7at\u0131\u015fmay\u0131 inceleyerek \u00e7at\u0131\u015fman\u0131n tarihsel \u00f6nemini ve daha genel olarak dini gelenekler \u00fczerindeki etkisini okura a\u00e7\u0131klamaya \u00e7al\u0131\u015f\u0131r.<\/p>\n","protected":false},"excerpt":{"rendered":"<p>Platon diyaloglar\u0131n\u0131n \u00fcnl\u00fc \u00e7evirmeni ve klasikler uzman\u0131 James Adam\u2019\u0131n verdi\u011fi derslerden olu\u015fan bu eser, eski Yunan\u2019\u0131n ilk \u015fairleri Homeros ve Hesiodos\u2019tan tragedya yazarlar\u0131 Aiskhylos, Euripides ve<span class=\"excerpt-hellip\"> [\u2026]<\/span><\/p>\n","protected":false},"featured_media":0,"template":"","meta":{"_monsterinsights_skip_tracking":false,"_monsterinsights_sitenote_active":false,"_monsterinsights_sitenote_note":"","_monsterinsights_sitenote_category":0},"product_brand":[],"product_cat":[15499,13488],"product_tag":[],"class_list":{"0":"post-716648","1":"product","2":"type-product","3":"status-publish","5":"product_cat-antropoloji","6":"product_cat-toplum-ve-insan","7":"pa_cilt-ciltsiz","8":"pa_tur-kitap","9":"pa_yayinevi-pinhan-yayincilik","10":"pa_yazar-james-adam","12":"first","13":"instock","14":"sale","15":"shipping-taxable","16":"purchasable","17":"product-type-simple"},"_links":{"self":[{"href":"https:\/\/roveyayinevi.com.tr\/index.php\/wp-json\/wp\/v2\/product\/716648","targetHints":{"allow":["GET"]}}],"collection":[{"href":"https:\/\/roveyayinevi.com.tr\/index.php\/wp-json\/wp\/v2\/product"}],"about":[{"href":"https:\/\/roveyayinevi.com.tr\/index.php\/wp-json\/wp\/v2\/types\/product"}],"wp:attachment":[{"href":"https:\/\/roveyayinevi.com.tr\/index.php\/wp-json\/wp\/v2\/media?parent=716648"}],"wp:term":[{"taxonomy":"product_brand","embeddable":true,"href":"https:\/\/roveyayinevi.com.tr\/index.php\/wp-json\/wp\/v2\/product_brand?post=716648"},{"taxonomy":"product_cat","embeddable":true,"href":"https:\/\/roveyayinevi.com.tr\/index.php\/wp-json\/wp\/v2\/product_cat?post=716648"},{"taxonomy":"product_tag","embeddable":true,"href":"https:\/\/roveyayinevi.com.tr\/index.php\/wp-json\/wp\/v2\/product_tag?post=716648"}],"curies":[{"name":"wp","href":"https:\/\/api.w.org\/{rel}","templated":true}]}}