{"id":716644,"date":"2025-08-27T17:45:37","date_gmt":"2025-08-27T14:45:37","guid":{"rendered":"https:\/\/roveyayinevi.com.tr\/index.php\/urun\/sahne-isiklari-ve-diger-seyler\/"},"modified":"2026-04-16T02:24:58","modified_gmt":"2026-04-15T23:24:58","slug":"sahne-isiklari-ve-diger-seyler","status":"publish","type":"product","link":"https:\/\/roveyayinevi.com.tr\/index.php\/urun\/sahne-isiklari-ve-diger-seyler\/","title":{"rendered":"Sahne I\u015f\u0131klar\u0131 ve Di\u011fer \u015eeyler"},"content":{"rendered":"<p>Sahne tozu yutanlar\u0131n hayat\u0131, bir daha asla eskisi gibi olamaz&#8230; \u00dcnl\u00fc Frans\u0131z karikat\u00fcrist Jean-Jacques Semp\u00e9\u2019den, sanat, sanat\u00e7\u0131 ve toplum aras\u0131ndaki derin ili\u015fkiyi muzip bir \u00fcslupla ele alan \u00f6zel bir koleksiyon kitap: Sahne I\u015f\u0131klar\u0131 ve di\u011fer \u015feylerSemp\u00e9\u2019nin, sahne sanatlar\u0131n\u0131 t\u00fcmden kapsayan karikat\u00fcrlerinin bir derlemesi olan bu eser, g\u00f6r\u00fcnenle g\u00f6r\u00fcnmeyen aras\u0131ndaki gri bo\u015flukta dans eden naif \u00e7izgilerle, \u00f6yk\u00fc i\u00e7inde \u00f6yk\u00fcler anlat\u0131yor.\u0130\u00e7inde ya\u015fad\u0131\u011f\u0131m\u0131z h\u0131zl\u0131 \u00e7a\u011fa ayak uydurmaya \u00e7al\u0131\u015fan \u201ca\u011f\u0131r\u201d sanatlara n\u00fcktedan ve yenilik\u00e7i bir g\u00f6zle yeniden bakmam\u0131z\u0131 sa\u011flayan Semp\u00e9, \u00e7o\u011fu zaman s\u00f6zs\u00fcz, yer yer k\u0131sa c\u00fcmlelerle tamamlad\u0131\u011f\u0131 karikat\u00fcrleriyle, tiyatrodan ill\u00fczyona, operadan kukla oyununa b\u00fct\u00fcn performans sanatlar\u0131n\u0131 ele\u015ftirel bir s\u00fczge\u00e7ten ge\u00e7iriyor.Semp\u00e9\u2019nin, bu kez sahne tozu yutanlar\u0131n hayatlar\u0131na odakland\u0131\u011f\u0131 karikat\u00fcr evreni, bo\u015f koltuklara oynayan bir akt\u00f6r\u00fcn kariyer umutlar\u0131nda, izleyicilerini kedere bo\u011fmay\u0131 ba\u015fard\u0131klar\u0131 i\u00e7in kutlama yapan oyuncularda ya da ge\u00e7imlerini sanatseverlerin arkalar\u0131n\u0131 toplayarak kazananlar\u0131n al\u0131n terinde hayat buluyor.Sanat\u00e7\u0131lar ile onlar\u0131 var eden \u201cnormal\u201d insanlar aras\u0131ndaki g\u00f6r\u00fc\u015f farkl\u0131l\u0131klar\u0131n\u0131 usta i\u015fi \u00e7izimlerle d\u0131\u015fa vuran \u00f6d\u00fcll\u00fc karikat\u00fcrist, sanat\u00e7\u0131lar\u0131n b\u00fcy\u00fck kalabal\u0131klar i\u00e7erisindeki yaln\u0131zl\u0131klar\u0131na de\u011finmeyi da ihmal etmiyor.\u00c7oksatan kitaplar\u0131 ve sansasyonel karikat\u00fcr \u00e7al\u0131\u015fmalar\u0131n\u0131n yan\u0131 s\u0131ra New York Times, Paris Match, New Yorker gibi gazete ve dergilere yapt\u0131\u011f\u0131 \u00e7izimlerle tan\u0131nan Semp\u00e9, Sahne I\u015f\u0131klar\u0131 ve di\u011fer \u015feyler\u2019de, sanat ve sanat\u00e7\u0131n\u0131n toplum \u00fczerindeki etkilerini yal\u0131n \u00e7izgiler kullanarak derinlikli bir \u015fekilde yans\u0131t\u0131yor. \u201c\u0130yi oyuncu asl\u0131nda ama kendine h\u00e2kim olam\u0131yor; birka\u00e7 replik s\u00f6yledikten sonra hemen ki\u015fisel sorunlar\u0131ndan dem vurmaya ba\u015fl\u0131yor&#8230;\u201d<\/p>\n","protected":false},"excerpt":{"rendered":"<p>Sahne tozu yutanlar\u0131n hayat\u0131, bir daha asla eskisi gibi olamaz&#8230; \u00dcnl\u00fc Frans\u0131z karikat\u00fcrist Jean-Jacques Semp\u00e9\u2019den, sanat, sanat\u00e7\u0131 ve toplum aras\u0131ndaki derin ili\u015fkiyi muzip bir \u00fcslupla ele<span class=\"excerpt-hellip\"> [\u2026]<\/span><\/p>\n","protected":false},"featured_media":0,"template":"","meta":{"_monsterinsights_skip_tracking":false,"_monsterinsights_sitenote_active":false,"_monsterinsights_sitenote_note":"","_monsterinsights_sitenote_category":0},"product_brand":[],"product_cat":[12291,49405],"product_tag":[],"class_list":{"0":"post-716644","1":"product","2":"type-product","3":"status-publish","5":"product_cat-edebiyat","6":"product_cat-karikatur","7":"pa_cilt-ciltsiz","8":"pa_tur-kitap","9":"pa_yayinevi-desen-yayinlari","10":"pa_yazar-jean-jacques-sempe","12":"first","13":"instock","14":"sale","15":"shipping-taxable","16":"purchasable","17":"product-type-simple"},"_links":{"self":[{"href":"https:\/\/roveyayinevi.com.tr\/index.php\/wp-json\/wp\/v2\/product\/716644","targetHints":{"allow":["GET"]}}],"collection":[{"href":"https:\/\/roveyayinevi.com.tr\/index.php\/wp-json\/wp\/v2\/product"}],"about":[{"href":"https:\/\/roveyayinevi.com.tr\/index.php\/wp-json\/wp\/v2\/types\/product"}],"wp:attachment":[{"href":"https:\/\/roveyayinevi.com.tr\/index.php\/wp-json\/wp\/v2\/media?parent=716644"}],"wp:term":[{"taxonomy":"product_brand","embeddable":true,"href":"https:\/\/roveyayinevi.com.tr\/index.php\/wp-json\/wp\/v2\/product_brand?post=716644"},{"taxonomy":"product_cat","embeddable":true,"href":"https:\/\/roveyayinevi.com.tr\/index.php\/wp-json\/wp\/v2\/product_cat?post=716644"},{"taxonomy":"product_tag","embeddable":true,"href":"https:\/\/roveyayinevi.com.tr\/index.php\/wp-json\/wp\/v2\/product_tag?post=716644"}],"curies":[{"name":"wp","href":"https:\/\/api.w.org\/{rel}","templated":true}]}}