{"id":716642,"date":"2025-08-27T17:45:36","date_gmt":"2025-08-27T14:45:36","guid":{"rendered":"https:\/\/roveyayinevi.com.tr\/index.php\/urun\/populizm-ve-ozal-erdogan\/"},"modified":"2026-04-16T02:24:58","modified_gmt":"2026-04-15T23:24:58","slug":"populizm-ve-ozal-erdogan","status":"publish","type":"product","link":"https:\/\/roveyayinevi.com.tr\/index.php\/urun\/populizm-ve-ozal-erdogan\/","title":{"rendered":"Pop\u00fclizm ve \u00d6zal &#8211; Erdo\u011fan"},"content":{"rendered":"<p>Gerek Osmanl\u0131 Devleti&#8217;nde gerekse T\u00fcrkiye Cumhuriyeti&#8217;nde k\u00fclt\u00fcr, sanat, bilim, siyaset yo\u011fun bi\u00e7imde Bat\u0131&#8217;dan etkilenmi\u015ftir. Bu durum, Avrupa&#8217;da ya\u015fanan geli\u015fmelere ko\u015fut olarak t\u00fcm d\u00fcnyada h\u0131zla yay\u0131lan pop\u00fclizmin, ama \u00f6zellikle de 1980&#8217;lerden itibaren Avrupa&#8217;da y\u00fckseli\u015fe ge\u00e7en a\u015f\u0131r\u0131 sa\u011f veya muhafazakar partilerin yapt\u0131klar\u0131 pop\u00fclizmin T\u00fcrkiye&#8217;deki yans\u0131malar\u0131n\u0131, siyasal ile\u015fitim a\u00e7\u0131s\u0131ndan ele al\u0131p ampirik y\u00f6ntemlerle ortaya \u00e7\u0131kararak T\u00fcrkiye&#8217;deki siyasal ile\u015fitim pratiklerine ili\u015fkin ara\u015ft\u0131rmalara katk\u0131da bulunuyor. Kitapta, bu ama\u00e7 do\u011frultusunda nesnelli\u011fi korumak i\u00e7in h\u00fck\u00fcmet ba\u015fkanlar\u0131n\u0131n vatanda\u015flarla kurduklar\u0131 ili\u015fkilerle bak\u0131l\u0131yor. Bu ili\u015fkiler i\u00e7inden de k\u0131saca de\u011finilenlerin yan\u0131 s\u0131ra, T\u00fcrkiye&#8217;deki \u00f6nemli iki d\u00f6neme damgas\u0131n\u0131 vurmu\u015f olan ve aralar\u0131nda belli bir devaml\u0131l\u0131k ili\u015fkisi oldu\u011fu \u00e7o\u011fu zaman iddia edilen Turgut \u00d6zal ve Recep Tayyip Erdo\u011fan&#8217;\u0131n konu\u015fmalar\u0131 \u00f6zellikle \u00f6rnek olaylar olarak inceleniyor. Ara\u015ft\u0131rman\u0131n \u00f6rneklemi, Turgut \u00f6zal&#8217;\u0131n 1983-1989 y\u0131llar\u0131n\u0131 kapsayan ba\u015fbakanl\u0131\u011f\u0131 d\u00f6nemideki &#8220;\u0130craat\u0131n i\u00e7inden&#8221; programlar\u0131 ile ba\u015fbakan Tayyip Erdo\u011fan&#8217;\u0131n 2002-2008 d\u00f6neminde yapt\u0131\u011f\u0131 &#8220;Ulusa Sesleni\u015f&#8221; programlar\u0131n\u0131n konu\u015fma metinleri olu\u015fturuyor. \u00d6zal ve Erdo\u011fan&#8217;\u0131n ba\u015far\u0131lar\u0131n\u0131n s\u0131rr\u0131n\u0131 s\u00f6ylemlerde ve s\u00f6zc\u00fcklerde arayan bu kitap, \u00f6ncelikle siyasal ileti\u015fim ama bir y\u00f6n\u00fcyle de siyaset bilimi a\u00e7\u0131s\u0131ndan T\u00fcrkiye&#8217;deki poy\u00fclizmi ampirik olarak ortaya koymaya \u00e7al\u0131\u015fan ilk bilimsel ara\u015ft\u0131rma \u00f6zelli\u011fini ta\u015f\u0131mas\u0131 bak\u0131m\u0131ndan \u00f6nem ta\u015f\u0131yor.<\/p>\n","protected":false},"excerpt":{"rendered":"<p>Gerek Osmanl\u0131 Devleti&#8217;nde gerekse T\u00fcrkiye Cumhuriyeti&#8217;nde k\u00fclt\u00fcr, sanat, bilim, siyaset yo\u011fun bi\u00e7imde Bat\u0131&#8217;dan etkilenmi\u015ftir. Bu durum, Avrupa&#8217;da ya\u015fanan geli\u015fmelere ko\u015fut olarak t\u00fcm d\u00fcnyada h\u0131zla yay\u0131lan pop\u00fclizmin,<span class=\"excerpt-hellip\"> [\u2026]<\/span><\/p>\n","protected":false},"featured_media":0,"template":"","meta":{"_monsterinsights_skip_tracking":false,"_monsterinsights_sitenote_active":false,"_monsterinsights_sitenote_note":"","_monsterinsights_sitenote_category":0},"product_brand":[],"product_cat":[12337],"product_tag":[],"class_list":{"0":"post-716642","1":"product","2":"type-product","3":"status-publish","5":"product_cat-politika-siyaset","6":"pa_cilt-ciltsiz","7":"pa_tur-kitap","8":"pa_yayinevi-yeniden-anadolu-ve-rumeli-mudafaa-i-hukuk-yayinlari","9":"pa_yazar-baris-yetkin","11":"first","12":"instock","13":"sale","14":"shipping-taxable","15":"purchasable","16":"product-type-simple"},"_links":{"self":[{"href":"https:\/\/roveyayinevi.com.tr\/index.php\/wp-json\/wp\/v2\/product\/716642","targetHints":{"allow":["GET"]}}],"collection":[{"href":"https:\/\/roveyayinevi.com.tr\/index.php\/wp-json\/wp\/v2\/product"}],"about":[{"href":"https:\/\/roveyayinevi.com.tr\/index.php\/wp-json\/wp\/v2\/types\/product"}],"wp:attachment":[{"href":"https:\/\/roveyayinevi.com.tr\/index.php\/wp-json\/wp\/v2\/media?parent=716642"}],"wp:term":[{"taxonomy":"product_brand","embeddable":true,"href":"https:\/\/roveyayinevi.com.tr\/index.php\/wp-json\/wp\/v2\/product_brand?post=716642"},{"taxonomy":"product_cat","embeddable":true,"href":"https:\/\/roveyayinevi.com.tr\/index.php\/wp-json\/wp\/v2\/product_cat?post=716642"},{"taxonomy":"product_tag","embeddable":true,"href":"https:\/\/roveyayinevi.com.tr\/index.php\/wp-json\/wp\/v2\/product_tag?post=716642"}],"curies":[{"name":"wp","href":"https:\/\/api.w.org\/{rel}","templated":true}]}}