{"id":716617,"date":"2025-08-27T17:44:44","date_gmt":"2025-08-27T14:44:44","guid":{"rendered":"https:\/\/roveyayinevi.com.tr\/index.php\/urun\/gulumsemek-iyidir-miminin-seruvenleri\/"},"modified":"2026-04-16T02:24:58","modified_gmt":"2026-04-15T23:24:58","slug":"gulumsemek-iyidir-miminin-seruvenleri","status":"publish","type":"product","link":"https:\/\/roveyayinevi.com.tr\/index.php\/urun\/gulumsemek-iyidir-miminin-seruvenleri\/","title":{"rendered":"G\u00fcl\u00fcmsemek \u0130yidir &#8211; Mimi&#8217;nin Ser\u00fcvenleri"},"content":{"rendered":"<p>Kar\u015f\u0131n\u0131zdakini anlamak i\u00e7in bazen bir g\u00fcl\u00fcmseyi\u015f yeter\u2026Mavisel Yener ve Esra \u0130lter Demirbilek\u2019in ortak imzas\u0131n\u0131 ta\u015f\u0131yan \u201cMimi\u2019nin Ser\u00fcvenleri\u201d, be\u015finci kitap G\u00fcl\u00fcmsemek \u0130yidir ile tamamlan\u0131yor. Erken \u00f6\u011frenme d\u00f6nemindeki \u00e7ocuklara ya\u015fama dair i\u00e7tenlikli payla\u015f\u0131mlarda bulunan Mimi, yeni ser\u00fcveninde, s\u00f6zc\u00fcklerin g\u00fcl\u00fcmseyi\u015flerde yeniden hayat buldu\u011fu s\u0131cac\u0131k bir dostluk hik\u00e2yesi anlat\u0131yor.Arkada\u015fl\u0131k ili\u015fkilerinde \u00f6zen, emek ve \u00f6zveri gibi manevi de\u011ferlerin \u00f6nemine vurgu yapan bu sevimli kitap, ki\u015fisel farkl\u0131l\u0131klar\u0131n insan hayat\u0131na katt\u0131\u011f\u0131 g\u00fczellikleri sayfalar\u0131na ta\u015f\u0131yarak okurlar\u0131n\u0131 d\u00fc\u015f\u00fcnd\u00fcr\u00fcyor. Yeni y\u0131ldan sonra, Mimi ile ailesi, \u00e7i\u00e7eklerle dolu bah\u00e7eli bir evde ya\u015famaya ba\u015flar. Bir s\u00fcre sonra yandaki evlerine yeni kom\u015fular ta\u015f\u0131n\u0131r. Mimi, arkada\u015f olabilece\u011fi biri geldi\u011fi i\u00e7in \u00e7ok sevin\u00e7lidir. Ancak t\u00fcm seslenmelerine ra\u011fmen kom\u015fu \u00e7ocuk onun oyun \u00e7a\u011fr\u0131lar\u0131na kulak vermemektedir. Acaba \u00e7ocuk onunla arkada\u015fl\u0131k etmek istemiyor mu?Kom\u015fuluk ili\u015fkileri, arkada\u015f edinme, tabiat sevgisi gibi konulara de\u011finen G\u00fcl\u00fcmsemek \u0130yidir, ne\u015feli hik\u00e2yesinin sat\u0131r aralar\u0131nda haftan\u0131n yedi g\u00fcn\u00fcn\u00fc \u00f6n plana \u00e7\u0131kararak, Mimi ve yeni arkada\u015f\u0131n\u0131 farkl\u0131 maceralarda bulu\u015fturuyor.  Minik okurlar\u0131n\u0131, ilklerin heyecan\u0131yla dolu keyifli bir kitap yolculu\u011fa \u00e7\u0131karan Mimi, de\u011fer verdi\u011fimiz ki\u015filerle ileti\u015fim kurmak i\u00e7in bazen bir g\u00fcl\u00fcmseyi\u015fin yeterli olabilece\u011fini an\u0131msat\u0131yor. <\/p>\n","protected":false},"excerpt":{"rendered":"<p>Kar\u015f\u0131n\u0131zdakini anlamak i\u00e7in bazen bir g\u00fcl\u00fcmseyi\u015f yeter\u2026Mavisel Yener ve Esra \u0130lter Demirbilek\u2019in ortak imzas\u0131n\u0131 ta\u015f\u0131yan \u201cMimi\u2019nin Ser\u00fcvenleri\u201d, be\u015finci kitap G\u00fcl\u00fcmsemek \u0130yidir ile tamamlan\u0131yor. Erken \u00f6\u011frenme d\u00f6nemindeki<span class=\"excerpt-hellip\"> [\u2026]<\/span><\/p>\n","protected":false},"featured_media":0,"template":"","meta":{"_monsterinsights_skip_tracking":false,"_monsterinsights_sitenote_active":false,"_monsterinsights_sitenote_note":"","_monsterinsights_sitenote_category":0},"product_brand":[],"product_cat":[12274,12284],"product_tag":[],"class_list":{"0":"post-716617","1":"product","2":"type-product","3":"status-publish","5":"product_cat-cocuk-ve-genclik-kitaplari","6":"product_cat-hikayeler","7":"pa_cilt-ciltsiz","8":"pa_tur-kitap","9":"pa_yayinevi-ucanbalik-yayincilik","10":"pa_yazar-mavisel-yener","12":"first","13":"instock","14":"sale","15":"shipping-taxable","16":"purchasable","17":"product-type-simple"},"_links":{"self":[{"href":"https:\/\/roveyayinevi.com.tr\/index.php\/wp-json\/wp\/v2\/product\/716617","targetHints":{"allow":["GET"]}}],"collection":[{"href":"https:\/\/roveyayinevi.com.tr\/index.php\/wp-json\/wp\/v2\/product"}],"about":[{"href":"https:\/\/roveyayinevi.com.tr\/index.php\/wp-json\/wp\/v2\/types\/product"}],"wp:attachment":[{"href":"https:\/\/roveyayinevi.com.tr\/index.php\/wp-json\/wp\/v2\/media?parent=716617"}],"wp:term":[{"taxonomy":"product_brand","embeddable":true,"href":"https:\/\/roveyayinevi.com.tr\/index.php\/wp-json\/wp\/v2\/product_brand?post=716617"},{"taxonomy":"product_cat","embeddable":true,"href":"https:\/\/roveyayinevi.com.tr\/index.php\/wp-json\/wp\/v2\/product_cat?post=716617"},{"taxonomy":"product_tag","embeddable":true,"href":"https:\/\/roveyayinevi.com.tr\/index.php\/wp-json\/wp\/v2\/product_tag?post=716617"}],"curies":[{"name":"wp","href":"https:\/\/api.w.org\/{rel}","templated":true}]}}