{"id":716616,"date":"2025-08-27T17:44:43","date_gmt":"2025-08-27T14:44:43","guid":{"rendered":"https:\/\/roveyayinevi.com.tr\/index.php\/urun\/dava-sokratesten-o-j-simpsona-yargilamanin-tarihi\/"},"modified":"2026-04-16T02:24:58","modified_gmt":"2026-04-15T23:24:58","slug":"dava-sokratesten-o-j-simpsona-yargilamanin-tarihi","status":"publish","type":"product","link":"https:\/\/roveyayinevi.com.tr\/index.php\/urun\/dava-sokratesten-o-j-simpsona-yargilamanin-tarihi\/","title":{"rendered":"Dava &#8211; Sokrates\u2019ten O. J. Simpson\u2019a Yarg\u0131laman\u0131n Tarihi"},"content":{"rendered":"<p>\u201cYery\u00fcz\u00fcnde h\u00fck\u00fcm verme hakk\u0131 tam olarak kime tan\u0131nm\u0131\u015ft\u0131r?\u201d   Uluslararas\u0131 insan haklar\u0131 davalar\u0131yla tan\u0131nan avukat ve gazeteci Sadakat Kadri, Sokrates\u2019in me\u015fhur savunmas\u0131ndan engizisyona, cad\u0131 av\u0131ndan hayvanlar\u0131n yarg\u0131land\u0131\u011f\u0131 mahkemelere, N\u00fcrnberg\u2019den Stalin d\u00f6neminin d\u00fczmece duru\u015fmalar\u0131na, \u0131rk\u00e7\u0131 \u00f6nyarg\u0131lardan sava\u015f su\u00e7lar\u0131n\u0131n yarg\u0131lanmas\u0131na uzanan hatt\u0131 izleyerek farkl\u0131 hukuk sistemlerini ve tarihin \u00fcnl\u00fc ceza davalar\u0131n\u0131 masaya yat\u0131r\u0131yor. Alice\u2019in harikalardiyar\u0131nda \u00e7al\u0131nt\u0131 turtalar i\u00e7in kurulan mahkemeyi, topra\u011f\u0131 e\u015felemekten yarg\u0131lanan \u00fc\u00e7 k\u00f6stebe\u011fi ya da bir kan davas\u0131n\u0131 anlatan Kuzey\u2019in \u00fcnl\u00fc destan\u0131 Yan\u0131k Nj\u00e1ll\u2019\u0131 unutmadan, ayr\u0131nt\u0131lar\u0131 ciddiye alarak, mizah\u0131 da ihmal etmeksizin yarg\u0131laman\u0131n tarihini usta bir hik\u00e2yeci diliyle aktar\u0131yor.   Farkl\u0131 d\u00f6nem ve konular ekseninde ilerleyen Dava cezaland\u0131rma y\u00f6ntemlerini sorgulay\u0131p ceza davalar\u0131n\u0131 takip ederken g\u00fcn\u00fcm\u00fcze de damgas\u0131n\u0131 vuran cad\u0131 avlar\u0131, hukuksuz yarg\u0131lamalar ve haks\u0131z kararlar \u00fczerine yeniden d\u00fc\u015f\u00fcnmeye vesile oluyor. Sadakat Kadri ceza davas\u0131n\u0131n as\u0131rlar s\u00fcren geli\u015fimini zek\u00e2 ve mizahla \u00f6r\u00fclm\u00fc\u015f berrak bir dille takip ediyor. Etkileyici bir eser. The Times   B\u00fcy\u00fcleyici, reng\u00e2renk ve hik\u00e2yelerle dolu\u2026 Kadri\u2019nin panoramik bak\u0131\u015f\u0131 okura g\u00fcn\u00fcm\u00fcz\u00fcn karma\u015f\u0131k d\u00fcnyas\u0131n\u0131 anlamakta yard\u0131mc\u0131 olacak ahlaki ve siyasi kavray\u0131\u015flar sunuyor. Ger\u00e7ek bir ba\u015far\u0131. Guardian <\/p>\n","protected":false},"excerpt":{"rendered":"<p>\u201cYery\u00fcz\u00fcnde h\u00fck\u00fcm verme hakk\u0131 tam olarak kime tan\u0131nm\u0131\u015ft\u0131r?\u201d Uluslararas\u0131 insan haklar\u0131 davalar\u0131yla tan\u0131nan avukat ve gazeteci Sadakat Kadri, Sokrates\u2019in me\u015fhur savunmas\u0131ndan engizisyona, cad\u0131 av\u0131ndan hayvanlar\u0131n yarg\u0131land\u0131\u011f\u0131<span class=\"excerpt-hellip\"> [\u2026]<\/span><\/p>\n","protected":false},"featured_media":0,"template":"","meta":{"_monsterinsights_skip_tracking":false,"_monsterinsights_sitenote_active":false,"_monsterinsights_sitenote_note":"","_monsterinsights_sitenote_category":0},"product_brand":[],"product_cat":[12305,12304],"product_tag":[],"class_list":{"0":"post-716616","1":"product","2":"type-product","3":"status-publish","5":"product_cat-dunya-tarihi","6":"product_cat-tarih","7":"pa_cilt-ciltsiz","8":"pa_tur-kitap","9":"pa_yayinevi-kolektif-kitap","10":"pa_yazar-sadakat-kadri","12":"first","13":"instock","14":"sale","15":"shipping-taxable","16":"purchasable","17":"product-type-simple"},"_links":{"self":[{"href":"https:\/\/roveyayinevi.com.tr\/index.php\/wp-json\/wp\/v2\/product\/716616","targetHints":{"allow":["GET"]}}],"collection":[{"href":"https:\/\/roveyayinevi.com.tr\/index.php\/wp-json\/wp\/v2\/product"}],"about":[{"href":"https:\/\/roveyayinevi.com.tr\/index.php\/wp-json\/wp\/v2\/types\/product"}],"wp:attachment":[{"href":"https:\/\/roveyayinevi.com.tr\/index.php\/wp-json\/wp\/v2\/media?parent=716616"}],"wp:term":[{"taxonomy":"product_brand","embeddable":true,"href":"https:\/\/roveyayinevi.com.tr\/index.php\/wp-json\/wp\/v2\/product_brand?post=716616"},{"taxonomy":"product_cat","embeddable":true,"href":"https:\/\/roveyayinevi.com.tr\/index.php\/wp-json\/wp\/v2\/product_cat?post=716616"},{"taxonomy":"product_tag","embeddable":true,"href":"https:\/\/roveyayinevi.com.tr\/index.php\/wp-json\/wp\/v2\/product_tag?post=716616"}],"curies":[{"name":"wp","href":"https:\/\/api.w.org\/{rel}","templated":true}]}}