{"id":716612,"date":"2025-08-27T17:44:41","date_gmt":"2025-08-27T14:44:41","guid":{"rendered":"https:\/\/roveyayinevi.com.tr\/index.php\/urun\/nefha\/"},"modified":"2026-04-16T02:24:58","modified_gmt":"2026-04-15T23:24:58","slug":"nefha","status":"publish","type":"product","link":"https:\/\/roveyayinevi.com.tr\/index.php\/urun\/nefha\/","title":{"rendered":"Nefha"},"content":{"rendered":"<p>\u201cMeleklerin a\u011flama zaman\u0131yd\u0131. A\u011flad\u0131lar.\u201d Her \u015feyin yerli yerinde oldu\u011fu, huzurun h\u00fck\u00fcm s\u00fcrd\u00fc\u011f\u00fc Cennet\u2019te t\u00fcm d\u00fczen \u00c2dem\u2019in (ve ard\u0131ndan Havva\u2019n\u0131n) yarat\u0131l\u0131\u015f\u0131yla yerle bir olur(!) Az\u00e2z\u00eel kibre kap\u0131l\u0131r, \u015feytana d\u00f6ner. \u00c2dem, Havva ile birlikte \u015feytana uyar. Sonra hepsi birden d\u00fcnyaya s\u00fcr\u00fcl\u00fcr. K\u0131yamete kadar s\u00fcrecek bir m\u00fccadeledir gerisi\u2026 Ancak bu s\u00fcrg\u00fcnden sonra her \u015feyin yerli yerinde oldu\u011fu Cennet\u2019te hi\u00e7bir \u015fey eskisi gibi olmayacakt\u0131r!  \u00d6nce \u201cc\u00fcmleleri bozulur\u201d cennet sakinlerinin, ard\u0131ndan huzurlar\u0131. En sonunda ald\u0131klar\u0131 nihai tebli\u011f ile kader \u00e7izgileri de\u011fi\u015fir. Sonras\u0131, \u0130srafil\u2019in S\u00fbr\u2019u iki kez \u00fcfleyece\u011fi vakte kadar bir b\u00fcy\u00fck bilinmezlik\u2026  <\/p>\n","protected":false},"excerpt":{"rendered":"<p>\u201cMeleklerin a\u011flama zaman\u0131yd\u0131. A\u011flad\u0131lar.\u201d Her \u015feyin yerli yerinde oldu\u011fu, huzurun h\u00fck\u00fcm s\u00fcrd\u00fc\u011f\u00fc Cennet\u2019te t\u00fcm d\u00fczen \u00c2dem\u2019in (ve ard\u0131ndan Havva\u2019n\u0131n) yarat\u0131l\u0131\u015f\u0131yla yerle bir olur(!) Az\u00e2z\u00eel kibre kap\u0131l\u0131r,<span class=\"excerpt-hellip\"> [\u2026]<\/span><\/p>\n","protected":false},"featured_media":0,"template":"","meta":{"_monsterinsights_skip_tracking":false,"_monsterinsights_sitenote_active":false,"_monsterinsights_sitenote_note":"","_monsterinsights_sitenote_category":0},"product_brand":[],"product_cat":[12291,12711],"product_tag":[],"class_list":{"0":"post-716612","1":"product","2":"type-product","3":"status-publish","5":"product_cat-edebiyat","6":"product_cat-roman-oyku","7":"pa_cilt-ciltsiz","8":"pa_tur-kitap","9":"pa_yayinevi-kirmizi-kedi-yayinevi","10":"pa_yazar-sezgin-kaymaz","12":"first","13":"instock","14":"sale","15":"shipping-taxable","16":"purchasable","17":"product-type-simple"},"_links":{"self":[{"href":"https:\/\/roveyayinevi.com.tr\/index.php\/wp-json\/wp\/v2\/product\/716612","targetHints":{"allow":["GET"]}}],"collection":[{"href":"https:\/\/roveyayinevi.com.tr\/index.php\/wp-json\/wp\/v2\/product"}],"about":[{"href":"https:\/\/roveyayinevi.com.tr\/index.php\/wp-json\/wp\/v2\/types\/product"}],"wp:attachment":[{"href":"https:\/\/roveyayinevi.com.tr\/index.php\/wp-json\/wp\/v2\/media?parent=716612"}],"wp:term":[{"taxonomy":"product_brand","embeddable":true,"href":"https:\/\/roveyayinevi.com.tr\/index.php\/wp-json\/wp\/v2\/product_brand?post=716612"},{"taxonomy":"product_cat","embeddable":true,"href":"https:\/\/roveyayinevi.com.tr\/index.php\/wp-json\/wp\/v2\/product_cat?post=716612"},{"taxonomy":"product_tag","embeddable":true,"href":"https:\/\/roveyayinevi.com.tr\/index.php\/wp-json\/wp\/v2\/product_tag?post=716612"}],"curies":[{"name":"wp","href":"https:\/\/api.w.org\/{rel}","templated":true}]}}