{"id":716606,"date":"2025-08-27T17:44:37","date_gmt":"2025-08-27T14:44:37","guid":{"rendered":"https:\/\/roveyayinevi.com.tr\/index.php\/urun\/platonun-politik-felsefesi-devlet\/"},"modified":"2026-04-16T02:24:58","modified_gmt":"2026-04-15T23:24:58","slug":"platonun-politik-felsefesi-devlet","status":"publish","type":"product","link":"https:\/\/roveyayinevi.com.tr\/index.php\/urun\/platonun-politik-felsefesi-devlet\/","title":{"rendered":"Platon&#8217;un Politik Felsefesi Devlet"},"content":{"rendered":"<p>Bu kitap Leo Strauss\u2019un Chicago \u00dcniversitesi Siyaset Bilimi B\u00f6l\u00fcm\u00fcnde Platon\u2019un Politeia (Devlet) adl\u0131 diyalo\u011fu \u00fczerine 1957 bahar d\u00f6neminde verdi\u011fi seminerin d\u00f6k\u00fcm\u00fcnden olu\u015fmaktad\u0131r.Platon\u2019un Devlet\u2019i, bu seminerin \u00e7ok \u00f6ncesinden Strauss\u2019un d\u00fc\u015f\u00fcnsel ya\u015fam\u0131nda \u00f6nc\u00fc bir rol oynamaya ba\u015flam\u0131\u015ft\u0131. Strauss Platon\u2019un ma\u011fara imgesinde, sadece Platon\u2019un felsefe ve politika aras\u0131ndaki ili\u015fkiye dair g\u00f6r\u00fc\u015f\u00fcne emin bir rehberi de\u011fil, ayn\u0131 zamanda filozoflar\u0131n her zaman her yerde kar\u015f\u0131lar\u0131na \u00e7\u0131kan felsefe yapman\u0131n do\u011fal zorluklar\u0131n\u0131n ikna edici bir a\u00e7\u0131klamas\u0131n\u0131 da bulmu\u015ftur. Bu seminer pek \u00e7ok a\u00e7\u0131dan Strauss\u2019un Kent ve \u0130nsan (1964) adl\u0131 kitab\u0131ndaki Devlet \u00fczerine makalesinin de habercisidir. Bu seminerdeki ilk yedi oturum, o makaledeki Platonik bir diyalo\u011fun nas\u0131l okunmas\u0131 gerekti\u011fine dair tart\u0131\u015fmas\u0131n\u0131 ve diyalo\u011fun ilk d\u00f6rt kitab\u0131 hakk\u0131nda ayr\u0131nt\u0131l\u0131 yorumunu pek \u00e7ok a\u00e7\u0131dan \u00f6ng\u00f6r\u00fcr. Bu seminerin en dikkat \u00e7ekici \u00f6zelli\u011fi, Devlet\u2019in felsefeyle ilgili k\u0131sm\u0131na g\u00f6sterdi\u011fi ilgidir. Strauss bu k\u0131s\u0131mdan \u015fu \u015fekilde s\u00f6z eder: \u201cDevlet\u2019in merkezi ve zirvesi, Be\u015finci Kitab\u0131n ortas\u0131ndan Yedinci Kitab\u0131n sonuna kadar olan felsefe tart\u0131\u015fmas\u0131d\u0131r.\u201d<\/p>\n","protected":false},"excerpt":{"rendered":"<p>Bu kitap Leo Strauss\u2019un Chicago \u00dcniversitesi Siyaset Bilimi B\u00f6l\u00fcm\u00fcnde Platon\u2019un Politeia (Devlet) adl\u0131 diyalo\u011fu \u00fczerine 1957 bahar d\u00f6neminde verdi\u011fi seminerin d\u00f6k\u00fcm\u00fcnden olu\u015fmaktad\u0131r.Platon\u2019un Devlet\u2019i, bu seminerin \u00e7ok<span class=\"excerpt-hellip\"> [\u2026]<\/span><\/p>\n","protected":false},"featured_media":0,"template":"","meta":{"_monsterinsights_skip_tracking":false,"_monsterinsights_sitenote_active":false,"_monsterinsights_sitenote_note":"","_monsterinsights_sitenote_category":0},"product_brand":[],"product_cat":[12388,15536],"product_tag":[],"class_list":{"0":"post-716606","1":"product","2":"type-product","3":"status-publish","5":"product_cat-felsefe","6":"product_cat-siyaset-felsefesi","7":"pa_cilt-ciltsiz","8":"pa_tur-kitap","9":"pa_yayinevi-pinhan-yayincilik","10":"pa_yazar-leo-strauss","12":"first","13":"instock","14":"sale","15":"shipping-taxable","16":"purchasable","17":"product-type-simple"},"_links":{"self":[{"href":"https:\/\/roveyayinevi.com.tr\/index.php\/wp-json\/wp\/v2\/product\/716606","targetHints":{"allow":["GET"]}}],"collection":[{"href":"https:\/\/roveyayinevi.com.tr\/index.php\/wp-json\/wp\/v2\/product"}],"about":[{"href":"https:\/\/roveyayinevi.com.tr\/index.php\/wp-json\/wp\/v2\/types\/product"}],"wp:attachment":[{"href":"https:\/\/roveyayinevi.com.tr\/index.php\/wp-json\/wp\/v2\/media?parent=716606"}],"wp:term":[{"taxonomy":"product_brand","embeddable":true,"href":"https:\/\/roveyayinevi.com.tr\/index.php\/wp-json\/wp\/v2\/product_brand?post=716606"},{"taxonomy":"product_cat","embeddable":true,"href":"https:\/\/roveyayinevi.com.tr\/index.php\/wp-json\/wp\/v2\/product_cat?post=716606"},{"taxonomy":"product_tag","embeddable":true,"href":"https:\/\/roveyayinevi.com.tr\/index.php\/wp-json\/wp\/v2\/product_tag?post=716606"}],"curies":[{"name":"wp","href":"https:\/\/api.w.org\/{rel}","templated":true}]}}