{"id":716590,"date":"2025-08-27T17:44:26","date_gmt":"2025-08-27T14:44:26","guid":{"rendered":"https:\/\/roveyayinevi.com.tr\/index.php\/urun\/dunyanin-en-berbat-cocuklari\/"},"modified":"2026-04-16T02:24:57","modified_gmt":"2026-04-15T23:24:57","slug":"dunyanin-en-berbat-cocuklari","status":"publish","type":"product","link":"https:\/\/roveyayinevi.com.tr\/index.php\/urun\/dunyanin-en-berbat-cocuklari\/","title":{"rendered":"D\u00fcnyan\u0131n En Berbat \u00c7ocuklar\u0131"},"content":{"rendered":"<p>D\u00fcnyaca \u00fcnl\u00fc \u0130ngiliz yazar David Walliams&#8217;\u0131n en sevilen \u00e7ocuk kitaplar\u0131 T\u00fcrk\u00e7ede! Roald Dahl&#8217;\u0131n varisi olarak g\u00f6r\u00fclen ve \u0130ngiltere\u2019nin J. K. Rowling\u2019ten sonra en \u00e7ok okunan \u00e7ocuk kitaplar\u0131 yazar\u0131 David Walliams&#8217;\u0131n, yay\u0131mland\u0131\u011f\u0131nda tam 100 hafta listelerin ba\u015f\u0131ndan inmeyen kitab\u0131 B\u00fcy\u00fckbaba&#8217;n\u0131n M\u00fcthi\u015f Firar\u0131\u2019ndan sonra, \u00e7ok sevilen bir ba\u015fka kitab\u0131 D\u00fcnyan\u0131n En Berbat \u00c7ocuklar\u0131, Can \u00c7ocuk Yay\u0131nlar\u0131 etiketiyle raflarda! D\u00fcnyan\u0131n en berbat \u00e7ocuklar\u0131yla tan\u0131\u015fmaya haz\u0131r m\u0131s\u0131n\u0131z? Be\u015f kuduruk o\u011flanla, be\u015f korkun\u00e7 k\u0131z\u0131n hik\u00e2yesi bu kitapta! Mesela Salyal\u0131 Sam, o kadar \u00e7ok salyas\u0131 ak\u0131yor ki bu durum bir okul gezisinde ba\u015f\u0131n\u0131 b\u00fcy\u00fck belaya sokmas\u0131na neden oluyor. Ya da Kanepe Karolin&#8230; Televizyon izlemeyi \u00f6yle seviyor ki sonunda \u00fcst\u00fcnden hi\u00e7 kalkmad\u0131\u011f\u0131 kanepeyle b\u00fct\u00fcnle\u015fiyor! \u00dcstelik \u2018\u2019B\u00fcy\u00fckbaba\u2019n\u0131n M\u00fcthi\u015f Firar\u0131\u2019\u2019ndan tan\u0131y\u0131p \u00e7ok sevdi\u011finiz Raj\u2019\u0131n da bu kitapta size s\u00fcrprizleri var. David Walliams\u2019tan on m\u00fcthi\u015f e\u011flenceli ve lezzetli \u00f6yk\u00fc! Tony Ross\u2019un g\u00f6rkemli, reng\u00e2renk ill\u00fcstrasyonlar\u0131yla&#8230;   53 dile \u00e7evrilen \u00e7ocuk kitaplar\u0131yla bug\u00fcne dek 23 milyonu a\u015fk\u0131n okura ula\u015fan David Walliams\u2019\u0131n en sevilen kitaplar\u0131n\u0131 okurken, lunaparkta h\u0131z trenine binmi\u015f gibi hissedeceksiniz! <\/p>\n","protected":false},"excerpt":{"rendered":"<p>D\u00fcnyaca \u00fcnl\u00fc \u0130ngiliz yazar David Walliams&#8217;\u0131n en sevilen \u00e7ocuk kitaplar\u0131 T\u00fcrk\u00e7ede! Roald Dahl&#8217;\u0131n varisi olarak g\u00f6r\u00fclen ve \u0130ngiltere\u2019nin J. K. Rowling\u2019ten sonra en \u00e7ok okunan \u00e7ocuk<span class=\"excerpt-hellip\"> [\u2026]<\/span><\/p>\n","protected":false},"featured_media":0,"template":"","meta":{"_monsterinsights_skip_tracking":false,"_monsterinsights_sitenote_active":false,"_monsterinsights_sitenote_note":"","_monsterinsights_sitenote_category":0},"product_brand":[],"product_cat":[12275,12274],"product_tag":[],"class_list":{"0":"post-716590","1":"product","2":"type-product","3":"status-publish","5":"product_cat-6-12-yas-kitaplari","6":"product_cat-cocuk-ve-genclik-kitaplari","7":"pa_cilt-ciltsiz","8":"pa_tur-kitap","9":"pa_yayinevi-can-cocuk-yayinlari","10":"pa_yazar-david-walliams","12":"first","13":"instock","14":"sale","15":"shipping-taxable","16":"purchasable","17":"product-type-simple"},"_links":{"self":[{"href":"https:\/\/roveyayinevi.com.tr\/index.php\/wp-json\/wp\/v2\/product\/716590","targetHints":{"allow":["GET"]}}],"collection":[{"href":"https:\/\/roveyayinevi.com.tr\/index.php\/wp-json\/wp\/v2\/product"}],"about":[{"href":"https:\/\/roveyayinevi.com.tr\/index.php\/wp-json\/wp\/v2\/types\/product"}],"wp:attachment":[{"href":"https:\/\/roveyayinevi.com.tr\/index.php\/wp-json\/wp\/v2\/media?parent=716590"}],"wp:term":[{"taxonomy":"product_brand","embeddable":true,"href":"https:\/\/roveyayinevi.com.tr\/index.php\/wp-json\/wp\/v2\/product_brand?post=716590"},{"taxonomy":"product_cat","embeddable":true,"href":"https:\/\/roveyayinevi.com.tr\/index.php\/wp-json\/wp\/v2\/product_cat?post=716590"},{"taxonomy":"product_tag","embeddable":true,"href":"https:\/\/roveyayinevi.com.tr\/index.php\/wp-json\/wp\/v2\/product_tag?post=716590"}],"curies":[{"name":"wp","href":"https:\/\/api.w.org\/{rel}","templated":true}]}}