{"id":716581,"date":"2025-08-27T17:44:20","date_gmt":"2025-08-27T14:44:20","guid":{"rendered":"https:\/\/roveyayinevi.com.tr\/index.php\/urun\/edebiyatta-kadin-ve-siddet\/"},"modified":"2026-04-13T02:30:43","modified_gmt":"2026-04-12T23:30:43","slug":"edebiyatta-kadin-ve-siddet","status":"publish","type":"product","link":"https:\/\/roveyayinevi.com.tr\/index.php\/urun\/edebiyatta-kadin-ve-siddet\/","title":{"rendered":"Edebiyatta Kad\u0131n ve \u015eiddet"},"content":{"rendered":"<p>Kad\u0131na \u015fiddettir t\u00fcm\u00fc ve daha fazlas\u0131, hayat\u0131na , ki\u015fili\u011fine , duygular\u0131na ve bedenine y\u00f6nelik ise e\u011fer&#8230;E\u015fitsizlikA\u015fa\u011f\u0131lamaTecav\u00fczEnsestDayakDarpKavgaTehdit \u0130\u015fkence \u0130stismarUzakla\u015fmaS\u00f6zl\u00fctacizUmursamama HegemonyaSusturmaA\u011flatma\u015eantajTacizEmir Bask\u0131\u0130hanetSald\u0131r\u0131K\u00fcfretmeK\u00fc\u00e7\u00fcmseme Zorbal\u0131kCinayet\u0130ftiraYalanAzar TokatEziyet\u00d6ld\u00fcrmeKorkutmaSuistimal\u0130lgisizlik<\/p>\n","protected":false},"excerpt":{"rendered":"<p>Kad\u0131na \u015fiddettir t\u00fcm\u00fc ve daha fazlas\u0131, hayat\u0131na , ki\u015fili\u011fine , duygular\u0131na ve bedenine y\u00f6nelik ise e\u011fer&#8230;E\u015fitsizlikA\u015fa\u011f\u0131lamaTecav\u00fczEnsestDayakDarpKavgaTehdit \u0130\u015fkence \u0130stismarUzakla\u015fmaS\u00f6zl\u00fctacizUmursamama HegemonyaSusturmaA\u011flatma\u015eantajTacizEmir Bask\u0131\u0130hanetSald\u0131r\u0131K\u00fcfretmeK\u00fc\u00e7\u00fcmseme Zorbal\u0131kCinayet\u0130ftiraYalanAzar TokatEziyet\u00d6ld\u00fcrmeKorkutmaSuistimal\u0130lgisizlik<\/p>\n","protected":false},"featured_media":0,"template":"","meta":{"_monsterinsights_skip_tracking":false,"_monsterinsights_sitenote_active":false,"_monsterinsights_sitenote_note":"","_monsterinsights_sitenote_category":0},"product_brand":[],"product_cat":[12291,12711],"product_tag":[],"class_list":{"0":"post-716581","1":"product","2":"type-product","3":"status-publish","5":"product_cat-edebiyat","6":"product_cat-roman-oyku","7":"pa_cilt-ciltsiz","8":"pa_tur-kitap","9":"pa_yayinevi-bilgin-kultur-sanat","10":"pa_yazar-ayten-er","12":"first","13":"instock","14":"sale","15":"shipping-taxable","16":"purchasable","17":"product-type-simple"},"_links":{"self":[{"href":"https:\/\/roveyayinevi.com.tr\/index.php\/wp-json\/wp\/v2\/product\/716581","targetHints":{"allow":["GET"]}}],"collection":[{"href":"https:\/\/roveyayinevi.com.tr\/index.php\/wp-json\/wp\/v2\/product"}],"about":[{"href":"https:\/\/roveyayinevi.com.tr\/index.php\/wp-json\/wp\/v2\/types\/product"}],"wp:attachment":[{"href":"https:\/\/roveyayinevi.com.tr\/index.php\/wp-json\/wp\/v2\/media?parent=716581"}],"wp:term":[{"taxonomy":"product_brand","embeddable":true,"href":"https:\/\/roveyayinevi.com.tr\/index.php\/wp-json\/wp\/v2\/product_brand?post=716581"},{"taxonomy":"product_cat","embeddable":true,"href":"https:\/\/roveyayinevi.com.tr\/index.php\/wp-json\/wp\/v2\/product_cat?post=716581"},{"taxonomy":"product_tag","embeddable":true,"href":"https:\/\/roveyayinevi.com.tr\/index.php\/wp-json\/wp\/v2\/product_tag?post=716581"}],"curies":[{"name":"wp","href":"https:\/\/api.w.org\/{rel}","templated":true}]}}