{"id":716572,"date":"2025-08-27T17:44:14","date_gmt":"2025-08-27T14:44:14","guid":{"rendered":"https:\/\/roveyayinevi.com.tr\/index.php\/urun\/yazilamayanlar\/"},"modified":"2026-04-16T02:24:41","modified_gmt":"2026-04-15T23:24:41","slug":"yazilamayanlar","status":"publish","type":"product","link":"https:\/\/roveyayinevi.com.tr\/index.php\/urun\/yazilamayanlar\/","title":{"rendered":"Yaz\u0131lamayanlar"},"content":{"rendered":"<p>\u0130\u015fte Tayip Erdo\u011fan\u2019\u0131n yapt\u0131\u011f\u0131 8 b\u00fcy\u00fck siyasi operasyon! Erdo\u011fan-G\u00f6k\u00e7ek kavgas\u0131n\u0131n perde arkas\u0131. Melih G\u00f6k\u00e7ek ile Kadir Topba\u015f\u2019\u0131 hapisten kurtaran s\u0131rlar. Tayyip Erdo\u011fan ile Ali Babacan\u2019\u0131n hi\u00e7 bilenmeyen beton kavgas\u0131. Tayyip Erdo\u011fan Ali Ko\u00e7\u2019tan niye \u00e7ekiniyor? Babas\u0131 Rahmi Ko\u00e7\u2019a el\u00e7i olarak kimi g\u00f6nderdi?McKinsey ve Papaz olay\u0131n\u0131n bilinmeyenleri\u2026 Ayd\u0131n Do\u011fan b\u00f6yle tehdit edildi\u2026 Gazetelerin ve televizyonlar\u0131n ger\u00e7ek sahibi kim? Muhsin Yaz\u0131c\u0131o\u011flu\u2019nu FE*T\u00d6 b\u00f6yle \u00f6ld\u00fcrd\u00fc, iktidar b\u00f6yle seyretti. Bah\u00e7eli\u2019nin Tayyip Erdo\u011fan\u2019a teslim olma s\u0131rr\u0131 ne? Kemal K\u0131l\u0131\u00e7daro\u011flu\u2019nu istifa etmekten vazge\u00e7iren neden\u2026 <\/p>\n","protected":false},"excerpt":{"rendered":"<p>\u0130\u015fte Tayip Erdo\u011fan\u2019\u0131n yapt\u0131\u011f\u0131 8 b\u00fcy\u00fck siyasi operasyon! Erdo\u011fan-G\u00f6k\u00e7ek kavgas\u0131n\u0131n perde arkas\u0131. Melih G\u00f6k\u00e7ek ile Kadir Topba\u015f\u2019\u0131 hapisten kurtaran s\u0131rlar. Tayyip Erdo\u011fan ile Ali Babacan\u2019\u0131n hi\u00e7<span class=\"excerpt-hellip\"> [\u2026]<\/span><\/p>\n","protected":false},"featured_media":0,"template":"","meta":{"_monsterinsights_skip_tracking":false,"_monsterinsights_sitenote_active":false,"_monsterinsights_sitenote_note":"","_monsterinsights_sitenote_category":0},"product_brand":[],"product_cat":[12337,14543],"product_tag":[],"class_list":{"0":"post-716572","1":"product","2":"type-product","3":"status-publish","5":"product_cat-politika-siyaset","6":"product_cat-turkiye-siyaseti-ve-politikasi","7":"pa_cilt-ciltli","8":"pa_tur-kitap","9":"pa_yayinevi-kirmizi-kedi-yayinevi","10":"pa_yazar-sabahattin-onkibar","12":"first","13":"instock","14":"sale","15":"shipping-taxable","16":"purchasable","17":"product-type-simple"},"_links":{"self":[{"href":"https:\/\/roveyayinevi.com.tr\/index.php\/wp-json\/wp\/v2\/product\/716572","targetHints":{"allow":["GET"]}}],"collection":[{"href":"https:\/\/roveyayinevi.com.tr\/index.php\/wp-json\/wp\/v2\/product"}],"about":[{"href":"https:\/\/roveyayinevi.com.tr\/index.php\/wp-json\/wp\/v2\/types\/product"}],"wp:attachment":[{"href":"https:\/\/roveyayinevi.com.tr\/index.php\/wp-json\/wp\/v2\/media?parent=716572"}],"wp:term":[{"taxonomy":"product_brand","embeddable":true,"href":"https:\/\/roveyayinevi.com.tr\/index.php\/wp-json\/wp\/v2\/product_brand?post=716572"},{"taxonomy":"product_cat","embeddable":true,"href":"https:\/\/roveyayinevi.com.tr\/index.php\/wp-json\/wp\/v2\/product_cat?post=716572"},{"taxonomy":"product_tag","embeddable":true,"href":"https:\/\/roveyayinevi.com.tr\/index.php\/wp-json\/wp\/v2\/product_tag?post=716572"}],"curies":[{"name":"wp","href":"https:\/\/api.w.org\/{rel}","templated":true}]}}