{"id":716548,"date":"2025-08-27T17:43:59","date_gmt":"2025-08-27T14:43:59","guid":{"rendered":"https:\/\/roveyayinevi.com.tr\/index.php\/urun\/terorizm-ve-ic-karisikliklarin-ekonomik-etkileri\/"},"modified":"2026-04-16T02:24:41","modified_gmt":"2026-04-15T23:24:41","slug":"terorizm-ve-ic-karisikliklarin-ekonomik-etkileri","status":"publish","type":"product","link":"https:\/\/roveyayinevi.com.tr\/index.php\/urun\/terorizm-ve-ic-karisikliklarin-ekonomik-etkileri\/","title":{"rendered":"Ter\u00f6rizm ve \u0130\u00e7 Kar\u0131\u015f\u0131kl\u0131klar\u0131n Ekonomik Etkileri"},"content":{"rendered":"<p>K\u0131saltmalar Listesi Tablo Listesi Grafik listesi Giri\u015f Kavramsal \u00c7er\u00e7eve: D\u00fcnyada ve T\u00fcrkiye&#8217;de Ter\u00f6rizm ve Kar\u015f\u0131tl\u0131klar  Ter\u00f6rizm ve Kar\u015f\u0131tl\u0131klar\u0131n Ekonomik ve Finansal Etkileri: Literat\u00fcr Ara\u015ft\u0131rmas\u0131 T\u00fcrkiye&#8217;de Ter\u00f6rizm ve \u0130\u00e7 Kar\u0131\u015f\u0131kl\u0131klar\u0131n Ekonomiye Etkisi: Zaman Serisi Analizi Sonu\u00e7 ve De\u011ferlendirme Yararlan\u0131lan Kaynaklar <\/p>\n","protected":false},"excerpt":{"rendered":"<p>K\u0131saltmalar Listesi Tablo Listesi Grafik listesi Giri\u015f Kavramsal \u00c7er\u00e7eve: D\u00fcnyada ve T\u00fcrkiye&#8217;de Ter\u00f6rizm ve Kar\u015f\u0131tl\u0131klar Ter\u00f6rizm ve Kar\u015f\u0131tl\u0131klar\u0131n Ekonomik ve Finansal Etkileri: Literat\u00fcr Ara\u015ft\u0131rmas\u0131 T\u00fcrkiye&#8217;de Ter\u00f6rizm<span class=\"excerpt-hellip\"> [\u2026]<\/span><\/p>\n","protected":false},"featured_media":0,"template":"","meta":{"_monsterinsights_skip_tracking":false,"_monsterinsights_sitenote_active":false,"_monsterinsights_sitenote_note":"","_monsterinsights_sitenote_category":0},"product_brand":[],"product_cat":[14841,13043],"product_tag":[],"class_list":{"0":"post-716548","1":"product","2":"type-product","3":"status-publish","5":"product_cat-arastirma-inceleme-kuram","6":"product_cat-ekonomi","7":"pa_cilt-ciltsiz","8":"pa_tur-kitap","9":"pa_yayinevi-gazi-kitabevi","10":"pa_yazar-ibrahim-al-osman-telatar","12":"first","13":"instock","14":"sale","15":"shipping-taxable","16":"purchasable","17":"product-type-simple"},"_links":{"self":[{"href":"https:\/\/roveyayinevi.com.tr\/index.php\/wp-json\/wp\/v2\/product\/716548","targetHints":{"allow":["GET"]}}],"collection":[{"href":"https:\/\/roveyayinevi.com.tr\/index.php\/wp-json\/wp\/v2\/product"}],"about":[{"href":"https:\/\/roveyayinevi.com.tr\/index.php\/wp-json\/wp\/v2\/types\/product"}],"wp:attachment":[{"href":"https:\/\/roveyayinevi.com.tr\/index.php\/wp-json\/wp\/v2\/media?parent=716548"}],"wp:term":[{"taxonomy":"product_brand","embeddable":true,"href":"https:\/\/roveyayinevi.com.tr\/index.php\/wp-json\/wp\/v2\/product_brand?post=716548"},{"taxonomy":"product_cat","embeddable":true,"href":"https:\/\/roveyayinevi.com.tr\/index.php\/wp-json\/wp\/v2\/product_cat?post=716548"},{"taxonomy":"product_tag","embeddable":true,"href":"https:\/\/roveyayinevi.com.tr\/index.php\/wp-json\/wp\/v2\/product_tag?post=716548"}],"curies":[{"name":"wp","href":"https:\/\/api.w.org\/{rel}","templated":true}]}}