{"id":716544,"date":"2025-08-27T17:43:56","date_gmt":"2025-08-27T14:43:56","guid":{"rendered":"https:\/\/roveyayinevi.com.tr\/index.php\/urun\/emile-durkheimi-yeniden-okumak\/"},"modified":"2026-04-16T02:24:41","modified_gmt":"2026-04-15T23:24:41","slug":"emile-durkheimi-yeniden-okumak","status":"publish","type":"product","link":"https:\/\/roveyayinevi.com.tr\/index.php\/urun\/emile-durkheimi-yeniden-okumak\/","title":{"rendered":"Emile Durkheim\u2019\u0131 Yeniden Okumak"},"content":{"rendered":"<p>Durkheim sosyolojisi T\u00fcrkiye\u2019de yal\u0131nkat bir bi\u00e7imde al\u0131mlanm\u0131\u015ft\u0131r ve bunun \u00fclkenin politik tarihine \u00f6zg\u00fc temel sebebi, onun Cumhuriyet\u2019in kurulu\u015f momentindeki iktidar tekniklerinin teorik yak\u0131t\u0131na indirgenmek ve homojenle\u015ftirici bir modernist milliyet\u00e7ilik g\u00f6vdesine yap\u0131\u015ft\u0131r\u0131lmak suretiyle arkaik bir pozitivizm \/ anti-pozitivizm anlat\u0131s\u0131na hapsedilmi\u015f olmas\u0131d\u0131r. Durkheim\u2019\u0131 belirli etiketlere (\u2018pozitivist\u2019, \u2018organizmac\u0131\u2019, \u2018ahl\u00e2k\u00e7\u0131\u2019, \u2018d\u00fczen teorisyeni\u2019, \u2018yap\u0131sal-i\u015flevselci\u2019 vb.) kapatan, sosyoloji tarihine \u00f6zg\u00fc pedagojik tasniflerin \u00e7arp\u0131t\u0131c\u0131 mant\u0131\u011f\u0131 da bu etkiyi artt\u0131rd\u0131 hi\u00e7 ku\u015fkusuz. Oysa Durkheim sosyolojisi yeterince g\u00fcn y\u00fcz\u00fc g\u00f6rmemi\u015f pek \u00e7ok gerilim ve vukufu b\u00fcnyesinde bar\u0131nd\u0131rmaktayd\u0131.Elinizdeki \u00e7al\u0131\u015fmay\u0131 Durkheim\u2019a d\u00f6n\u00fck T\u00fcrkiye\u2019deki bu kavray\u0131\u015f\u0131 a\u015f\u0131nd\u0131rmaya ve \u00f6z-d\u00fc\u015f\u00fcn\u00fcmsel bir yeniden okuman\u0131n yolunu a\u00e7maya d\u00f6n\u00fck bir giri\u015fim olarak g\u00f6rmek m\u00fcmk\u00fcn. Derlemenin i\u00e7erdi\u011fi yaz\u0131lar, hep birlikte, alternatif bir Durkheim imgesi sunuyor bizlere. Durkheim \u00fczerine yeniden d\u00fc\u015f\u00fcnmek, bir yan\u0131yla, sosyoloji \u00fczerine yeniden d\u00fc\u015f\u00fcnmek anlam\u0131na geliyor bu noktada. \u00d6te yandan, Durkheim\u2019\u0131 kendi eserlerinden ve uygun ba\u011flamland\u0131rmalar i\u00e7erisinde okumaya ba\u015flad\u0131\u011f\u0131n\u0131z an \u00fczerine giydirilen g\u00f6mleklerin h\u0131zla y\u0131rt\u0131l\u0131p at\u0131ld\u0131\u011f\u0131n\u0131 hayretle fark ediyorsunuz. Dolay\u0131s\u0131yla, bu \u00e7al\u0131\u015fma bir yan\u0131yla da Durkheim\u2019\u0131 ikincil kaynaklardan de\u011fil de bizzat kendi eserlerinden okumaya bir te\u015fvik, bir davet olarak g\u00f6r\u00fclmelidir.<\/p>\n","protected":false},"excerpt":{"rendered":"<p>Durkheim sosyolojisi T\u00fcrkiye\u2019de yal\u0131nkat bir bi\u00e7imde al\u0131mlanm\u0131\u015ft\u0131r ve bunun \u00fclkenin politik tarihine \u00f6zg\u00fc temel sebebi, onun Cumhuriyet\u2019in kurulu\u015f momentindeki iktidar tekniklerinin teorik yak\u0131t\u0131na indirgenmek ve homojenle\u015ftirici<span class=\"excerpt-hellip\"> [\u2026]<\/span><\/p>\n","protected":false},"featured_media":0,"template":"","meta":{"_monsterinsights_skip_tracking":false,"_monsterinsights_sitenote_active":false,"_monsterinsights_sitenote_note":"","_monsterinsights_sitenote_category":0},"product_brand":[],"product_cat":[12325,12324],"product_tag":[],"class_list":{"0":"post-716544","1":"product","2":"type-product","3":"status-publish","5":"product_cat-diger-sosyoloji","6":"product_cat-sosyoloji","7":"pa_cilt-ciltsiz","8":"pa_tur-kitap","9":"pa_yayinevi-phoenix-yayinevi","10":"pa_yazar-kolektif","12":"first","13":"instock","14":"sale","15":"shipping-taxable","16":"purchasable","17":"product-type-simple"},"_links":{"self":[{"href":"https:\/\/roveyayinevi.com.tr\/index.php\/wp-json\/wp\/v2\/product\/716544","targetHints":{"allow":["GET"]}}],"collection":[{"href":"https:\/\/roveyayinevi.com.tr\/index.php\/wp-json\/wp\/v2\/product"}],"about":[{"href":"https:\/\/roveyayinevi.com.tr\/index.php\/wp-json\/wp\/v2\/types\/product"}],"wp:attachment":[{"href":"https:\/\/roveyayinevi.com.tr\/index.php\/wp-json\/wp\/v2\/media?parent=716544"}],"wp:term":[{"taxonomy":"product_brand","embeddable":true,"href":"https:\/\/roveyayinevi.com.tr\/index.php\/wp-json\/wp\/v2\/product_brand?post=716544"},{"taxonomy":"product_cat","embeddable":true,"href":"https:\/\/roveyayinevi.com.tr\/index.php\/wp-json\/wp\/v2\/product_cat?post=716544"},{"taxonomy":"product_tag","embeddable":true,"href":"https:\/\/roveyayinevi.com.tr\/index.php\/wp-json\/wp\/v2\/product_tag?post=716544"}],"curies":[{"name":"wp","href":"https:\/\/api.w.org\/{rel}","templated":true}]}}