{"id":716498,"date":"2025-08-27T17:43:28","date_gmt":"2025-08-27T14:43:28","guid":{"rendered":"https:\/\/roveyayinevi.com.tr\/index.php\/urun\/dna\/"},"modified":"2026-04-16T02:24:40","modified_gmt":"2026-04-15T23:24:40","slug":"dna","status":"publish","type":"product","link":"https:\/\/roveyayinevi.com.tr\/index.php\/urun\/dna\/","title":{"rendered":"DNA"},"content":{"rendered":"<p>Monoton bir hayat s\u00fcren otuzlu ya\u015flardaki El\u00edsa bir g\u00fcn kendi evinde ak\u0131l almaz bir bi\u00e7imde \u00f6ld\u00fcr\u00fcl\u00fcr ve olay\u0131n tek tan\u0131\u011f\u0131 o geceden sonra hi\u00e7 konu\u015fmayan yedi ya\u015f\u0131ndaki k\u0131z\u0131d\u0131r. \u00c7ok ge\u00e7meden ayn\u0131 y\u00f6ntemle i\u015flenen bir ba\u015fka cinayeti soru\u015fturan Dedektif Huldar\u2019a g\u00f6re katilin zihnini \u00e7\u00f6zebilecek ve arkas\u0131nda neden \u015fifreli mesajlar, anlams\u0131z say\u0131lar ve olas\u0131l\u0131k hesaplar\u0131 b\u0131rakt\u0131\u011f\u0131n\u0131 s\u00f6yleyebilecek tek ki\u015fi bu k\u0131zd\u0131r.Huldar ve ona yard\u0131m eden travma uzman\u0131 psikolog Freyja, k\u00fc\u00e7\u00fck bir k\u0131z\u0131n karanl\u0131k hikayesindeki bilinmeyenleri ara\u015ft\u0131r\u0131rken \u015fehrin di\u011fer ucunda amat\u00f6r bir radyo programc\u0131s\u0131 \u00f6l\u00fcmc\u00fcl bir paranoyayla kar\u015f\u0131 kar\u015f\u0131yad\u0131r: Ald\u0131\u011f\u0131 gizemli mesajlar onu korkun\u00e7 bir caninin pe\u015finde av m\u0131 yapacakt\u0131r avc\u0131 m\u0131?\u201cYrsa, \u00f6yle muhte\u015fem bir yazar ki okuyucunun daha ilk sayfada onu sarmalayacak olan sisin ard\u0131n\u0131 g\u00f6rebilmesi i\u00e7in olaylara bamba\u015fka bir a\u00e7\u0131yla bakmas\u0131 ve biraz da \u015fansl\u0131 olmas\u0131 gerekiyor.\u201dKarin Slaughter<\/p>\n","protected":false},"excerpt":{"rendered":"<p>Monoton bir hayat s\u00fcren otuzlu ya\u015flardaki El\u00edsa bir g\u00fcn kendi evinde ak\u0131l almaz bir bi\u00e7imde \u00f6ld\u00fcr\u00fcl\u00fcr ve olay\u0131n tek tan\u0131\u011f\u0131 o geceden sonra hi\u00e7 konu\u015fmayan yedi<span class=\"excerpt-hellip\"> [\u2026]<\/span><\/p>\n","protected":false},"featured_media":0,"template":"","meta":{"_monsterinsights_skip_tracking":false,"_monsterinsights_sitenote_active":false,"_monsterinsights_sitenote_note":"","_monsterinsights_sitenote_category":0},"product_brand":[],"product_cat":[12291,17033],"product_tag":[],"class_list":{"0":"post-716498","1":"product","2":"type-product","3":"status-publish","5":"product_cat-edebiyat","6":"product_cat-korku-gerilim","7":"pa_cilt-ciltsiz","8":"pa_tur-kitap","9":"pa_yayinevi-koridor-yayincilik","10":"pa_yazar-yrsa-sigurdardottir","12":"first","13":"instock","14":"sale","15":"shipping-taxable","16":"purchasable","17":"product-type-simple"},"_links":{"self":[{"href":"https:\/\/roveyayinevi.com.tr\/index.php\/wp-json\/wp\/v2\/product\/716498","targetHints":{"allow":["GET"]}}],"collection":[{"href":"https:\/\/roveyayinevi.com.tr\/index.php\/wp-json\/wp\/v2\/product"}],"about":[{"href":"https:\/\/roveyayinevi.com.tr\/index.php\/wp-json\/wp\/v2\/types\/product"}],"wp:attachment":[{"href":"https:\/\/roveyayinevi.com.tr\/index.php\/wp-json\/wp\/v2\/media?parent=716498"}],"wp:term":[{"taxonomy":"product_brand","embeddable":true,"href":"https:\/\/roveyayinevi.com.tr\/index.php\/wp-json\/wp\/v2\/product_brand?post=716498"},{"taxonomy":"product_cat","embeddable":true,"href":"https:\/\/roveyayinevi.com.tr\/index.php\/wp-json\/wp\/v2\/product_cat?post=716498"},{"taxonomy":"product_tag","embeddable":true,"href":"https:\/\/roveyayinevi.com.tr\/index.php\/wp-json\/wp\/v2\/product_tag?post=716498"}],"curies":[{"name":"wp","href":"https:\/\/api.w.org\/{rel}","templated":true}]}}