{"id":716486,"date":"2025-08-27T17:43:21","date_gmt":"2025-08-27T14:43:21","guid":{"rendered":"https:\/\/roveyayinevi.com.tr\/index.php\/urun\/confabulario\/"},"modified":"2026-04-03T02:31:01","modified_gmt":"2026-04-02T23:31:01","slug":"confabulario","status":"publish","type":"product","link":"https:\/\/roveyayinevi.com.tr\/index.php\/urun\/confabulario\/","title":{"rendered":"Confabulario"},"content":{"rendered":"<p>Kendine \u00f6zg\u00fc mizah anlay\u0131\u015f\u0131, , ger\u00e7eklik ve fantastic \u00f6\u011feler aras\u0131nda s\u0131n\u0131rlar\u0131 kald\u0131rma yetene\u011fi ve metaforlar\u0131n\u0131n keskinli\u011fi ile tan\u0131nan Juan Jose Arreola, yirminci y\u00fczy\u0131l\u0131n \u00f6nde gelen deneysel k\u0131sa \u00f6yk\u00fcc\u00fcleri aras\u0131nda yer al\u0131yor. \u00c7ok y\u00f6nl\u00fcl\u00fc\u011f\u00fc, ge\u00e7mi\u015f ve g\u00fcn\u00fcm\u00fcz hakk\u0131ndaki geni\u015f ve derin bilgisinden bu bilgisini insanl\u0131\u011f\u0131 anlamak i\u00e7in kullanmas\u0131ndan kaynaklanan yazar, edebiyat, tarih, antropoloji ve psikolojiye , olan yak\u0131nl\u0131\u011f\u0131 ve ger\u00e7eklere dair zengin s\u00f6ylemleriyle okurlar\u0131n ilgisini ac\u0131 ama \u015fiirsel, hiciv dolu ama n\u00fckteli anlat\u0131m\u0131yla art\u0131r\u0131yor. <\/p>\n","protected":false},"excerpt":{"rendered":"<p>Kendine \u00f6zg\u00fc mizah anlay\u0131\u015f\u0131, , ger\u00e7eklik ve fantastic \u00f6\u011feler aras\u0131nda s\u0131n\u0131rlar\u0131 kald\u0131rma yetene\u011fi ve metaforlar\u0131n\u0131n keskinli\u011fi ile tan\u0131nan Juan Jose Arreola, yirminci y\u00fczy\u0131l\u0131n \u00f6nde gelen deneysel<span class=\"excerpt-hellip\"> [\u2026]<\/span><\/p>\n","protected":false},"featured_media":0,"template":"","meta":{"_monsterinsights_skip_tracking":false,"_monsterinsights_sitenote_active":false,"_monsterinsights_sitenote_note":"","_monsterinsights_sitenote_category":0},"product_brand":[],"product_cat":[12291,12711],"product_tag":[],"class_list":{"0":"post-716486","1":"product","2":"type-product","3":"status-publish","5":"product_cat-edebiyat","6":"product_cat-roman-oyku","7":"pa_cilt-ciltsiz","8":"pa_tur-kitap","9":"pa_yayinevi-alabanda-yayin","10":"pa_yazar-juan-jose-arreola","12":"first","13":"instock","14":"sale","15":"shipping-taxable","16":"purchasable","17":"product-type-simple"},"_links":{"self":[{"href":"https:\/\/roveyayinevi.com.tr\/index.php\/wp-json\/wp\/v2\/product\/716486","targetHints":{"allow":["GET"]}}],"collection":[{"href":"https:\/\/roveyayinevi.com.tr\/index.php\/wp-json\/wp\/v2\/product"}],"about":[{"href":"https:\/\/roveyayinevi.com.tr\/index.php\/wp-json\/wp\/v2\/types\/product"}],"wp:attachment":[{"href":"https:\/\/roveyayinevi.com.tr\/index.php\/wp-json\/wp\/v2\/media?parent=716486"}],"wp:term":[{"taxonomy":"product_brand","embeddable":true,"href":"https:\/\/roveyayinevi.com.tr\/index.php\/wp-json\/wp\/v2\/product_brand?post=716486"},{"taxonomy":"product_cat","embeddable":true,"href":"https:\/\/roveyayinevi.com.tr\/index.php\/wp-json\/wp\/v2\/product_cat?post=716486"},{"taxonomy":"product_tag","embeddable":true,"href":"https:\/\/roveyayinevi.com.tr\/index.php\/wp-json\/wp\/v2\/product_tag?post=716486"}],"curies":[{"name":"wp","href":"https:\/\/api.w.org\/{rel}","templated":true}]}}