{"id":716474,"date":"2025-08-27T17:43:12","date_gmt":"2025-08-27T14:43:12","guid":{"rendered":"https:\/\/roveyayinevi.com.tr\/index.php\/urun\/civata-kafa-ve-diger-tuhaf-vakalar\/"},"modified":"2026-04-03T02:31:01","modified_gmt":"2026-04-02T23:31:01","slug":"civata-kafa-ve-diger-tuhaf-vakalar","status":"publish","type":"product","link":"https:\/\/roveyayinevi.com.tr\/index.php\/urun\/civata-kafa-ve-diger-tuhaf-vakalar\/","title":{"rendered":"Civata Kafa ve Di\u011fer Tuhaf Vakalar"},"content":{"rendered":"<p>Victoria Devri\u2019ne ait u\u00e7an makineler, mekanik bir kafa, mezar h\u0131rs\u0131zl\u0131klar\u0131, hayaletler, cad\u0131lar, kuklalar, uzayl\u0131lar ve i\u00e7inde paralel evren ta\u015f\u0131yan bir \u015falgam. Bu kapa\u011f\u0131n alt\u0131nda adeta bir tuhafl\u0131klar ge\u00e7idi sergileniyor -ki aralar\u0131nda Eisner \u00f6d\u00fcll\u00fc \u201cC\u0131vata Kafa\u201d ve \u201cSihirbaz ve Y\u0131lan\u201d hik\u00e2yeleriyle birlikte, Hellboy\u2019un yarat\u0131c\u0131s\u0131n\u0131n hi\u00e7bir yerde yay\u0131mlanmam\u0131\u015f \u00fc\u00e7 hik\u00e2yesi daha yer al\u0131yor. \u201cC\u0131vata Kafa, en ba\u015fta bir oyuncak fikri olarak ortaya \u00e7\u0131km\u0131\u015ft\u0131. Ciddi bir fikirden ziyade, \u00f6ylesine bir d\u00fc\u015f\u00fcnceydi&#8230; Ama bir fig\u00fcr tasar\u0131mc\u0131s\u0131 olmad\u0131\u011f\u0131m i\u00e7inbunu bir \u00e7izgi romana \u00e7evirdim. Ve sonunda tam da benim sevece\u011fim bir \u00e7izgi romanyaratt\u0131m. Ba\u015fkalar\u0131n\u0131n umursamas\u0131n\u0131 bile beklemiyordum ama insanlar,bug\u00fcne kadar yapt\u0131\u011f\u0131m en iyi i\u015f oldu\u011funu s\u00f6ylemeye ba\u015flad\u0131lar&#8230;\u201dMike Mignola <\/p>\n","protected":false},"excerpt":{"rendered":"<p>Victoria Devri\u2019ne ait u\u00e7an makineler, mekanik bir kafa, mezar h\u0131rs\u0131zl\u0131klar\u0131, hayaletler, cad\u0131lar, kuklalar, uzayl\u0131lar ve i\u00e7inde paralel evren ta\u015f\u0131yan bir \u015falgam. Bu kapa\u011f\u0131n alt\u0131nda adeta bir<span class=\"excerpt-hellip\"> [\u2026]<\/span><\/p>\n","protected":false},"featured_media":0,"template":"","meta":{"_monsterinsights_skip_tracking":false,"_monsterinsights_sitenote_active":false,"_monsterinsights_sitenote_note":"","_monsterinsights_sitenote_category":0},"product_brand":[],"product_cat":[12291,12711],"product_tag":[],"class_list":{"0":"post-716474","1":"product","2":"type-product","3":"status-publish","5":"product_cat-edebiyat","6":"product_cat-roman-oyku","7":"pa_cilt-ciltsiz","8":"pa_tur-kitap","9":"pa_yayinevi-kara-karga-yayinlari","10":"pa_yazar-mike-mignola","12":"first","13":"instock","14":"sale","15":"shipping-taxable","16":"purchasable","17":"product-type-simple"},"_links":{"self":[{"href":"https:\/\/roveyayinevi.com.tr\/index.php\/wp-json\/wp\/v2\/product\/716474","targetHints":{"allow":["GET"]}}],"collection":[{"href":"https:\/\/roveyayinevi.com.tr\/index.php\/wp-json\/wp\/v2\/product"}],"about":[{"href":"https:\/\/roveyayinevi.com.tr\/index.php\/wp-json\/wp\/v2\/types\/product"}],"wp:attachment":[{"href":"https:\/\/roveyayinevi.com.tr\/index.php\/wp-json\/wp\/v2\/media?parent=716474"}],"wp:term":[{"taxonomy":"product_brand","embeddable":true,"href":"https:\/\/roveyayinevi.com.tr\/index.php\/wp-json\/wp\/v2\/product_brand?post=716474"},{"taxonomy":"product_cat","embeddable":true,"href":"https:\/\/roveyayinevi.com.tr\/index.php\/wp-json\/wp\/v2\/product_cat?post=716474"},{"taxonomy":"product_tag","embeddable":true,"href":"https:\/\/roveyayinevi.com.tr\/index.php\/wp-json\/wp\/v2\/product_tag?post=716474"}],"curies":[{"name":"wp","href":"https:\/\/api.w.org\/{rel}","templated":true}]}}