{"id":716473,"date":"2025-08-27T17:43:11","date_gmt":"2025-08-27T14:43:11","guid":{"rendered":"https:\/\/roveyayinevi.com.tr\/index.php\/urun\/fotografci\/"},"modified":"2026-04-16T02:24:39","modified_gmt":"2026-04-15T23:24:39","slug":"fotografci","status":"publish","type":"product","link":"https:\/\/roveyayinevi.com.tr\/index.php\/urun\/fotografci\/","title":{"rendered":"Foto\u011fraf\u00e7\u0131"},"content":{"rendered":"<p>Foto\u011fraf\u00e7\u0131, bir fotomuhabirin S\u0131n\u0131r Tan\u0131mayan Doktorlar\u2019la birlikte Afganistan\u2019da yapt\u0131\u011f\u0131 zorlu ve tehlikeli yolculu\u011funun bir kayd\u0131. Hik\u00e2ye, foto\u011fraf\u00e7\u0131 DidierLef\u00e8vre\u2019in, Sovyetler ve M\u00fccahitler aras\u0131ndaki sava\u015fta par\u00e7alanm\u0131\u015f olan Afganistan\u2019a giden doktorlara kat\u0131lmas\u0131yla ba\u015fl\u0131yor. B\u00f6ylece hi\u00e7 bilmedi\u011fimiz bir halk\u0131 ve co\u011frafyay\u0131 tan\u0131rken, sava\u015f\u0131n yaralar\u0131n\u0131 tamir etmeye \u00e7al\u0131\u015fan kad\u0131n ve erkeklerin uzun y\u00fcr\u00fcy\u00fc\u015f\u00fcne e\u015flik ediyoruz. \u00c7ok say\u0131da edebiyat ve \u00e7izgi roman \u00f6d\u00fcl\u00fcne de\u011fer g\u00f6r\u00fclen kitap, Lef\u00e8vre\u2019in foto\u011fraflar\u0131, Guibert\u2019in \u00e7izimleri ve Lemercier\u2019nin renkleriyle resmin, foto\u011fraf\u0131n ve edebiyat\u0131n nadir bir bile\u015fimi. <\/p>\n","protected":false},"excerpt":{"rendered":"<p>Foto\u011fraf\u00e7\u0131, bir fotomuhabirin S\u0131n\u0131r Tan\u0131mayan Doktorlar\u2019la birlikte Afganistan\u2019da yapt\u0131\u011f\u0131 zorlu ve tehlikeli yolculu\u011funun bir kayd\u0131. Hik\u00e2ye, foto\u011fraf\u00e7\u0131 DidierLef\u00e8vre\u2019in, Sovyetler ve M\u00fccahitler aras\u0131ndaki sava\u015fta par\u00e7alanm\u0131\u015f olan Afganistan\u2019a<span class=\"excerpt-hellip\"> [\u2026]<\/span><\/p>\n","protected":false},"featured_media":0,"template":"","meta":{"_monsterinsights_skip_tracking":false,"_monsterinsights_sitenote_active":false,"_monsterinsights_sitenote_note":"","_monsterinsights_sitenote_category":0},"product_brand":[],"product_cat":[12416,12291],"product_tag":[],"class_list":{"0":"post-716473","1":"product","2":"type-product","3":"status-publish","5":"product_cat-cizgi-roman","6":"product_cat-edebiyat","7":"pa_cilt-ciltsiz","8":"pa_tur-kitap","9":"pa_yayinevi-kara-karga-yayinlari","10":"pa_yazar-kolektif","12":"first","13":"instock","14":"sale","15":"shipping-taxable","16":"purchasable","17":"product-type-simple"},"_links":{"self":[{"href":"https:\/\/roveyayinevi.com.tr\/index.php\/wp-json\/wp\/v2\/product\/716473","targetHints":{"allow":["GET"]}}],"collection":[{"href":"https:\/\/roveyayinevi.com.tr\/index.php\/wp-json\/wp\/v2\/product"}],"about":[{"href":"https:\/\/roveyayinevi.com.tr\/index.php\/wp-json\/wp\/v2\/types\/product"}],"wp:attachment":[{"href":"https:\/\/roveyayinevi.com.tr\/index.php\/wp-json\/wp\/v2\/media?parent=716473"}],"wp:term":[{"taxonomy":"product_brand","embeddable":true,"href":"https:\/\/roveyayinevi.com.tr\/index.php\/wp-json\/wp\/v2\/product_brand?post=716473"},{"taxonomy":"product_cat","embeddable":true,"href":"https:\/\/roveyayinevi.com.tr\/index.php\/wp-json\/wp\/v2\/product_cat?post=716473"},{"taxonomy":"product_tag","embeddable":true,"href":"https:\/\/roveyayinevi.com.tr\/index.php\/wp-json\/wp\/v2\/product_tag?post=716473"}],"curies":[{"name":"wp","href":"https:\/\/api.w.org\/{rel}","templated":true}]}}