{"id":716440,"date":"2025-08-27T17:42:48","date_gmt":"2025-08-27T14:42:48","guid":{"rendered":"https:\/\/roveyayinevi.com.tr\/index.php\/urun\/istanbulun-tarihi-yarimadasi-yedikule-samatya\/"},"modified":"2026-04-16T02:24:38","modified_gmt":"2026-04-15T23:24:38","slug":"istanbulun-tarihi-yarimadasi-yedikule-samatya","status":"publish","type":"product","link":"https:\/\/roveyayinevi.com.tr\/index.php\/urun\/istanbulun-tarihi-yarimadasi-yedikule-samatya\/","title":{"rendered":"\u0130stanbul\u2019un Tarihi Yar\u0131madas\u0131 &#8211; Yedikule &#8211; Samatya"},"content":{"rendered":"<p>Nursel G\u00fclenaz ve Oya Koca, do\u011fup b\u00fcy\u00fcd\u00fckleri kentin eski semtlerine duyduklar\u0131 merak ve d\u00fc\u015fk\u00fcnl\u00fckleriyle Yedikule ve Samatya\u2019y\u0131 birka\u00e7 y\u0131l g\u00f6zlemlediler. Nursel G\u00fclenaz ve Oya Koca, do\u011fup b\u00fcy\u00fcd\u00fckleri kentin eski semtlerine duyduklar\u0131 merak ve d\u00fc\u015fk\u00fcnl\u00fckleriyle Yedikule ve Samatya\u2019y\u0131 birka\u00e7 y\u0131l g\u00f6zlemlediler. \u00c7ok katmanl\u0131 bir ge\u00e7mi\u015fe sahip olan, anacaddesi bile Bizans ve Osmanl\u0131 d\u00f6nemlerinden beri ayn\u0131 g\u00fczerg\u00e2h \u00fczerinde bulunan b\u00f6lgenin tarihi eserlerini ara\u015ft\u0131rd\u0131lar. B\u00f6lgede semtlilerle tan\u0131\u015farak, e\u015fsiz \u0130stanbul ya\u015fay\u0131\u015f\u0131na dair an\u0131lara sahip ku\u015faklar\u0131n kalplerinde ve ruhlar\u0131nda sakl\u0131 kalanlar\u0131 ke\u015ffettiler. T\u00fcm bu izlenimlerini payla\u015ft\u0131klar\u0131 Yedikule-Samatya, \u201cAd\u0131m Ad\u0131m \u0130stanbul\u2019un Tarihi Yar\u0131madas\u0131\u201d serisinin ikinci kitab\u0131. Bu kitapta yazarlar, okuyucuyu tarihin de\u011fi\u015fik d\u00f6nemlerine do\u011fru, bin bir hik\u00e2yenin farkl\u0131 farkl\u0131 ipu\u00e7lar\u0131n\u0131n pe\u015finde, sokak sokak gezmeye davet ediyorlar.<\/p>\n","protected":false},"excerpt":{"rendered":"<p>Nursel G\u00fclenaz ve Oya Koca, do\u011fup b\u00fcy\u00fcd\u00fckleri kentin eski semtlerine duyduklar\u0131 merak ve d\u00fc\u015fk\u00fcnl\u00fckleriyle Yedikule ve Samatya\u2019y\u0131 birka\u00e7 y\u0131l g\u00f6zlemlediler. Nursel G\u00fclenaz ve Oya Koca, do\u011fup<span class=\"excerpt-hellip\"> [\u2026]<\/span><\/p>\n","protected":false},"featured_media":0,"template":"","meta":{"_monsterinsights_skip_tracking":false,"_monsterinsights_sitenote_active":false,"_monsterinsights_sitenote_note":"","_monsterinsights_sitenote_category":0},"product_brand":[],"product_cat":[13054,24413],"product_tag":[],"class_list":{"0":"post-716440","1":"product","2":"type-product","3":"status-publish","5":"product_cat-gezi-ve-rehber-kitaplari","6":"product_cat-kent-rehberleri","7":"pa_cilt-ciltsiz","8":"pa_tur-kitap","9":"pa_yayinevi-remzi-kitabevi","10":"pa_yazar-nursel-gulenaz-oya-koca","12":"first","13":"instock","14":"sale","15":"shipping-taxable","16":"purchasable","17":"product-type-simple"},"_links":{"self":[{"href":"https:\/\/roveyayinevi.com.tr\/index.php\/wp-json\/wp\/v2\/product\/716440","targetHints":{"allow":["GET"]}}],"collection":[{"href":"https:\/\/roveyayinevi.com.tr\/index.php\/wp-json\/wp\/v2\/product"}],"about":[{"href":"https:\/\/roveyayinevi.com.tr\/index.php\/wp-json\/wp\/v2\/types\/product"}],"wp:attachment":[{"href":"https:\/\/roveyayinevi.com.tr\/index.php\/wp-json\/wp\/v2\/media?parent=716440"}],"wp:term":[{"taxonomy":"product_brand","embeddable":true,"href":"https:\/\/roveyayinevi.com.tr\/index.php\/wp-json\/wp\/v2\/product_brand?post=716440"},{"taxonomy":"product_cat","embeddable":true,"href":"https:\/\/roveyayinevi.com.tr\/index.php\/wp-json\/wp\/v2\/product_cat?post=716440"},{"taxonomy":"product_tag","embeddable":true,"href":"https:\/\/roveyayinevi.com.tr\/index.php\/wp-json\/wp\/v2\/product_tag?post=716440"}],"curies":[{"name":"wp","href":"https:\/\/api.w.org\/{rel}","templated":true}]}}