{"id":716435,"date":"2025-08-27T17:42:38","date_gmt":"2025-08-27T14:42:38","guid":{"rendered":"https:\/\/roveyayinevi.com.tr\/index.php\/urun\/bu-kitabin-ortasinda-duvar-var\/"},"modified":"2026-04-16T02:24:38","modified_gmt":"2026-04-15T23:24:38","slug":"bu-kitabin-ortasinda-duvar-var","status":"publish","type":"product","link":"https:\/\/roveyayinevi.com.tr\/index.php\/urun\/bu-kitabin-ortasinda-duvar-var\/","title":{"rendered":"Bu Kitab\u0131n Ortas\u0131nda Duvar Var"},"content":{"rendered":"<p>Duvar, kitab\u0131n bu taraf\u0131n\u0131 \u00f6teki taraf\u0131ndan koruyor.  En az\u0131ndan minik \u015f\u00f6valye b\u00f6yle oldu\u011funu d\u00fc\u015f\u00fcn\u00fcyor.  Sence hakl\u0131 m\u0131? \u00dcnl\u00fc \u00e7ocuk yazar\u0131 JonAgee\u2019den \u00f6nyarg\u0131lar\u0131m\u0131z \u00fczerine b\u00fcy\u00fcl\u00fc bir kitap. <\/p>\n","protected":false},"excerpt":{"rendered":"<p>Duvar, kitab\u0131n bu taraf\u0131n\u0131 \u00f6teki taraf\u0131ndan koruyor. En az\u0131ndan minik \u015f\u00f6valye b\u00f6yle oldu\u011funu d\u00fc\u015f\u00fcn\u00fcyor. Sence hakl\u0131 m\u0131? \u00dcnl\u00fc \u00e7ocuk yazar\u0131 JonAgee\u2019den \u00f6nyarg\u0131lar\u0131m\u0131z \u00fczerine b\u00fcy\u00fcl\u00fc bir kitap.<\/p>\n","protected":false},"featured_media":0,"template":"","meta":{"_monsterinsights_skip_tracking":false,"_monsterinsights_sitenote_active":false,"_monsterinsights_sitenote_note":"","_monsterinsights_sitenote_category":0},"product_brand":[],"product_cat":[12913,12274],"product_tag":[],"class_list":{"0":"post-716435","1":"product","2":"type-product","3":"status-publish","5":"product_cat-3-6-yas-kitaplari","6":"product_cat-cocuk-ve-genclik-kitaplari","7":"pa_cilt-ciltsiz","8":"pa_tur-kitap","9":"pa_yayinevi-domingo-yayinevi","10":"pa_yazar-jon-agee","12":"first","13":"instock","14":"sale","15":"shipping-taxable","16":"purchasable","17":"product-type-simple"},"_links":{"self":[{"href":"https:\/\/roveyayinevi.com.tr\/index.php\/wp-json\/wp\/v2\/product\/716435","targetHints":{"allow":["GET"]}}],"collection":[{"href":"https:\/\/roveyayinevi.com.tr\/index.php\/wp-json\/wp\/v2\/product"}],"about":[{"href":"https:\/\/roveyayinevi.com.tr\/index.php\/wp-json\/wp\/v2\/types\/product"}],"wp:attachment":[{"href":"https:\/\/roveyayinevi.com.tr\/index.php\/wp-json\/wp\/v2\/media?parent=716435"}],"wp:term":[{"taxonomy":"product_brand","embeddable":true,"href":"https:\/\/roveyayinevi.com.tr\/index.php\/wp-json\/wp\/v2\/product_brand?post=716435"},{"taxonomy":"product_cat","embeddable":true,"href":"https:\/\/roveyayinevi.com.tr\/index.php\/wp-json\/wp\/v2\/product_cat?post=716435"},{"taxonomy":"product_tag","embeddable":true,"href":"https:\/\/roveyayinevi.com.tr\/index.php\/wp-json\/wp\/v2\/product_tag?post=716435"}],"curies":[{"name":"wp","href":"https:\/\/api.w.org\/{rel}","templated":true}]}}