{"id":716433,"date":"2025-08-27T17:42:37","date_gmt":"2025-08-27T14:42:37","guid":{"rendered":"https:\/\/roveyayinevi.com.tr\/index.php\/urun\/ingiltere-ortadoguya-nasil-girdi\/"},"modified":"2026-04-16T02:24:38","modified_gmt":"2026-04-15T23:24:38","slug":"ingiltere-ortadoguya-nasil-girdi","status":"publish","type":"product","link":"https:\/\/roveyayinevi.com.tr\/index.php\/urun\/ingiltere-ortadoguya-nasil-girdi\/","title":{"rendered":"\u0130ngiltere Ortado\u011fu&#8217;ya Nas\u0131l Girdi?"},"content":{"rendered":"<p>D\u00fcnya tarihinin \u00fczerinde g\u00fcne\u015f batmayan imparatorlu\u011fu \u0130ngiltere&#8217;nin Ortado\u011fu maceras\u0131 hangi fikirlerle ba\u015flad\u0131? Osmanl\u0131 \u0130mparatorlu\u011fu ile \u0130ngiltere&#8217;nin Ortado\u011fu&#8217;daki s\u0131ra d\u0131\u015f\u0131 m\u00fccadelesinde neler ya\u015fand\u0131? \u0130ngiltere&#8217;nin Ortado\u011fu&#8217;daki stratejisinde konsolosluklar\u0131n \u00f6nemi neydi? &#8220;\u00d6nce ticaret ve siyaset, sonra h\u00fckmetmek&#8221; projesiyle \u0130ngiltere neyi ama\u00e7lad\u0131? Dr. Nurcan \u00d6zkaplan Yurdakul bu \u00f6zel \u00e7al\u0131\u015fmas\u0131nda, 19. y\u00fczy\u0131lda Osmanl\u0131 \u0130mparatorlu\u011fu ile \u0130ngilizler aras\u0131nda ya\u015fanan Ortado\u011fu m\u00fccadelesini enine boyuna incelerken; konsolosluklardan ticarete, siyasetten h\u00e2kimiyet stratejilerine kadar t\u00fcm bilinmeyenleri g\u00f6zler \u00f6n\u00fcne seriyor. Mevcut literat\u00fcr\u00fcn yan\u0131 s\u0131ra Osmanl\u0131 ve \u0130ngiliz ar\u015fivlerinden istifade ederek ortaya konan bu \u00e7al\u0131\u015fma, 19. y\u00fczy\u0131l Osmanl\u0131 tarih\u00e7ili\u011finde askeri yenilgilerin ve toprak kay\u0131plar\u0131n\u0131n yas\u0131n\u0131 tutmaktan ziyade, yetkin ve etkin Osmanl\u0131 devlet adamlar\u0131n\u0131n d\u00fcnya \u00f6l\u00e7e\u011finde nas\u0131l siyaset \u00fcrettiklerini anlamak gerekti\u011fini g\u00f6stermektedir. Okuyucular bilhassa &#8220;\u0130ngiliz Oyunu&#8221; \u015feklinde dillere pelesenk olmu\u015f tarih anlay\u0131\u015f\u0131n\u0131n bir kestirmecilik ve yetersizlik oldu\u011funu da b\u00f6l\u00fcmler e\u015fli\u011finde g\u00f6receklerdir. Osmanl\u0131-\u0130ngiliz ili\u015fkilerinin seyri ve \u0130ngiliz konsolosluk kurumu ile ba\u015flayan kitap, \u0130ngiliz siyasetinin \u015fimdiye dek hi\u00e7 irdelenmemi\u015f bir stratejisini daha a\u00e7\u0131\u011fa \u00e7\u0131kar\u0131yor; ticaret, siyaset ve h\u00fckmetmek. &#8220;\u0130ngiltere Ortado\u011fu\u2019ya Nas\u0131l Girdi?&#8221;, her t\u00fcrl\u00fc okur kitlesinin istifade edebilece\u011fi bir ara\u015ft\u0131rmad\u0131r. \u0130ngiltere\u2019nin Ortado\u011fu co\u011frafyas\u0131nda kendine nas\u0131l yer a\u00e7t\u0131\u011f\u0131n\u0131 anlaman\u0131n yan\u0131 s\u0131ra g\u00fcn\u00fcm\u00fcz Ortado\u011fu \u00fclkelerinin me\u015fgul oldu\u011fu g\u00fcncel meselelere y\u00f6nelik cevaplar da sunmaktad\u0131r. <\/p>\n","protected":false},"excerpt":{"rendered":"<p>D\u00fcnya tarihinin \u00fczerinde g\u00fcne\u015f batmayan imparatorlu\u011fu \u0130ngiltere&#8217;nin Ortado\u011fu maceras\u0131 hangi fikirlerle ba\u015flad\u0131? Osmanl\u0131 \u0130mparatorlu\u011fu ile \u0130ngiltere&#8217;nin Ortado\u011fu&#8217;daki s\u0131ra d\u0131\u015f\u0131 m\u00fccadelesinde neler ya\u015fand\u0131? \u0130ngiltere&#8217;nin Ortado\u011fu&#8217;daki stratejisinde konsolosluklar\u0131n<span class=\"excerpt-hellip\"> [\u2026]<\/span><\/p>\n","protected":false},"featured_media":0,"template":"","meta":{"_monsterinsights_skip_tracking":false,"_monsterinsights_sitenote_active":false,"_monsterinsights_sitenote_note":"","_monsterinsights_sitenote_category":0},"product_brand":[],"product_cat":[12370,12304],"product_tag":[],"class_list":{"0":"post-716433","1":"product","2":"type-product","3":"status-publish","5":"product_cat-arastirma-inceleme","6":"product_cat-tarih","7":"pa_cilt-ciltsiz","8":"pa_tur-kitap","9":"pa_yayinevi-kronik-kitap","10":"pa_yazar-nurcan-ozkaplan-yurdakul","12":"first","13":"instock","14":"sale","15":"shipping-taxable","16":"purchasable","17":"product-type-simple"},"_links":{"self":[{"href":"https:\/\/roveyayinevi.com.tr\/index.php\/wp-json\/wp\/v2\/product\/716433","targetHints":{"allow":["GET"]}}],"collection":[{"href":"https:\/\/roveyayinevi.com.tr\/index.php\/wp-json\/wp\/v2\/product"}],"about":[{"href":"https:\/\/roveyayinevi.com.tr\/index.php\/wp-json\/wp\/v2\/types\/product"}],"wp:attachment":[{"href":"https:\/\/roveyayinevi.com.tr\/index.php\/wp-json\/wp\/v2\/media?parent=716433"}],"wp:term":[{"taxonomy":"product_brand","embeddable":true,"href":"https:\/\/roveyayinevi.com.tr\/index.php\/wp-json\/wp\/v2\/product_brand?post=716433"},{"taxonomy":"product_cat","embeddable":true,"href":"https:\/\/roveyayinevi.com.tr\/index.php\/wp-json\/wp\/v2\/product_cat?post=716433"},{"taxonomy":"product_tag","embeddable":true,"href":"https:\/\/roveyayinevi.com.tr\/index.php\/wp-json\/wp\/v2\/product_tag?post=716433"}],"curies":[{"name":"wp","href":"https:\/\/api.w.org\/{rel}","templated":true}]}}