{"id":716425,"date":"2025-08-27T17:42:31","date_gmt":"2025-08-27T14:42:31","guid":{"rendered":"https:\/\/roveyayinevi.com.tr\/index.php\/urun\/antik-caglardan-gunumuze-mimarligin-oykusu\/"},"modified":"2026-04-16T02:24:38","modified_gmt":"2026-04-15T23:24:38","slug":"antik-caglardan-gunumuze-mimarligin-oykusu","status":"publish","type":"product","link":"https:\/\/roveyayinevi.com.tr\/index.php\/urun\/antik-caglardan-gunumuze-mimarligin-oykusu\/","title":{"rendered":"Antik \u00c7a\u011flardan  G\u00fcn\u00fcm\u00fcze &#8211; Mimarl\u0131\u011f\u0131n \u00d6yk\u00fcs\u00fc"},"content":{"rendered":"<p>&#8220;D\u00f6rt duvar\u201d ve \u201cba\u015f\u0131n\u0131n \u00fcst\u00fcnde bir \u00e7at\u0131\u201d insan\u0131 kendisini saran \u00e7evreden ay\u0131r\u0131r, korunma sa\u011flar. \u015eehirleri, kasabalar\u0131, k\u00f6yleri ya-\u015fan\u0131l\u0131r k\u0131lar. Bir co\u011frafyan\u0131n haf\u0131zas\u0131 \u00e7o\u011fu zaman mimarinin koru-nup korunmamas\u0131yla belirlenir. Belki de mimari, herhangi ba\u015fka bir insan yarat\u0131s\u0131ndan \u00e7ok da-ha fazla toplumsal ba\u011flam\u0131 ifade eder. \u00c7\u00fcnk\u00fc yap\u0131m, neredeyse her zaman sosyal alanda ger\u00e7ekle\u015fen, toplumsal bir eylemdir. Hal b\u00f6yle olunca bu \u00f6nemli sanat\u0131n tarihi sadece mimarl\u0131\u011f\u0131n ve mi-marlar\u0131n de\u011fil, toplumlar\u0131n tarihine de \u0131\u015f\u0131k tutarJan Gympel Mimarl\u0131\u011f\u0131n \u00d6yk\u00fcs\u00fc kitab\u0131nda, engin bilgisiyle bu sa-nat\u0131n derinliklerine davet ediyor okuru. Bize de sayfalar aras\u0131nda bu \u00f6nemli sanat\u0131n g\u00f6rkeminin tad\u0131n\u0131 \u00e7\u0131karmak kal\u0131yor! <\/p>\n","protected":false},"excerpt":{"rendered":"<p>&#8220;D\u00f6rt duvar\u201d ve \u201cba\u015f\u0131n\u0131n \u00fcst\u00fcnde bir \u00e7at\u0131\u201d insan\u0131 kendisini saran \u00e7evreden ay\u0131r\u0131r, korunma sa\u011flar. \u015eehirleri, kasabalar\u0131, k\u00f6yleri ya-\u015fan\u0131l\u0131r k\u0131lar. Bir co\u011frafyan\u0131n haf\u0131zas\u0131 \u00e7o\u011fu zaman mimarinin koru-nup<span class=\"excerpt-hellip\"> [\u2026]<\/span><\/p>\n","protected":false},"featured_media":0,"template":"","meta":{"_monsterinsights_skip_tracking":false,"_monsterinsights_sitenote_active":false,"_monsterinsights_sitenote_note":"","_monsterinsights_sitenote_category":0},"product_brand":[],"product_cat":[13633,12324],"product_tag":[],"class_list":{"0":"post-716425","1":"product","2":"type-product","3":"status-publish","5":"product_cat-kultur-ve-bilim","6":"product_cat-sosyoloji","7":"pa_cilt-ciltli","8":"pa_tur-kitap","9":"pa_yayinevi-hep-kitap","10":"pa_yazar-jan-gympel","12":"first","13":"instock","14":"sale","15":"shipping-taxable","16":"purchasable","17":"product-type-simple"},"_links":{"self":[{"href":"https:\/\/roveyayinevi.com.tr\/index.php\/wp-json\/wp\/v2\/product\/716425","targetHints":{"allow":["GET"]}}],"collection":[{"href":"https:\/\/roveyayinevi.com.tr\/index.php\/wp-json\/wp\/v2\/product"}],"about":[{"href":"https:\/\/roveyayinevi.com.tr\/index.php\/wp-json\/wp\/v2\/types\/product"}],"wp:attachment":[{"href":"https:\/\/roveyayinevi.com.tr\/index.php\/wp-json\/wp\/v2\/media?parent=716425"}],"wp:term":[{"taxonomy":"product_brand","embeddable":true,"href":"https:\/\/roveyayinevi.com.tr\/index.php\/wp-json\/wp\/v2\/product_brand?post=716425"},{"taxonomy":"product_cat","embeddable":true,"href":"https:\/\/roveyayinevi.com.tr\/index.php\/wp-json\/wp\/v2\/product_cat?post=716425"},{"taxonomy":"product_tag","embeddable":true,"href":"https:\/\/roveyayinevi.com.tr\/index.php\/wp-json\/wp\/v2\/product_tag?post=716425"}],"curies":[{"name":"wp","href":"https:\/\/api.w.org\/{rel}","templated":true}]}}