{"id":716373,"date":"2025-08-27T17:41:57","date_gmt":"2025-08-27T14:41:57","guid":{"rendered":"https:\/\/roveyayinevi.com.tr\/index.php\/urun\/kula-kulluk-sorunu-bilimden-ve-ahlaktan-koparilan-toplumlar\/"},"modified":"2026-04-16T02:24:37","modified_gmt":"2026-04-15T23:24:37","slug":"kula-kulluk-sorunu-bilimden-ve-ahlaktan-koparilan-toplumlar","status":"publish","type":"product","link":"https:\/\/roveyayinevi.com.tr\/index.php\/urun\/kula-kulluk-sorunu-bilimden-ve-ahlaktan-koparilan-toplumlar\/","title":{"rendered":"Kula Kulluk Sorunu &#8211; Bilimden ve Ahlaktan Kopar\u0131lan Toplumlar"},"content":{"rendered":"<p>\u0130ktidarlar geliyor, iktidarlar gidiyor. \u0130nsanlar kal\u0131yor&#8230; Toplumlar insanlar\u0131n\u0131n var olan ya da yok olan \u00e7al\u0131\u015fkanl\u0131\u011f\u0131, giri\u015fimcili\u011fi ve erdemleri \u00fczerinden y\u00fckseliyor ya da al\u00e7al\u0131yorlar. \u0130lmen, ahl\u00e2ken, fikren ve vicdanen t\u00fckenmi\u015f olan insanlardan meydana gelen toplumlar\u0131n gelece\u011finin karanl\u0131k olaca\u011f\u0131n\u0131 ise tarih her an yaz\u0131yor, yazmaya devam ediyor&#8230; 15 Temmuz g\u00fcn\u00fc Allah\u2019a kulluk yerine \u201ckula kullu\u011fu\u201d esas alan bir \u015febekenin ger\u00e7ek y\u00fcz\u00fcyle tan\u0131\u015ft\u0131 T\u00fcrkiye. Y\u00fcce bir inanc\u0131n bir meczup elinde ne h\u00e2le d\u00fc\u015f\u00fcr\u00fcld\u00fc\u011f\u00fcn\u00fc herkes g\u00f6rd\u00fc. Bu \u00fclkenin i\u00e7inden \u00e7\u0131kan birilerinin kendi insanlar\u0131na, de\u011ferlerine ve simgelerine nas\u0131l hunharca sald\u0131rd\u0131\u011f\u0131na, ak\u0131ldan ve ahl\u00e2ktan kopar\u0131lan bireylerin, nas\u0131l zalim bir insan h\u00e2line d\u00f6n\u00fc\u015ft\u00fcr\u00fcld\u00fc\u011f\u00fcne \u015fahitlik etti. Bu \u00e7al\u0131\u015fma; \u0130slam dininin kula kullu\u011fu \u015firk olarak tan\u0131mlamas\u0131 ve lanetlemesine ra\u011fmen siyasi\/ekonomik ve sosyal d\u00fczenin kula kulluk temelinde nas\u0131l bi\u00e7imlendirildi\u011fi irdelemekte, &#8220;kula kulluk&#8221; temelinde ya\u015fanan s\u00fcre\u00e7te aileden t\u00fcketime, liderlikten idealizme, yabanc\u0131la\u015fmadan \u00f6rg\u00fctl\u00fc \u015fiddete uzanan k\u0131\u015fk\u0131rt\u0131c\u0131 yolun ac\u0131 ger\u00e7eklerini if\u015fa etmektedir. <\/p>\n","protected":false},"excerpt":{"rendered":"<p>\u0130ktidarlar geliyor, iktidarlar gidiyor. \u0130nsanlar kal\u0131yor&#8230; Toplumlar insanlar\u0131n\u0131n var olan ya da yok olan \u00e7al\u0131\u015fkanl\u0131\u011f\u0131, giri\u015fimcili\u011fi ve erdemleri \u00fczerinden y\u00fckseliyor ya da al\u00e7al\u0131yorlar. \u0130lmen, ahl\u00e2ken, fikren<span class=\"excerpt-hellip\"> [\u2026]<\/span><\/p>\n","protected":false},"featured_media":0,"template":"","meta":{"_monsterinsights_skip_tracking":false,"_monsterinsights_sitenote_active":false,"_monsterinsights_sitenote_note":"","_monsterinsights_sitenote_category":0},"product_brand":[],"product_cat":[13590,12337],"product_tag":[],"class_list":{"0":"post-716373","1":"product","2":"type-product","3":"status-publish","5":"product_cat-arastirma-inceleme-politika-siyaset","6":"product_cat-politika-siyaset","7":"pa_cilt-ciltsiz","8":"pa_tur-kitap","9":"pa_yayinevi-kripto-basim-yayin","10":"pa_yazar-ozcan-yeniceri","12":"first","13":"instock","14":"sale","15":"shipping-taxable","16":"purchasable","17":"product-type-simple"},"_links":{"self":[{"href":"https:\/\/roveyayinevi.com.tr\/index.php\/wp-json\/wp\/v2\/product\/716373","targetHints":{"allow":["GET"]}}],"collection":[{"href":"https:\/\/roveyayinevi.com.tr\/index.php\/wp-json\/wp\/v2\/product"}],"about":[{"href":"https:\/\/roveyayinevi.com.tr\/index.php\/wp-json\/wp\/v2\/types\/product"}],"wp:attachment":[{"href":"https:\/\/roveyayinevi.com.tr\/index.php\/wp-json\/wp\/v2\/media?parent=716373"}],"wp:term":[{"taxonomy":"product_brand","embeddable":true,"href":"https:\/\/roveyayinevi.com.tr\/index.php\/wp-json\/wp\/v2\/product_brand?post=716373"},{"taxonomy":"product_cat","embeddable":true,"href":"https:\/\/roveyayinevi.com.tr\/index.php\/wp-json\/wp\/v2\/product_cat?post=716373"},{"taxonomy":"product_tag","embeddable":true,"href":"https:\/\/roveyayinevi.com.tr\/index.php\/wp-json\/wp\/v2\/product_tag?post=716373"}],"curies":[{"name":"wp","href":"https:\/\/api.w.org\/{rel}","templated":true}]}}