{"id":716350,"date":"2025-08-27T17:41:42","date_gmt":"2025-08-27T14:41:42","guid":{"rendered":"https:\/\/roveyayinevi.com.tr\/index.php\/urun\/cagdas-turk-edebiyati-arastirmalari\/"},"modified":"2026-04-16T02:24:37","modified_gmt":"2026-04-15T23:24:37","slug":"cagdas-turk-edebiyati-arastirmalari","status":"publish","type":"product","link":"https:\/\/roveyayinevi.com.tr\/index.php\/urun\/cagdas-turk-edebiyati-arastirmalari\/","title":{"rendered":"\u00c7a\u011fda\u015f T\u00fcrk Edebiyat\u0131 Ara\u015ft\u0131rmalar\u0131"},"content":{"rendered":"<p>\u00c7a\u011fda\u015f T\u00fcrk Edebiyat\u0131 Ara\u015ft\u0131rmalar\u0131 adl\u0131 bu kitap, her yaz\u0131n\u0131n sonuna konulan yay\u0131n bilgisinden de anla\u015f\u0131laca\u011f\u0131 \u00fczere 1989-2018 y\u0131llar\u0131 aras\u0131nda bilimsel s\u00fcreli yay\u0131nlarda yay\u0131mlam\u0131\u015f oldu\u011fum \u00e7a\u011fda\u015f edebiyat ile ilgili ara\u015ft\u0131rmalar\u0131 bir araya getirmek amac\u0131yla haz\u0131rlanm\u0131\u015ft\u0131r. \u00d6n S\u00f6z\u201d ve \u201c\u0130\u00e7indekiler\u201dden sonra t\u00fcr ve tarih esas\u0131na g\u00f6re be\u015f b\u00f6l\u00fcm olarak d\u00fczenlenen eserde, akademik anlamda haz\u0131rlam\u0131\u015f oldu\u011fum -Sait Faik (1990), Samim Kocag\u00f6z (1994, 1998, 2013), Necati Cumal\u0131 (2001, 2011), \u0130lhan Ge\u00e7er (2005) ile ilgili monografilerden hareketle yay\u0131mlanm\u0131\u015f yaz\u0131lar yan\u0131nda yeni T\u00fcrk edebiyat\u0131n\u0131n \u00e7e\u015fitli eser ve konular\u0131 \u00fczerine yap\u0131lm\u0131\u015f \u00e7al\u0131\u015fmalara ve r\u00f6portajlara da yer verilmi\u015ftir.<\/p>\n","protected":false},"excerpt":{"rendered":"<p>\u00c7a\u011fda\u015f T\u00fcrk Edebiyat\u0131 Ara\u015ft\u0131rmalar\u0131 adl\u0131 bu kitap, her yaz\u0131n\u0131n sonuna konulan yay\u0131n bilgisinden de anla\u015f\u0131laca\u011f\u0131 \u00fczere 1989-2018 y\u0131llar\u0131 aras\u0131nda bilimsel s\u00fcreli yay\u0131nlarda yay\u0131mlam\u0131\u015f oldu\u011fum \u00e7a\u011fda\u015f edebiyat<span class=\"excerpt-hellip\"> [\u2026]<\/span><\/p>\n","protected":false},"featured_media":0,"template":"","meta":{"_monsterinsights_skip_tracking":false,"_monsterinsights_sitenote_active":false,"_monsterinsights_sitenote_note":"","_monsterinsights_sitenote_category":0},"product_brand":[],"product_cat":[12291,12292],"product_tag":[],"class_list":{"0":"post-716350","1":"product","2":"type-product","3":"status-publish","5":"product_cat-edebiyat","6":"product_cat-turk-edebiyati","7":"pa_cilt-ciltsiz","8":"pa_tur-kitap","9":"pa_yayinevi-ani-yayincilik","10":"pa_yazar-songul-tas","12":"first","13":"instock","14":"sale","15":"shipping-taxable","16":"purchasable","17":"product-type-simple"},"_links":{"self":[{"href":"https:\/\/roveyayinevi.com.tr\/index.php\/wp-json\/wp\/v2\/product\/716350","targetHints":{"allow":["GET"]}}],"collection":[{"href":"https:\/\/roveyayinevi.com.tr\/index.php\/wp-json\/wp\/v2\/product"}],"about":[{"href":"https:\/\/roveyayinevi.com.tr\/index.php\/wp-json\/wp\/v2\/types\/product"}],"wp:attachment":[{"href":"https:\/\/roveyayinevi.com.tr\/index.php\/wp-json\/wp\/v2\/media?parent=716350"}],"wp:term":[{"taxonomy":"product_brand","embeddable":true,"href":"https:\/\/roveyayinevi.com.tr\/index.php\/wp-json\/wp\/v2\/product_brand?post=716350"},{"taxonomy":"product_cat","embeddable":true,"href":"https:\/\/roveyayinevi.com.tr\/index.php\/wp-json\/wp\/v2\/product_cat?post=716350"},{"taxonomy":"product_tag","embeddable":true,"href":"https:\/\/roveyayinevi.com.tr\/index.php\/wp-json\/wp\/v2\/product_tag?post=716350"}],"curies":[{"name":"wp","href":"https:\/\/api.w.org\/{rel}","templated":true}]}}