{"id":716348,"date":"2025-08-27T17:41:41","date_gmt":"2025-08-27T14:41:41","guid":{"rendered":"https:\/\/roveyayinevi.com.tr\/index.php\/urun\/leyla-yokusu\/"},"modified":"2026-04-16T02:24:36","modified_gmt":"2026-04-15T23:24:36","slug":"leyla-yokusu","status":"publish","type":"product","link":"https:\/\/roveyayinevi.com.tr\/index.php\/urun\/leyla-yokusu\/","title":{"rendered":"Leyla Yoku\u015fu"},"content":{"rendered":"<p>Farkl\u0131 inan\u00e7lara sahip kalplerin ortak g\u00f6n\u00fcllerde bulu\u015fmas\u0131n\u0131n hik\u00e2yesi bu\u2026Bamba\u015fka d\u00fcnyalara ait insanlar\u0131n kesi\u015fen kaderleri\u2026Ger\u00e7ek huzurun ve a\u015fk\u0131n pe\u015finde be\u015fer\u00ee a\u015fk\u0131n manevi a\u015fkla kar\u015f\u0131 kar\u015f\u0131ya gelmesi\u2026Y\u0131llara yay\u0131lan hazin bir ayr\u0131l\u0131k hik\u00e2yesi ve aray\u0131\u015f i\u00e7indeki kalplerin \u0130slam\u2019la tan\u0131\u015fmas\u0131na vesile olan olaylar\u2026Elliyi a\u015fk\u0131n eseriyle T\u00fcrk edebiyat\u0131n\u0131n en \u00fcretken yazarlar\u0131 aras\u0131nda yer alan Ahmed G\u00fcnbay Y\u0131ld\u0131z, Leyla Yoku\u015fu\u2019nda farkl\u0131 d\u00fcnyalara ait insanlar\u0131n a\u015fk\u0131n pe\u015finde kesi\u015fen yollar\u0131n\u0131n zorluklar\u0131n\u0131 anlat\u0131yor.A\u015fka, hayata ve inanca dair sorularla dolu etkileyici bir roman: Leyla Yoku\u015fu\u2026<\/p>\n","protected":false},"excerpt":{"rendered":"<p>Farkl\u0131 inan\u00e7lara sahip kalplerin ortak g\u00f6n\u00fcllerde bulu\u015fmas\u0131n\u0131n hik\u00e2yesi bu\u2026Bamba\u015fka d\u00fcnyalara ait insanlar\u0131n kesi\u015fen kaderleri\u2026Ger\u00e7ek huzurun ve a\u015fk\u0131n pe\u015finde be\u015fer\u00ee a\u015fk\u0131n manevi a\u015fkla kar\u015f\u0131 kar\u015f\u0131ya gelmesi\u2026Y\u0131llara yay\u0131lan<span class=\"excerpt-hellip\"> [\u2026]<\/span><\/p>\n","protected":false},"featured_media":0,"template":"","meta":{"_monsterinsights_skip_tracking":false,"_monsterinsights_sitenote_active":false,"_monsterinsights_sitenote_note":"","_monsterinsights_sitenote_category":0},"product_brand":[],"product_cat":[12291,12711],"product_tag":[],"class_list":{"0":"post-716348","1":"product","2":"type-product","3":"status-publish","5":"product_cat-edebiyat","6":"product_cat-roman-oyku","7":"pa_cilt-ciltsiz","8":"pa_tur-kitap","9":"pa_yayinevi-timas-yayinlari","10":"pa_yazar-ahmed-gunbay-yildiz","12":"first","13":"instock","14":"sale","15":"shipping-taxable","16":"purchasable","17":"product-type-simple"},"_links":{"self":[{"href":"https:\/\/roveyayinevi.com.tr\/index.php\/wp-json\/wp\/v2\/product\/716348","targetHints":{"allow":["GET"]}}],"collection":[{"href":"https:\/\/roveyayinevi.com.tr\/index.php\/wp-json\/wp\/v2\/product"}],"about":[{"href":"https:\/\/roveyayinevi.com.tr\/index.php\/wp-json\/wp\/v2\/types\/product"}],"wp:attachment":[{"href":"https:\/\/roveyayinevi.com.tr\/index.php\/wp-json\/wp\/v2\/media?parent=716348"}],"wp:term":[{"taxonomy":"product_brand","embeddable":true,"href":"https:\/\/roveyayinevi.com.tr\/index.php\/wp-json\/wp\/v2\/product_brand?post=716348"},{"taxonomy":"product_cat","embeddable":true,"href":"https:\/\/roveyayinevi.com.tr\/index.php\/wp-json\/wp\/v2\/product_cat?post=716348"},{"taxonomy":"product_tag","embeddable":true,"href":"https:\/\/roveyayinevi.com.tr\/index.php\/wp-json\/wp\/v2\/product_tag?post=716348"}],"curies":[{"name":"wp","href":"https:\/\/api.w.org\/{rel}","templated":true}]}}