{"id":716339,"date":"2025-08-27T17:41:35","date_gmt":"2025-08-27T14:41:35","guid":{"rendered":"https:\/\/roveyayinevi.com.tr\/index.php\/urun\/caliskan-peygamberim-can-ile-canan-peygamberimizi-seviyoruz\/"},"modified":"2026-04-12T02:29:56","modified_gmt":"2026-04-11T23:29:56","slug":"caliskan-peygamberim-can-ile-canan-peygamberimizi-seviyoruz","status":"publish","type":"product","link":"https:\/\/roveyayinevi.com.tr\/index.php\/urun\/caliskan-peygamberim-can-ile-canan-peygamberimizi-seviyoruz\/","title":{"rendered":"\u00c7al\u0131\u015fkan Peygamberim &#8211; Can \u0130le Canan Peygamberimizi Seviyoruz"},"content":{"rendered":"<p>Merakl\u0131 \u0130kizler Can \u0130le Canan, kitapl\u0131ktan se\u00e7tikleri \u00e7ok g\u00fczel bir kitapla, Peygamberimizin ve arkada\u015flar\u0131n\u0131n ya\u015fad\u0131klar\u0131 mutluluk \u00e7a\u011f\u0131\u2019n\u0131 \u00e7ok daha yak\u0131ndan tan\u0131yor; bu kitab\u0131 yeni \u00f6\u011frendikleri etkili okuma y\u00f6ntemleri ile okurken, yeteneklerini ke\u015ffediyorlar.Bu kitapta, Peygamberimizin g\u00fczel ahlak\u0131ndan \u201c\u00c7al\u0131\u015fkanl\u0131k\u201d \u00fczerine bir\u00e7ok \u00f6rne\u011fe tan\u0131k olacaks\u0131n\u0131z.<\/p>\n","protected":false},"excerpt":{"rendered":"<p>Merakl\u0131 \u0130kizler Can \u0130le Canan, kitapl\u0131ktan se\u00e7tikleri \u00e7ok g\u00fczel bir kitapla, Peygamberimizin ve arkada\u015flar\u0131n\u0131n ya\u015fad\u0131klar\u0131 mutluluk \u00e7a\u011f\u0131\u2019n\u0131 \u00e7ok daha yak\u0131ndan tan\u0131yor; bu kitab\u0131 yeni \u00f6\u011frendikleri etkili<span class=\"excerpt-hellip\"> [\u2026]<\/span><\/p>\n","protected":false},"featured_media":0,"template":"","meta":{"_monsterinsights_skip_tracking":false,"_monsterinsights_sitenote_active":false,"_monsterinsights_sitenote_note":"","_monsterinsights_sitenote_category":0},"product_brand":[],"product_cat":[12274,12284],"product_tag":[],"class_list":{"0":"post-716339","1":"product","2":"type-product","3":"status-publish","5":"product_cat-cocuk-ve-genclik-kitaplari","6":"product_cat-hikayeler","7":"pa_cilt-ciltsiz","8":"pa_tur-kitap","9":"pa_yayinevi-timas-cocuk","10":"pa_yazar-nefise-atcakarlar","12":"first","13":"instock","14":"sale","15":"shipping-taxable","16":"purchasable","17":"product-type-simple"},"_links":{"self":[{"href":"https:\/\/roveyayinevi.com.tr\/index.php\/wp-json\/wp\/v2\/product\/716339","targetHints":{"allow":["GET"]}}],"collection":[{"href":"https:\/\/roveyayinevi.com.tr\/index.php\/wp-json\/wp\/v2\/product"}],"about":[{"href":"https:\/\/roveyayinevi.com.tr\/index.php\/wp-json\/wp\/v2\/types\/product"}],"wp:attachment":[{"href":"https:\/\/roveyayinevi.com.tr\/index.php\/wp-json\/wp\/v2\/media?parent=716339"}],"wp:term":[{"taxonomy":"product_brand","embeddable":true,"href":"https:\/\/roveyayinevi.com.tr\/index.php\/wp-json\/wp\/v2\/product_brand?post=716339"},{"taxonomy":"product_cat","embeddable":true,"href":"https:\/\/roveyayinevi.com.tr\/index.php\/wp-json\/wp\/v2\/product_cat?post=716339"},{"taxonomy":"product_tag","embeddable":true,"href":"https:\/\/roveyayinevi.com.tr\/index.php\/wp-json\/wp\/v2\/product_tag?post=716339"}],"curies":[{"name":"wp","href":"https:\/\/api.w.org\/{rel}","templated":true}]}}