{"id":716332,"date":"2025-08-27T17:41:30","date_gmt":"2025-08-27T14:41:30","guid":{"rendered":"https:\/\/roveyayinevi.com.tr\/index.php\/urun\/nationalgeographic-kids-turkan-saylan\/"},"modified":"2026-04-16T02:24:36","modified_gmt":"2026-04-15T23:24:36","slug":"nationalgeographic-kids-turkan-saylan","status":"publish","type":"product","link":"https:\/\/roveyayinevi.com.tr\/index.php\/urun\/nationalgeographic-kids-turkan-saylan\/","title":{"rendered":"NationalGeographic Kids T\u00fcrkan Saylan"},"content":{"rendered":"<p>T\u00fcrkan Saylan, idealist ve \u00e7al\u0131\u015fkan bir hekim olarak mesle\u011fine katk\u0131lar\u0131yla, k\u0131z \u00e7ocuklar\u0131n\u0131n e\u011fitim alarak toplumun her alan\u0131nda var olmas\u0131 i\u00e7in g\u00f6sterdi\u011fi ola\u011fan\u00fcst\u00fc \u00e7abayla, Cumhuriyet tarihinin en \u00f6nemli hekimlerinden ve sivil toplum \u00f6nderlerinden biridir. Bu kitapla T\u00fcrkan Saylan\u2019\u0131n: Ailesini ve \u00e7ocuklu\u011funu, \u0130\u00dc T\u0131p Fak\u00fcltesi y\u0131llar\u0131n\u0131, C\u00fczzamla m\u00fccadele etmek i\u00e7in yapt\u0131klar\u0131n\u0131, Gandi \u00d6d\u00fcl\u00fc\u2019n\u00fc neden ald\u0131\u011f\u0131n\u0131, Ay\u015fe Y\u00fcksel\u2019le yol arkada\u015fl\u0131\u011f\u0131n\u0131, Yol arkada\u015flar\u0131yla birlikte \u00c7a\u011fda\u015f Ya\u015fam\u0131 Destekleme Derne\u011fini nas\u0131l kurduklar\u0131n\u0131 ve derne\u011fin topluma katk\u0131lar\u0131n\u0131, Kardelenler Projesi\u2019ni ve projenin de\u011fi\u015ftirdi\u011fi hayatlar\u0131, Son y\u0131llar\u0131n\u0131, O\u011flu \u00c7\u0131nar \u00d6rge\u2019nin, onun ard\u0131ndan s\u00f6yledi\u011fi s\u00f6zleri \u00f6\u011freneceksiniz. <\/p>\n","protected":false},"excerpt":{"rendered":"<p>T\u00fcrkan Saylan, idealist ve \u00e7al\u0131\u015fkan bir hekim olarak mesle\u011fine katk\u0131lar\u0131yla, k\u0131z \u00e7ocuklar\u0131n\u0131n e\u011fitim alarak toplumun her alan\u0131nda var olmas\u0131 i\u00e7in g\u00f6sterdi\u011fi ola\u011fan\u00fcst\u00fc \u00e7abayla, Cumhuriyet tarihinin en<span class=\"excerpt-hellip\"> [\u2026]<\/span><\/p>\n","protected":false},"featured_media":0,"template":"","meta":{"_monsterinsights_skip_tracking":false,"_monsterinsights_sitenote_active":false,"_monsterinsights_sitenote_note":"","_monsterinsights_sitenote_category":0},"product_brand":[],"product_cat":[14009,12291],"product_tag":[],"class_list":{"0":"post-716332","1":"product","2":"type-product","3":"status-publish","5":"product_cat-biyografi-otobiyografi-edebiyat","6":"product_cat-edebiyat","7":"pa_cilt-ciltsiz","8":"pa_tur-kitap","9":"pa_yayinevi-beta-kids","10":"pa_yazar-nesrin-erdogan","12":"first","13":"instock","14":"sale","15":"shipping-taxable","16":"purchasable","17":"product-type-simple"},"_links":{"self":[{"href":"https:\/\/roveyayinevi.com.tr\/index.php\/wp-json\/wp\/v2\/product\/716332","targetHints":{"allow":["GET"]}}],"collection":[{"href":"https:\/\/roveyayinevi.com.tr\/index.php\/wp-json\/wp\/v2\/product"}],"about":[{"href":"https:\/\/roveyayinevi.com.tr\/index.php\/wp-json\/wp\/v2\/types\/product"}],"wp:attachment":[{"href":"https:\/\/roveyayinevi.com.tr\/index.php\/wp-json\/wp\/v2\/media?parent=716332"}],"wp:term":[{"taxonomy":"product_brand","embeddable":true,"href":"https:\/\/roveyayinevi.com.tr\/index.php\/wp-json\/wp\/v2\/product_brand?post=716332"},{"taxonomy":"product_cat","embeddable":true,"href":"https:\/\/roveyayinevi.com.tr\/index.php\/wp-json\/wp\/v2\/product_cat?post=716332"},{"taxonomy":"product_tag","embeddable":true,"href":"https:\/\/roveyayinevi.com.tr\/index.php\/wp-json\/wp\/v2\/product_tag?post=716332"}],"curies":[{"name":"wp","href":"https:\/\/api.w.org\/{rel}","templated":true}]}}