{"id":716299,"date":"2025-08-27T17:41:08","date_gmt":"2025-08-27T14:41:08","guid":{"rendered":"https:\/\/roveyayinevi.com.tr\/index.php\/urun\/iki-sehrin-hikayesi-8\/"},"modified":"2026-04-16T02:24:35","modified_gmt":"2026-04-15T23:24:35","slug":"iki-sehrin-hikayesi-8","status":"publish","type":"product","link":"https:\/\/roveyayinevi.com.tr\/index.php\/urun\/iki-sehrin-hikayesi-8\/","title":{"rendered":"\u0130ki \u015eehrin Hikayesi"},"content":{"rendered":"<p>\u0130ki \u015fehir; Frans\u0131z Devrimi\u2019nin ayak sesleriyle inleyen Paris ve monar\u015finin g\u00f6lgesinde sahte bir huzura teslim olmu\u015f Londra&#8230; 18 y\u0131l\u0131n\u0131 su\u00e7suz yere Paris\u2019teki bir zindanda ge\u00e7irdikten sonra \u00f6zg\u00fcrl\u00fc\u011f\u00fcne tekrar kavu\u015fan Doktor Manette, k\u0131z\u0131 Lucie ile beraber Londra\u2019ya ta\u015f\u0131n\u0131r. Bir Frans\u0131z soylusu olmas\u0131na ra\u011fmen \u0130ngiltere\u2019de sade bir ya\u015fam s\u00fcren Charles Darnay, doktorun k\u0131z\u0131 Lucie\u2019ye ilk g\u00f6r\u00fc\u015fte \u00e2\u015f\u0131k olmu\u015ftur. Fakat Lucie\u2019ye \u00e2\u015f\u0131k olan tek ki\u015fi o de\u011fildir. \u0130ngiliz avukat Sydney Carton da gen\u00e7 k\u0131za derin duygular beslemektedir. Kader, Londra\u2019da ya\u015fayan bu gen\u00e7leri birdendire Paris\u2019in alev alev yanan sokaklar\u0131na savurur. Kahramanlar\u0131m\u0131z burada a\u015fk\u0131n ve nefretin, dostlu\u011fun ve d\u00fc\u015fmanl\u0131\u011f\u0131n, ihanetin ve sadakatin en \u00e7arp\u0131c\u0131 \u00f6rneklerini tecr\u00fcbe ederler. <\/p>\n","protected":false},"excerpt":{"rendered":"<p>\u0130ki \u015fehir; Frans\u0131z Devrimi\u2019nin ayak sesleriyle inleyen Paris ve monar\u015finin g\u00f6lgesinde sahte bir huzura teslim olmu\u015f Londra&#8230; 18 y\u0131l\u0131n\u0131 su\u00e7suz yere Paris\u2019teki bir zindanda ge\u00e7irdikten sonra<span class=\"excerpt-hellip\"> [\u2026]<\/span><\/p>\n","protected":false},"featured_media":0,"template":"","meta":{"_monsterinsights_skip_tracking":false,"_monsterinsights_sitenote_active":false,"_monsterinsights_sitenote_note":"","_monsterinsights_sitenote_category":0},"product_brand":[],"product_cat":[12274,12467],"product_tag":[],"class_list":{"0":"post-716299","1":"product","2":"type-product","3":"status-publish","5":"product_cat-cocuk-ve-genclik-kitaplari","6":"product_cat-dunya-klasikleri","7":"pa_cilt-ciltsiz","8":"pa_tur-kitap","9":"pa_yayinevi-fark-yayinlari","10":"pa_yazar-charles-dickens","12":"first","13":"instock","14":"sale","15":"shipping-taxable","16":"purchasable","17":"product-type-simple"},"_links":{"self":[{"href":"https:\/\/roveyayinevi.com.tr\/index.php\/wp-json\/wp\/v2\/product\/716299","targetHints":{"allow":["GET"]}}],"collection":[{"href":"https:\/\/roveyayinevi.com.tr\/index.php\/wp-json\/wp\/v2\/product"}],"about":[{"href":"https:\/\/roveyayinevi.com.tr\/index.php\/wp-json\/wp\/v2\/types\/product"}],"wp:attachment":[{"href":"https:\/\/roveyayinevi.com.tr\/index.php\/wp-json\/wp\/v2\/media?parent=716299"}],"wp:term":[{"taxonomy":"product_brand","embeddable":true,"href":"https:\/\/roveyayinevi.com.tr\/index.php\/wp-json\/wp\/v2\/product_brand?post=716299"},{"taxonomy":"product_cat","embeddable":true,"href":"https:\/\/roveyayinevi.com.tr\/index.php\/wp-json\/wp\/v2\/product_cat?post=716299"},{"taxonomy":"product_tag","embeddable":true,"href":"https:\/\/roveyayinevi.com.tr\/index.php\/wp-json\/wp\/v2\/product_tag?post=716299"}],"curies":[{"name":"wp","href":"https:\/\/api.w.org\/{rel}","templated":true}]}}