{"id":716295,"date":"2025-08-27T17:41:06","date_gmt":"2025-08-27T14:41:06","guid":{"rendered":"https:\/\/roveyayinevi.com.tr\/index.php\/urun\/siyah-lale-8\/"},"modified":"2026-04-16T02:24:35","modified_gmt":"2026-04-15T23:24:35","slug":"siyah-lale-8","status":"publish","type":"product","link":"https:\/\/roveyayinevi.com.tr\/index.php\/urun\/siyah-lale-8\/","title":{"rendered":"Siyah Lale"},"content":{"rendered":"<p>Cornelius Van Baerle, hayat\u0131n\u0131 \u00e7i\u00e7ek yeti\u015ftiricili\u011fine adam\u0131\u015f, iyi y\u00fcrekli bir gen\u00e7 adamd\u0131r. Haarlem Bah\u00e7ecilik Derne\u011fi\u2019nin siyah lale yeti\u015ftiren ki\u015fiye b\u00fcy\u00fck bir \u00f6d\u00fcl verece\u011fini duyurmas\u0131yla, t\u00fcm \u00e7i\u00e7ek\u00e7iler gibi Van Baerle de siyah lale yeti\u015ftirmenin derdine d\u00fc\u015fer. Ancak k\u0131skan\u00e7 kom\u015fusu Bokstel de g\u00f6z\u00fcn\u00fc ayn\u0131 hedefe dikmi\u015ftir. Uzun u\u011fra\u015flar sonucu \u00fc\u00e7 adet siyah lale so\u011fan\u0131 elde etmeyi ba\u015faran Van Baerle, kom\u015fusu Bokstel\u2019in kurdu\u011fu bir tuzak sonucu su\u00e7suz yere tutuklanarak m\u00fcebbet hapis cezas\u0131na \u00e7arpt\u0131r\u0131l\u0131r. Fakat siyah laleyi yeti\u015ftirmekten asla vazge\u00e7mez. \u00dcstelik bu konuda art\u0131k yaln\u0131z da de\u011fildir. Gardiyan\u0131n g\u00fczeller g\u00fczeli k\u0131z\u0131 Rosa, deliler gibi \u00e2\u015f\u0131k oldu\u011fu Van Baerle\u2019ye destek olabilmek i\u00e7in var\u0131n\u0131 yo\u011funu ortaya koymaktad\u0131r. <\/p>\n","protected":false},"excerpt":{"rendered":"<p>Cornelius Van Baerle, hayat\u0131n\u0131 \u00e7i\u00e7ek yeti\u015ftiricili\u011fine adam\u0131\u015f, iyi y\u00fcrekli bir gen\u00e7 adamd\u0131r. Haarlem Bah\u00e7ecilik Derne\u011fi\u2019nin siyah lale yeti\u015ftiren ki\u015fiye b\u00fcy\u00fck bir \u00f6d\u00fcl verece\u011fini duyurmas\u0131yla, t\u00fcm \u00e7i\u00e7ek\u00e7iler<span class=\"excerpt-hellip\"> [\u2026]<\/span><\/p>\n","protected":false},"featured_media":0,"template":"","meta":{"_monsterinsights_skip_tracking":false,"_monsterinsights_sitenote_active":false,"_monsterinsights_sitenote_note":"","_monsterinsights_sitenote_category":0},"product_brand":[],"product_cat":[12274,12467],"product_tag":[],"class_list":{"0":"post-716295","1":"product","2":"type-product","3":"status-publish","5":"product_cat-cocuk-ve-genclik-kitaplari","6":"product_cat-dunya-klasikleri","7":"pa_cilt-ciltsiz","8":"pa_tur-kitap","9":"pa_yayinevi-fark-yayinlari","10":"pa_yazar-alexandre-dumas","12":"first","13":"instock","14":"sale","15":"shipping-taxable","16":"purchasable","17":"product-type-simple"},"_links":{"self":[{"href":"https:\/\/roveyayinevi.com.tr\/index.php\/wp-json\/wp\/v2\/product\/716295","targetHints":{"allow":["GET"]}}],"collection":[{"href":"https:\/\/roveyayinevi.com.tr\/index.php\/wp-json\/wp\/v2\/product"}],"about":[{"href":"https:\/\/roveyayinevi.com.tr\/index.php\/wp-json\/wp\/v2\/types\/product"}],"wp:attachment":[{"href":"https:\/\/roveyayinevi.com.tr\/index.php\/wp-json\/wp\/v2\/media?parent=716295"}],"wp:term":[{"taxonomy":"product_brand","embeddable":true,"href":"https:\/\/roveyayinevi.com.tr\/index.php\/wp-json\/wp\/v2\/product_brand?post=716295"},{"taxonomy":"product_cat","embeddable":true,"href":"https:\/\/roveyayinevi.com.tr\/index.php\/wp-json\/wp\/v2\/product_cat?post=716295"},{"taxonomy":"product_tag","embeddable":true,"href":"https:\/\/roveyayinevi.com.tr\/index.php\/wp-json\/wp\/v2\/product_tag?post=716295"}],"curies":[{"name":"wp","href":"https:\/\/api.w.org\/{rel}","templated":true}]}}