{"id":716290,"date":"2025-08-27T17:41:03","date_gmt":"2025-08-27T14:41:03","guid":{"rendered":"https:\/\/roveyayinevi.com.tr\/index.php\/urun\/ideoloji-uretme-ciftlikleri-universiteler\/"},"modified":"2026-04-16T02:24:35","modified_gmt":"2026-04-15T23:24:35","slug":"ideoloji-uretme-ciftlikleri-universiteler","status":"publish","type":"product","link":"https:\/\/roveyayinevi.com.tr\/index.php\/urun\/ideoloji-uretme-ciftlikleri-universiteler\/","title":{"rendered":"\u0130deoloji \u00dcretme \u00c7iftlikleri &#8211; \u00dcniversiteler"},"content":{"rendered":"<p>Bilim ve teknolojinin ba\u015f d\u00f6nd\u00fcr\u00fcc\u00fc bir h\u0131zla geli\u015fmesinden dolay\u0131, 21. y\u00fczy\u0131l i\u00e7in Bilim \u00c7a\u011f\u0131 ad\u0131 herkesin dilinde yer etmeye ve kafas\u0131nda kabul g\u00f6rmeye ba\u015flam\u0131\u015ft\u0131\u2026 D\u00fcnya da ikiye ayr\u0131l\u0131yordu: Bilenler ve Bilmeyenler! Bilenler, Efendi\u2026 Bilmeyenler K\u00f6le\/S\u00f6m\u00fcrge olacaklard\u0131!.. Bu, ka\u00e7\u0131n\u0131lmaz sondur! Efendiler saf\u0131nda yer alabilmenin bir tek \u015fart\u0131 var: Bilim \u00fcretmek! Peki bilim nerede, nas\u0131l \u00fcretilecek? \u00dcniversitelerde!.. Ge\u00e7mi\u015f \u00e7a\u011flarda milletler birbirlerinin lokmalar\u0131na g\u00f6z diktiklerinde, meydanlarda sava\u015f\u0131rlard\u0131\u2026 Hal\u00e2 da bu y\u00f6ntem ge\u00e7erli. Ancak bundan sonra, buna \u00e7ok fazla ihtiya\u00e7 kalmayacak gibi g\u00f6r\u00fcn\u00fcyor!.. Bilim \u00fcretmesini engelle, yeter!.. Nas\u0131l engelleyeceksin?.. Bilim \u00fcretme merkezleri olan \u00fcniversiteleri, ideoloji \u00fcretme \u00e7iftliklerine \u00e7evir, yeter! <\/p>\n","protected":false},"excerpt":{"rendered":"<p>Bilim ve teknolojinin ba\u015f d\u00f6nd\u00fcr\u00fcc\u00fc bir h\u0131zla geli\u015fmesinden dolay\u0131, 21. y\u00fczy\u0131l i\u00e7in Bilim \u00c7a\u011f\u0131 ad\u0131 herkesin dilinde yer etmeye ve kafas\u0131nda kabul g\u00f6rmeye ba\u015flam\u0131\u015ft\u0131\u2026 D\u00fcnya da<span class=\"excerpt-hellip\"> [\u2026]<\/span><\/p>\n","protected":false},"featured_media":0,"template":"","meta":{"_monsterinsights_skip_tracking":false,"_monsterinsights_sitenote_active":false,"_monsterinsights_sitenote_note":"","_monsterinsights_sitenote_category":0},"product_brand":[],"product_cat":[31194,12337],"product_tag":[],"class_list":{"0":"post-716290","1":"product","2":"type-product","3":"status-publish","5":"product_cat-guncel-siyaset","6":"product_cat-politika-siyaset","7":"pa_cilt-ciltsiz","8":"pa_tur-kitap","9":"pa_yayinevi-hayat-yayinlari","10":"pa_yazar-mehmet-celik","12":"first","13":"instock","14":"sale","15":"shipping-taxable","16":"purchasable","17":"product-type-simple"},"_links":{"self":[{"href":"https:\/\/roveyayinevi.com.tr\/index.php\/wp-json\/wp\/v2\/product\/716290","targetHints":{"allow":["GET"]}}],"collection":[{"href":"https:\/\/roveyayinevi.com.tr\/index.php\/wp-json\/wp\/v2\/product"}],"about":[{"href":"https:\/\/roveyayinevi.com.tr\/index.php\/wp-json\/wp\/v2\/types\/product"}],"wp:attachment":[{"href":"https:\/\/roveyayinevi.com.tr\/index.php\/wp-json\/wp\/v2\/media?parent=716290"}],"wp:term":[{"taxonomy":"product_brand","embeddable":true,"href":"https:\/\/roveyayinevi.com.tr\/index.php\/wp-json\/wp\/v2\/product_brand?post=716290"},{"taxonomy":"product_cat","embeddable":true,"href":"https:\/\/roveyayinevi.com.tr\/index.php\/wp-json\/wp\/v2\/product_cat?post=716290"},{"taxonomy":"product_tag","embeddable":true,"href":"https:\/\/roveyayinevi.com.tr\/index.php\/wp-json\/wp\/v2\/product_tag?post=716290"}],"curies":[{"name":"wp","href":"https:\/\/api.w.org\/{rel}","templated":true}]}}