{"id":716288,"date":"2025-08-27T17:41:01","date_gmt":"2025-08-27T14:41:01","guid":{"rendered":"https:\/\/roveyayinevi.com.tr\/index.php\/urun\/haydi-zafere-ruyadaki-sultanlar-1\/"},"modified":"2026-04-16T02:24:35","modified_gmt":"2026-04-15T23:24:35","slug":"haydi-zafere-ruyadaki-sultanlar-1","status":"publish","type":"product","link":"https:\/\/roveyayinevi.com.tr\/index.php\/urun\/haydi-zafere-ruyadaki-sultanlar-1\/","title":{"rendered":"Haydi Zafere &#8211; R\u00fcyadaki Sultanlar 1"},"content":{"rendered":"<p>Tarihe merakl\u0131 Serdar\u2019\u0131n ve karde\u015fi G\u00fclbanu&#8217;nun \u00f6yle bir babaanneleri var ki, onlar\u0131 kesin k\u0131skanacaks\u0131n\u0131z. Neden benim babaannem b\u00f6yle de\u011fil diye!.. Durun! B\u00fcy\u00fcklerinizle aran\u0131z\u0131 a\u00e7may\u0131n. O babaanne sizin de babaanneniz olabilir. Nas\u0131l m\u0131? Muhte\u015fem babaannenin biraz bilgilendirici, biraz d\u00fc\u015f\u00fcnd\u00fcr\u00fcc\u00fc, tabii ki \u00e7ok\u00e7a e\u011flendirici sohbetlerine ve gezilerine kat\u0131larak&#8230; R\u00fcya ile devlet kuran Osman Bey&#8217;i, Temelleri sa\u011flamla\u015ft\u0131ran Orhan Gazi&#8217;yi, Rumeli fatihi ve \u015fehidi I. Murad&#8217;\u0131, \u0130stanbul&#8217;u \u00e7ok isteyen Y\u0131ld\u0131r\u0131m&#8217;\u0131, Devletin ikinci kurucusu \u00c7elebi Mehmed&#8217;i, Fatih yeti\u015ftiren II. Murad&#8217;\u0131, babaannenin doyumsuz Sultanlar Saati&#8217;nde \u00f6\u011frenebilirsiniz. \u00dcstelik sadece k\u00fc\u00e7\u00fckler de\u011fil, b\u00fcy\u00fckler de&#8230;<\/p>\n","protected":false},"excerpt":{"rendered":"<p>Tarihe merakl\u0131 Serdar\u2019\u0131n ve karde\u015fi G\u00fclbanu&#8217;nun \u00f6yle bir babaanneleri var ki, onlar\u0131 kesin k\u0131skanacaks\u0131n\u0131z. Neden benim babaannem b\u00f6yle de\u011fil diye!.. Durun! B\u00fcy\u00fcklerinizle aran\u0131z\u0131 a\u00e7may\u0131n. O babaanne<span class=\"excerpt-hellip\"> [\u2026]<\/span><\/p>\n","protected":false},"featured_media":0,"template":"","meta":{"_monsterinsights_skip_tracking":false,"_monsterinsights_sitenote_active":false,"_monsterinsights_sitenote_note":"","_monsterinsights_sitenote_category":0},"product_brand":[],"product_cat":[12275,12274],"product_tag":[],"class_list":{"0":"post-716288","1":"product","2":"type-product","3":"status-publish","5":"product_cat-6-12-yas-kitaplari","6":"product_cat-cocuk-ve-genclik-kitaplari","7":"pa_cilt-ciltsiz","8":"pa_tur-kitap","9":"pa_yayinevi-genc-hayat","10":"pa_yazar-ali-karacam","12":"first","13":"instock","14":"sale","15":"shipping-taxable","16":"purchasable","17":"product-type-simple"},"_links":{"self":[{"href":"https:\/\/roveyayinevi.com.tr\/index.php\/wp-json\/wp\/v2\/product\/716288","targetHints":{"allow":["GET"]}}],"collection":[{"href":"https:\/\/roveyayinevi.com.tr\/index.php\/wp-json\/wp\/v2\/product"}],"about":[{"href":"https:\/\/roveyayinevi.com.tr\/index.php\/wp-json\/wp\/v2\/types\/product"}],"wp:attachment":[{"href":"https:\/\/roveyayinevi.com.tr\/index.php\/wp-json\/wp\/v2\/media?parent=716288"}],"wp:term":[{"taxonomy":"product_brand","embeddable":true,"href":"https:\/\/roveyayinevi.com.tr\/index.php\/wp-json\/wp\/v2\/product_brand?post=716288"},{"taxonomy":"product_cat","embeddable":true,"href":"https:\/\/roveyayinevi.com.tr\/index.php\/wp-json\/wp\/v2\/product_cat?post=716288"},{"taxonomy":"product_tag","embeddable":true,"href":"https:\/\/roveyayinevi.com.tr\/index.php\/wp-json\/wp\/v2\/product_tag?post=716288"}],"curies":[{"name":"wp","href":"https:\/\/api.w.org\/{rel}","templated":true}]}}