{"id":716287,"date":"2025-08-27T17:41:01","date_gmt":"2025-08-27T14:41:01","guid":{"rendered":"https:\/\/roveyayinevi.com.tr\/index.php\/urun\/sut-disim-nerede\/"},"modified":"2026-04-16T02:24:35","modified_gmt":"2026-04-15T23:24:35","slug":"sut-disim-nerede","status":"publish","type":"product","link":"https:\/\/roveyayinevi.com.tr\/index.php\/urun\/sut-disim-nerede\/","title":{"rendered":"S\u00fct Di\u015fim Nerede ?"},"content":{"rendered":"<p>S\u00fct di\u015flerinden biri sallanmaya ba\u015flad\u0131. Demek ki art\u0131k b\u00fcy\u00fcyorsun&#8230; Bu duruma sevinmi\u015f olmal\u0131s\u0131n. Belki de biraz endi\u015felendin. Ama merak etme, bir tek senin de\u011fil, arkada\u015flar\u0131n\u0131n da s\u00fct di\u015fleri sallan\u0131yor ve yerine kal\u0131c\u0131 di\u015fler geliyor. Peki d\u00fc\u015fen s\u00fct di\u015flerine ne mi olur? D\u00fc\u015fen ilk s\u00fct di\u015fin, \u015fimdi nerede? Sen \u00f6nce \u0131\u015f\u0131l \u0131\u015f\u0131l g\u00fcl\u00fcmse, di\u015flerine iyi bak ve Deniz\u2019in hik\u00e2yesiyle birlikte her k\u00fclt\u00fcrde d\u00fc\u015fen s\u00fct di\u015fleriyle neler yap\u0131ld\u0131\u011f\u0131n\u0131 ke\u015ffet. Acaba Deniz\u2019in s\u00fct di\u015fi nerede? \u00c7ocuk Di\u015f Hekimi Nida H\u00fcro\u011flu, bu e\u011flenceli hik\u00e2yeyle, ilk s\u00fct di\u015fini d\u00fc\u015f\u00fcren farkl\u0131 \u00fclkelerin \u00e7ocuklar\u0131n\u0131n deneyimlerine tan\u0131k olmayan \u00e7a\u011f\u0131r\u0131yor okurlar\u0131. <\/p>\n","protected":false},"excerpt":{"rendered":"<p>S\u00fct di\u015flerinden biri sallanmaya ba\u015flad\u0131. Demek ki art\u0131k b\u00fcy\u00fcyorsun&#8230; Bu duruma sevinmi\u015f olmal\u0131s\u0131n. Belki de biraz endi\u015felendin. Ama merak etme, bir tek senin de\u011fil, arkada\u015flar\u0131n\u0131n da<span class=\"excerpt-hellip\"> [\u2026]<\/span><\/p>\n","protected":false},"featured_media":0,"template":"","meta":{"_monsterinsights_skip_tracking":false,"_monsterinsights_sitenote_active":false,"_monsterinsights_sitenote_note":"","_monsterinsights_sitenote_category":0},"product_brand":[],"product_cat":[12913,12274],"product_tag":[],"class_list":{"0":"post-716287","1":"product","2":"type-product","3":"status-publish","5":"product_cat-3-6-yas-kitaplari","6":"product_cat-cocuk-ve-genclik-kitaplari","7":"pa_cilt-ciltsiz","8":"pa_tur-kitap","9":"pa_yayinevi-beta-kids","10":"pa_yazar-nida-huroglu","12":"first","13":"instock","14":"sale","15":"shipping-taxable","16":"purchasable","17":"product-type-simple"},"_links":{"self":[{"href":"https:\/\/roveyayinevi.com.tr\/index.php\/wp-json\/wp\/v2\/product\/716287","targetHints":{"allow":["GET"]}}],"collection":[{"href":"https:\/\/roveyayinevi.com.tr\/index.php\/wp-json\/wp\/v2\/product"}],"about":[{"href":"https:\/\/roveyayinevi.com.tr\/index.php\/wp-json\/wp\/v2\/types\/product"}],"wp:attachment":[{"href":"https:\/\/roveyayinevi.com.tr\/index.php\/wp-json\/wp\/v2\/media?parent=716287"}],"wp:term":[{"taxonomy":"product_brand","embeddable":true,"href":"https:\/\/roveyayinevi.com.tr\/index.php\/wp-json\/wp\/v2\/product_brand?post=716287"},{"taxonomy":"product_cat","embeddable":true,"href":"https:\/\/roveyayinevi.com.tr\/index.php\/wp-json\/wp\/v2\/product_cat?post=716287"},{"taxonomy":"product_tag","embeddable":true,"href":"https:\/\/roveyayinevi.com.tr\/index.php\/wp-json\/wp\/v2\/product_tag?post=716287"}],"curies":[{"name":"wp","href":"https:\/\/api.w.org\/{rel}","templated":true}]}}