{"id":716239,"date":"2025-08-27T17:40:30","date_gmt":"2025-08-27T14:40:30","guid":{"rendered":"https:\/\/roveyayinevi.com.tr\/index.php\/urun\/gunese-tutulan-ayna\/"},"modified":"2026-04-16T02:24:34","modified_gmt":"2026-04-15T23:24:34","slug":"gunese-tutulan-ayna","status":"publish","type":"product","link":"https:\/\/roveyayinevi.com.tr\/index.php\/urun\/gunese-tutulan-ayna\/","title":{"rendered":"G\u00fcne\u015fe Tutulan Ayna"},"content":{"rendered":"<p>\u015eiir, \u201cG\u00fczellik g\u00fcne\u015fi\u201dnin \u201cs\u00f6z ikl\u00eemi\u201dne aksedi\u015fidir. Ve her bir hak\u00eek\u00ee \u015fiir, bu d\u00fcnyay\u0131 daha ayd\u0131nl\u0131k k\u0131lmak i\u00e7in o g\u00fcne\u015fe tutulmu\u015f birer aynad\u0131r. \u015eairlerse, bu aynalarla bizim g\u00f6z\u00fcm\u00fcz\u00fc alan bir \u0131\u015f\u0131k c\u00fcmb\u00fc\u015f\u00fc olu\u015fturan ha\u015far\u0131 \u00e7ocuklar&#8230; Bu \u0131\u015f\u0131k oyunu kiminin kaleminde bir hava*ifi\u015fek g\u00f6sterisi, kimininkinde ise bir \u015fehr\u00e2yin&#8230; Bizim burada yapmaya \u00e7al\u0131\u015ft\u0131\u011f\u0131m\u0131z ise, g\u00fcne\u015fi yans\u0131tan bu aynalara ikinci bir ayna tutmak. O aynalar\u0131n \u0131\u015f\u0131\u011f\u0131n\u0131 farkl\u0131 cihetlere, farkl\u0131 a\u00e7\u0131lardan bir nebze de olsa y\u00f6neltmeye \u00e7al\u0131\u015fmak. Bir bak\u0131ma, \u00c2saf Halet\u2019in \u201cayna ayna i\u00e7inde\u201d dedi\u011fi durum&#8230; Kimi boy, kimi cep, kimi i\u00e7b\u00fckey, kimi d\u0131\u015fb\u00fckey, kimi dev, kimi dikiz, kimi kahkaha aynas\u0131&#8230; Kimi de \u201cs\u0131rl\u0131\u201d ayna&#8230; Kar\u015f\u0131lar\u0131na ge\u00e7ip sormak bize d\u00fc\u015f\u00fcyor: \u201cAyna ayna! S\u00f6yle bana&#8230;\u201d <\/p>\n","protected":false},"excerpt":{"rendered":"<p>\u015eiir, \u201cG\u00fczellik g\u00fcne\u015fi\u201dnin \u201cs\u00f6z ikl\u00eemi\u201dne aksedi\u015fidir. Ve her bir hak\u00eek\u00ee \u015fiir, bu d\u00fcnyay\u0131 daha ayd\u0131nl\u0131k k\u0131lmak i\u00e7in o g\u00fcne\u015fe tutulmu\u015f birer aynad\u0131r. \u015eairlerse, bu aynalarla bizim<span class=\"excerpt-hellip\"> [\u2026]<\/span><\/p>\n","protected":false},"featured_media":0,"template":"","meta":{"_monsterinsights_skip_tracking":false,"_monsterinsights_sitenote_active":false,"_monsterinsights_sitenote_note":"","_monsterinsights_sitenote_category":0},"product_brand":[],"product_cat":[12291,12509],"product_tag":[],"class_list":{"0":"post-716239","1":"product","2":"type-product","3":"status-publish","5":"product_cat-edebiyat","6":"product_cat-siir","7":"pa_cilt-ciltsiz","8":"pa_tur-kitap","9":"pa_yayinevi-ketebe-yayinlari","10":"pa_yazar-m-fatih-andi","12":"first","13":"instock","14":"sale","15":"shipping-taxable","16":"purchasable","17":"product-type-simple"},"_links":{"self":[{"href":"https:\/\/roveyayinevi.com.tr\/index.php\/wp-json\/wp\/v2\/product\/716239","targetHints":{"allow":["GET"]}}],"collection":[{"href":"https:\/\/roveyayinevi.com.tr\/index.php\/wp-json\/wp\/v2\/product"}],"about":[{"href":"https:\/\/roveyayinevi.com.tr\/index.php\/wp-json\/wp\/v2\/types\/product"}],"wp:attachment":[{"href":"https:\/\/roveyayinevi.com.tr\/index.php\/wp-json\/wp\/v2\/media?parent=716239"}],"wp:term":[{"taxonomy":"product_brand","embeddable":true,"href":"https:\/\/roveyayinevi.com.tr\/index.php\/wp-json\/wp\/v2\/product_brand?post=716239"},{"taxonomy":"product_cat","embeddable":true,"href":"https:\/\/roveyayinevi.com.tr\/index.php\/wp-json\/wp\/v2\/product_cat?post=716239"},{"taxonomy":"product_tag","embeddable":true,"href":"https:\/\/roveyayinevi.com.tr\/index.php\/wp-json\/wp\/v2\/product_tag?post=716239"}],"curies":[{"name":"wp","href":"https:\/\/api.w.org\/{rel}","templated":true}]}}