{"id":716227,"date":"2025-08-27T17:39:48","date_gmt":"2025-08-27T14:39:48","guid":{"rendered":"https:\/\/roveyayinevi.com.tr\/index.php\/urun\/zarif-ve-dinen-makbul-muhafazakar-ust-orta-sinif\/"},"modified":"2026-03-23T02:29:47","modified_gmt":"2026-03-22T23:29:47","slug":"zarif-ve-dinen-makbul-muhafazakar-ust-orta-sinif","status":"publish","type":"product","link":"https:\/\/roveyayinevi.com.tr\/index.php\/urun\/zarif-ve-dinen-makbul-muhafazakar-ust-orta-sinif\/","title":{"rendered":"Zarif ve Dinen Makb\u00fcl &#8211; Muhafazakar \u00dcst Orta S\u0131n\u0131f"},"content":{"rendered":"<p>\u201cBe\u011fenideki d\u00f6n\u00fc\u015f\u00fcm ilk olarak, muhafazak\u00e2r orta s\u0131n\u0131flar\u0131n \u015fehrin g\u00f6zde muhitlerindeki l\u00fcks sitelere yerle\u015fmelerine yans\u0131d\u0131. (\u2026) Bu s\u0131n\u0131rlar dahilindeki yeniden in\u015fa s\u00fcrecinde, muhafazak\u00e2r orta s\u0131n\u0131flar, mobilyalar\u0131na, k\u0131yafetlerine ve bedenlerine al\u0131\u015f\u0131k olmad\u0131klar\u0131 bir tarz verdiler. Bu yeni hayat tarz\u0131n\u0131 toplumsal hayatta sunma konusunda eskiye nazaran daha rahat hissettiler ve b\u00f6ylelikle \u2018muhafazak\u00e2r \u00e7ekimserlik\u2019 ya da i\u00e7e kapan\u0131kl\u0131k buharla\u015ft\u0131.\u201d Muhafazak\u00e2r orta s\u0131n\u0131flarda yeni olan ne? Hayat tarzlar\u0131 hal ve davran\u0131\u015flar\u0131, zevkleri nas\u0131l de\u011fi\u015fti? Bu de\u011fi\u015fim, bize ne anlat\u0131yor?   Aksu Ak\u00e7ao\u011flu, bu sorular\u0131n cevaplar\u0131n\u0131 ar\u0131yor. Muhafazak\u00e2r orta s\u0131n\u0131f\u0131n hal-davran\u0131\u015f ve be\u011feni d\u00fczenini, bunun mek\u00e2na yans\u0131mas\u0131n\u0131, \u201csembolik \u00fcr\u00fcnler piyasas\u0131\u201dn\u0131, moda anlay\u0131\u015f\u0131n\u0131, sosyalle\u015fme yollar\u0131n\u0131 ve ortamlar\u0131n\u0131, \u201ci\u00e7 d\u00fcnyan\u0131n\u201d ve benli\u011fin e\u011fitim yordamlar\u0131n\u0131, zihniyet d\u00fcnyas\u0131n\u0131 inceliyor. Ankara\u2019n\u0131n bu z\u00fcmreyle \u00f6zde\u015fle\u015ferek sembolle\u015fmi\u015f semti \u00c7ukurambar\u2019a bakarak\u2026   Dinen makb\u00fbl ve ayn\u0131 zamanda kendince zarif olan\u0131n pe\u015finde, asl\u0131nda bir \u015feyleri muhafaza etmekten \u00e7ok yeni bir \u015fey in\u015fa eden bir muhafazak\u00e2rl\u0131\u011f\u0131n ayr\u0131nt\u0131l\u0131 bir portresi\u2026 <\/p>\n","protected":false},"excerpt":{"rendered":"<p>\u201cBe\u011fenideki d\u00f6n\u00fc\u015f\u00fcm ilk olarak, muhafazak\u00e2r orta s\u0131n\u0131flar\u0131n \u015fehrin g\u00f6zde muhitlerindeki l\u00fcks sitelere yerle\u015fmelerine yans\u0131d\u0131. (\u2026) Bu s\u0131n\u0131rlar dahilindeki yeniden in\u015fa s\u00fcrecinde, muhafazak\u00e2r orta s\u0131n\u0131flar, mobilyalar\u0131na, k\u0131yafetlerine<span class=\"excerpt-hellip\"> [\u2026]<\/span><\/p>\n","protected":false},"featured_media":0,"template":"","meta":{"_monsterinsights_skip_tracking":false,"_monsterinsights_sitenote_active":false,"_monsterinsights_sitenote_note":"","_monsterinsights_sitenote_category":0},"product_brand":[],"product_cat":[12718,12719],"product_tag":[],"class_list":{"0":"post-716227","1":"product","2":"type-product","3":"status-publish","5":"product_cat-din","6":"product_cat-islam","7":"pa_cilt-ciltsiz","8":"pa_tur-kitap","9":"pa_yayinevi-iletisim-yayinlari","10":"pa_yazar-aksu-akcaoglu","12":"first","13":"instock","14":"sale","15":"shipping-taxable","16":"purchasable","17":"product-type-simple"},"_links":{"self":[{"href":"https:\/\/roveyayinevi.com.tr\/index.php\/wp-json\/wp\/v2\/product\/716227","targetHints":{"allow":["GET"]}}],"collection":[{"href":"https:\/\/roveyayinevi.com.tr\/index.php\/wp-json\/wp\/v2\/product"}],"about":[{"href":"https:\/\/roveyayinevi.com.tr\/index.php\/wp-json\/wp\/v2\/types\/product"}],"wp:attachment":[{"href":"https:\/\/roveyayinevi.com.tr\/index.php\/wp-json\/wp\/v2\/media?parent=716227"}],"wp:term":[{"taxonomy":"product_brand","embeddable":true,"href":"https:\/\/roveyayinevi.com.tr\/index.php\/wp-json\/wp\/v2\/product_brand?post=716227"},{"taxonomy":"product_cat","embeddable":true,"href":"https:\/\/roveyayinevi.com.tr\/index.php\/wp-json\/wp\/v2\/product_cat?post=716227"},{"taxonomy":"product_tag","embeddable":true,"href":"https:\/\/roveyayinevi.com.tr\/index.php\/wp-json\/wp\/v2\/product_tag?post=716227"}],"curies":[{"name":"wp","href":"https:\/\/api.w.org\/{rel}","templated":true}]}}