{"id":716208,"date":"2025-08-27T17:39:35","date_gmt":"2025-08-27T14:39:35","guid":{"rendered":"https:\/\/roveyayinevi.com.tr\/index.php\/urun\/sukriyeyi-kim-isirdi\/"},"modified":"2026-04-16T02:24:33","modified_gmt":"2026-04-15T23:24:33","slug":"sukriyeyi-kim-isirdi","status":"publish","type":"product","link":"https:\/\/roveyayinevi.com.tr\/index.php\/urun\/sukriyeyi-kim-isirdi\/","title":{"rendered":"\u015e\u00fckriye&#8217;yi Kim Is\u0131rd\u0131?"},"content":{"rendered":"<p>Haydarpa\u015fa\u2019dan bu yana yirmi saattir yol kat eden,yorgun Toros Ekspresinin ard\u0131nda s\u00fcr\u00fcklenen son yolcu vagonunun ku\u015fetli kompart\u0131man\u0131, Ni\u011fde\u2019de doluverdi.Birbirlerini tan\u0131mayan, biri kad\u0131n be\u015fi erkek alt\u0131 yolcu, bavullar\u0131 yerle\u015ftirme karga\u015fas\u0131 bittikten sonra, ku\u015fetlinin pek de rahat olmayan koltuklar\u0131na oturdular.Kad\u0131n, olduk\u00e7a g\u00fczeldi. Otuz ya\u015flar\u0131ndayd\u0131. Simsiyah sa\u00e7lar\u0131, oval y\u00fcz\u00fcn\u00fcn iki yan\u0131ndan dalga dalga omuzlar\u0131na iniyordu. Dudaklar\u0131 etli, burnu sevimliydi. \u0130nce mavi bluzunun alt\u0131ndaki dolgun g\u00f6\u011f\u00fcsleri Newton\u2019un yer \u00e7ekimi yasas\u0131na isyan eder gibiydi. Sar\u0131- beyaz puanl\u0131 k\u0131sa ete\u011finin alt\u0131ndaki bi\u00e7imli, \u00e7oraps\u0131z bacaklar\u0131 g\u00fcne\u015ften bronzla\u015fm\u0131\u015ft\u0131. Dirse\u011fini koltu\u011fa, elini \u00e7enesine dayam\u0131\u015f, \u00e7a\u011fla ye\u015fili g\u00f6zleriyle ak\u0131p giden manzaray\u0131 seyrediyordu kad\u0131n.Ayn\u0131 s\u0131rada, trenin gidi\u015f istikametine ters y\u00f6nde ve kap\u0131n\u0131n yan\u0131nda oturan adam, k\u0131rklar\u0131ndayd\u0131. Geriye do\u011fru taranm\u0131\u015f g\u00fcr sa\u00e7lar\u0131 grinin t\u00fcm tonlar\u0131n\u0131 bar\u0131nd\u0131r\u0131yordu. \u00dczerindeki lacivert tak\u0131m elbise olduk\u00e7a g\u00f6steri\u015fliydi.Adam\u0131n bak\u0131\u015flar\u0131 bir an kad\u0131na do\u011fru uzand\u0131. B\u00f6ylesi g\u00fczel kad\u0131nlar\u0131 \u00e7ok g\u00f6rd\u00fc\u011f\u00fcnden mi, yoksa kad\u0131n profilden iyi g\u00f6r\u00fcnmedi\u011finden mi, bilinmez, g\u00f6zlerini hemen ka\u00e7\u0131rd\u0131.c<\/p>\n","protected":false},"excerpt":{"rendered":"<p>Haydarpa\u015fa\u2019dan bu yana yirmi saattir yol kat eden,yorgun Toros Ekspresinin ard\u0131nda s\u00fcr\u00fcklenen son yolcu vagonunun ku\u015fetli kompart\u0131man\u0131, Ni\u011fde\u2019de doluverdi.Birbirlerini tan\u0131mayan, biri kad\u0131n be\u015fi erkek alt\u0131 yolcu,<span class=\"excerpt-hellip\"> [\u2026]<\/span><\/p>\n","protected":false},"featured_media":0,"template":"","meta":{"_monsterinsights_skip_tracking":false,"_monsterinsights_sitenote_active":false,"_monsterinsights_sitenote_note":"","_monsterinsights_sitenote_category":0},"product_brand":[],"product_cat":[12291,14825],"product_tag":[],"class_list":{"0":"post-716208","1":"product","2":"type-product","3":"status-publish","5":"product_cat-edebiyat","6":"product_cat-mizah","7":"pa_cilt-ciltsiz","8":"pa_tur-kitap","9":"pa_yayinevi-dorlion-yayinevi","10":"pa_yazar-ibrahim-ethem-celik","12":"first","13":"instock","14":"sale","15":"shipping-taxable","16":"purchasable","17":"product-type-simple"},"_links":{"self":[{"href":"https:\/\/roveyayinevi.com.tr\/index.php\/wp-json\/wp\/v2\/product\/716208","targetHints":{"allow":["GET"]}}],"collection":[{"href":"https:\/\/roveyayinevi.com.tr\/index.php\/wp-json\/wp\/v2\/product"}],"about":[{"href":"https:\/\/roveyayinevi.com.tr\/index.php\/wp-json\/wp\/v2\/types\/product"}],"wp:attachment":[{"href":"https:\/\/roveyayinevi.com.tr\/index.php\/wp-json\/wp\/v2\/media?parent=716208"}],"wp:term":[{"taxonomy":"product_brand","embeddable":true,"href":"https:\/\/roveyayinevi.com.tr\/index.php\/wp-json\/wp\/v2\/product_brand?post=716208"},{"taxonomy":"product_cat","embeddable":true,"href":"https:\/\/roveyayinevi.com.tr\/index.php\/wp-json\/wp\/v2\/product_cat?post=716208"},{"taxonomy":"product_tag","embeddable":true,"href":"https:\/\/roveyayinevi.com.tr\/index.php\/wp-json\/wp\/v2\/product_tag?post=716208"}],"curies":[{"name":"wp","href":"https:\/\/api.w.org\/{rel}","templated":true}]}}