{"id":716185,"date":"2025-08-27T17:39:19","date_gmt":"2025-08-27T14:39:19","guid":{"rendered":"https:\/\/roveyayinevi.com.tr\/index.php\/urun\/icimizdeki-hayvan\/"},"modified":"2026-04-16T02:24:33","modified_gmt":"2026-04-15T23:24:33","slug":"icimizdeki-hayvan","status":"publish","type":"product","link":"https:\/\/roveyayinevi.com.tr\/index.php\/urun\/icimizdeki-hayvan\/","title":{"rendered":"\u0130\u00e7imizdeki Hayvan"},"content":{"rendered":"<p>Emile Zola, iki ailenin be\u015f ku\u015fak hik\u00e2yesi \u00fczerinden Fransa\u2019n\u0131n \u0130kinci \u0130mparatorluk d\u00f6nemini (1852-1870) anlatan yirmi kitapl\u0131k bir dizi \u00fczerinde \u00e7al\u0131\u015fmaya ba\u015flad\u0131\u011f\u0131nda y\u0131l 1869\u2019dur. Zola, hayat\u0131n\u0131 yaln\u0131zca kalemiyle kazanmaya karar vererek ilk romanlar\u0131n\u0131 yay\u0131mlam\u0131\u015f olan 29 ya\u015f\u0131nda bir yazard\u0131r ve imparatorluk, ka\u00e7\u0131n\u0131lmaz \u00e7\u00f6k\u00fc\u015f\u00fcne do\u011fru giden son \u00e7\u0131lg\u0131n g\u00fcnlerini ya\u015famaktad\u0131r. Sonras\u0131, hakikate ve yaz\u0131n\u0131n g\u00fcc\u00fcne inanan bir edebiyat\u00e7\u0131n\u0131n \u00e7eyrek as\u0131r s\u00fcren a\u011f\u0131r i\u015f\u00e7ili\u011fidir. \u0130\u00e7imizdeki Hayvan, Zola\u2019n\u0131n \u201cRougon ve Macquart Aileleri: \u0130kinci \u0130mparatorluk D\u00f6neminde Bir Ailenin Do\u011fal ve Toplumsal Tarihi\u201d ad\u0131n\u0131 verdi\u011fi dizinin on yedinci kitab\u0131d\u0131r ve Zola bu romanda, \u0130kinci \u0130mparatorluk d\u00f6neminde ola\u011fan\u00fcst\u00fc bir geli\u015fme g\u00f6steren ve kendisini b\u00fcy\u00fcleyen demiryolu d\u00fcnyas\u0131yla imparatorlu\u011fun en yozla\u015fm\u0131\u015f kurumlar\u0131ndan olan yarg\u0131y\u0131 karanl\u0131k bir cinayet \u00f6yk\u00fcs\u00fc \u00fczerinden bir araya getirmeyi tasarlar.  \u0130htiras\u0131n ve su\u00e7un s\u0131n\u0131r\u0131nda ya\u015fayan karakterleriyle, demiryolunun simgeledi\u011fi geli\u015fmenin, insan\u0131n i\u00e7indeki hayvani, ac\u0131mas\u0131z ve ilkel y\u00f6n\u00fc yok edemedi\u011fini g\u00f6steren Zola, toplumun hi\u00e7bir kesimini bu keskin ele\u015ftiriden muaf tutmaz. \u0130\u015fin k\u00f6t\u00fcs\u00fc, adaleti sa\u011flamas\u0131 gereken yarg\u0131, g\u00fcc\u00fcn yan\u0131nda saf tutup hakikate g\u00f6zlerini yumarak kendi kendisinin karikat\u00fcr\u00fcne d\u00f6n\u00fc\u015fm\u00fc\u015ft\u00fcr. Roman\u0131n dramatik g\u00fcc\u00fc sinemac\u0131lar\u0131n da ilgisini \u00e7eker, b\u00fcy\u00fck y\u00f6netmenler ku\u015fa\u011f\u0131ndan Jean Renoir\u2019\u0131n ayn\u0131 isimle 1938 y\u0131l\u0131nda \u00e7ekti\u011fi film Frans\u0131z sinemas\u0131n\u0131n ilk kara filmlerinden say\u0131l\u0131r. Yordam Edebiyat, Emile Zola\u2019n\u0131n romanlar\u0131n\u0131 \u00fclkemizin en yetkin Zola \u00e7evirmeni Hamdi Varo\u011flu\u2019nun lezzetli T\u00fcrk\u00e7esiyle okurlara sunuyor.<\/p>\n","protected":false},"excerpt":{"rendered":"<p>Emile Zola, iki ailenin be\u015f ku\u015fak hik\u00e2yesi \u00fczerinden Fransa\u2019n\u0131n \u0130kinci \u0130mparatorluk d\u00f6nemini (1852-1870) anlatan yirmi kitapl\u0131k bir dizi \u00fczerinde \u00e7al\u0131\u015fmaya ba\u015flad\u0131\u011f\u0131nda y\u0131l 1869\u2019dur. Zola, hayat\u0131n\u0131 yaln\u0131zca<span class=\"excerpt-hellip\"> [\u2026]<\/span><\/p>\n","protected":false},"featured_media":0,"template":"","meta":{"_monsterinsights_skip_tracking":false,"_monsterinsights_sitenote_active":false,"_monsterinsights_sitenote_note":"","_monsterinsights_sitenote_category":0},"product_brand":[],"product_cat":[12291,13376],"product_tag":[],"class_list":{"0":"post-716185","1":"product","2":"type-product","3":"status-publish","5":"product_cat-edebiyat","6":"product_cat-fransiz-edebiyati","7":"pa_cilt-ciltsiz","8":"pa_tur-kitap","9":"pa_yayinevi-yordam-kitap","10":"pa_yazar-emile-zola","12":"first","13":"instock","14":"sale","15":"shipping-taxable","16":"purchasable","17":"product-type-simple"},"_links":{"self":[{"href":"https:\/\/roveyayinevi.com.tr\/index.php\/wp-json\/wp\/v2\/product\/716185","targetHints":{"allow":["GET"]}}],"collection":[{"href":"https:\/\/roveyayinevi.com.tr\/index.php\/wp-json\/wp\/v2\/product"}],"about":[{"href":"https:\/\/roveyayinevi.com.tr\/index.php\/wp-json\/wp\/v2\/types\/product"}],"wp:attachment":[{"href":"https:\/\/roveyayinevi.com.tr\/index.php\/wp-json\/wp\/v2\/media?parent=716185"}],"wp:term":[{"taxonomy":"product_brand","embeddable":true,"href":"https:\/\/roveyayinevi.com.tr\/index.php\/wp-json\/wp\/v2\/product_brand?post=716185"},{"taxonomy":"product_cat","embeddable":true,"href":"https:\/\/roveyayinevi.com.tr\/index.php\/wp-json\/wp\/v2\/product_cat?post=716185"},{"taxonomy":"product_tag","embeddable":true,"href":"https:\/\/roveyayinevi.com.tr\/index.php\/wp-json\/wp\/v2\/product_tag?post=716185"}],"curies":[{"name":"wp","href":"https:\/\/api.w.org\/{rel}","templated":true}]}}