{"id":716164,"date":"2025-08-27T17:39:05","date_gmt":"2025-08-27T14:39:05","guid":{"rendered":"https:\/\/roveyayinevi.com.tr\/index.php\/urun\/piyano-metodu-4\/"},"modified":"2026-04-16T02:24:32","modified_gmt":"2026-04-15T23:24:32","slug":"piyano-metodu-4","status":"publish","type":"product","link":"https:\/\/roveyayinevi.com.tr\/index.php\/urun\/piyano-metodu-4\/","title":{"rendered":"Piyano Metodu 4"},"content":{"rendered":"<p>De\u011ferli Meslekda\u015flar\u0131m,Piyano e\u011fitim kitaplar\u0131m\u0131n 4.Seviyesi, 1, 2 ve 3&#8217;\u00fcnc\u00fc kitaplar\u0131n devam\u0131 olarak haz\u0131rlanm\u0131\u015ft\u0131r.Bu kitapta yer alan klasik piyano eserleri y\u0131llarda yeti\u015ftirdi\u011fim \u00f6\u011frencilerimin en \u00e7ok be\u011fendikleri eserlerdir.Ba\u015far\u0131lar dilerim,Nilg\u00fcn K\u0131rka\u011fa\u00e7l\u0131o\u011flu24.09.1959 y\u0131l\u0131nda Gaziantep&#8217;te do\u011fdu. M\u00fczikle ilk defa ilkokul 1.s\u0131n\u0131fta mandolin dersleri alarak tan\u0131\u015ft\u0131. Lise y\u0131llar\u0131nda gitar ve piyano dersleri ald\u0131. 1979 y\u0131l\u0131nda girdi\u011fi Gazi \u00dcniversitesi M\u00fczik E\u011fitim Fak\u00fcltesi b\u00f6l\u00fcm\u00fcnde 4 y\u0131l boyunca Piyano Ana Sanat Dal\u0131 e\u011fitimini Prof.Dr.S\u00fcleyman S\u0131rr\u0131 G\u00dcNER ile tamamlad\u0131.26 y\u0131l boyunca \u00e7e\u015fitli devlet okullar\u0131nda m\u00fczik \u00f6\u011fretmenli\u011fi ve 11 y\u0131l idarecilik yapt\u0131.Ayn\u0131 y\u0131llarda \u00f6zel piyano dersleri vererek m\u00fczik alan\u0131nda \u00f6\u011frenciler yeti\u015ftirdi. 2008 y\u0131l\u0131nda emekli oldu ve kendi dershanesi Sonat M\u00fczik Kursu&#8217;nu a\u00e7t\u0131. 8 y\u0131l boyunca m\u00fczi\u011fin her dal\u0131nda birebir e\u011fitim verilen M.E.B&#8217;na ba\u011fl\u0131 dershanesinde piyano e\u011fitmeni olarak m\u00fczik hayat\u0131na devam etmektedir.<\/p>\n","protected":false},"excerpt":{"rendered":"<p>De\u011ferli Meslekda\u015flar\u0131m,Piyano e\u011fitim kitaplar\u0131m\u0131n 4.Seviyesi, 1, 2 ve 3&#8217;\u00fcnc\u00fc kitaplar\u0131n devam\u0131 olarak haz\u0131rlanm\u0131\u015ft\u0131r.Bu kitapta yer alan klasik piyano eserleri y\u0131llarda yeti\u015ftirdi\u011fim \u00f6\u011frencilerimin en \u00e7ok be\u011fendikleri eserlerdir.Ba\u015far\u0131lar<span class=\"excerpt-hellip\"> [\u2026]<\/span><\/p>\n","protected":false},"featured_media":0,"template":"","meta":{"_monsterinsights_skip_tracking":false,"_monsterinsights_sitenote_active":false,"_monsterinsights_sitenote_note":"","_monsterinsights_sitenote_category":0},"product_brand":[],"product_cat":[14556,20810],"product_tag":[],"class_list":{"0":"post-716164","1":"product","2":"type-product","3":"status-publish","5":"product_cat-muzik","6":"product_cat-ogrenim-kitaplari","7":"pa_cilt-ciltsiz","8":"pa_tur-kitap","9":"pa_yayinevi-beste-yayinlari","10":"pa_yazar-fatma-nilgun-kirkagaclioglu","12":"first","13":"instock","14":"sale","15":"shipping-taxable","16":"purchasable","17":"product-type-simple"},"_links":{"self":[{"href":"https:\/\/roveyayinevi.com.tr\/index.php\/wp-json\/wp\/v2\/product\/716164","targetHints":{"allow":["GET"]}}],"collection":[{"href":"https:\/\/roveyayinevi.com.tr\/index.php\/wp-json\/wp\/v2\/product"}],"about":[{"href":"https:\/\/roveyayinevi.com.tr\/index.php\/wp-json\/wp\/v2\/types\/product"}],"wp:attachment":[{"href":"https:\/\/roveyayinevi.com.tr\/index.php\/wp-json\/wp\/v2\/media?parent=716164"}],"wp:term":[{"taxonomy":"product_brand","embeddable":true,"href":"https:\/\/roveyayinevi.com.tr\/index.php\/wp-json\/wp\/v2\/product_brand?post=716164"},{"taxonomy":"product_cat","embeddable":true,"href":"https:\/\/roveyayinevi.com.tr\/index.php\/wp-json\/wp\/v2\/product_cat?post=716164"},{"taxonomy":"product_tag","embeddable":true,"href":"https:\/\/roveyayinevi.com.tr\/index.php\/wp-json\/wp\/v2\/product_tag?post=716164"}],"curies":[{"name":"wp","href":"https:\/\/api.w.org\/{rel}","templated":true}]}}