{"id":716162,"date":"2025-08-27T17:39:04","date_gmt":"2025-08-27T14:39:04","guid":{"rendered":"https:\/\/roveyayinevi.com.tr\/index.php\/urun\/kirmizi-oda\/"},"modified":"2026-04-16T02:24:32","modified_gmt":"2026-04-15T23:24:32","slug":"kirmizi-oda","status":"publish","type":"product","link":"https:\/\/roveyayinevi.com.tr\/index.php\/urun\/kirmizi-oda\/","title":{"rendered":"K\u0131rm\u0131z\u0131 Oda"},"content":{"rendered":"<p>Usta gazeteci Y\u0131lmaz Polat, son d\u00f6nem T\u00fcrk-Amerikan ili\u015fkilerinde ya\u015fanan gerilimin, ana k\u0131r\u0131lma noktalar\u0131na \u0131\u015f\u0131k tutuyor bu kez&#8230; Erdo\u011fan\u2019\u0131n, \u201cAldat\u0131ld\u0131m\u201d dedi\u011fi K\u0131rm\u0131z\u0131 Oda\u2019da Obama\u2019yla yedi\u011fi yemekte neler ya\u015fand\u0131? 15 Temmuz darbe giri\u015fiminden sonra Obama y\u00f6netimi Erdo\u011fan\u2019a destek a\u00e7\u0131klamas\u0131n\u0131 neden geciktirdi? RezaZarrab operasyonunun Erdo\u011fan ailesiyle ba\u011f\u0131 neydi? PYD, A\u00e7\u0131l\u0131m S\u00fcreci\u2019nin bir par\u00e7as\u0131 m\u0131yd\u0131? Amerikal\u0131 Rahip Brunson serbest b\u0131rak\u0131lmasayd\u0131, Trump y\u00f6netiminin sonraki ad\u0131m\u0131 ne olacakt\u0131? AKP heyetleri ABD\u2019de ne umdu ne buldu? CIA\u2019n\u0131n yap\u0131land\u0131r\u0131lmas\u0131nda bile rol\u00fc olan McKinsey \u015firketine T\u00fcrk ekonomisini emanet etmeye yeltenen AKP\u2019nin amac\u0131 neydi? Bu kitap, T\u00fcrkiye ve ABD aras\u0131nda ya\u015fananlara dairakl\u0131n\u0131zdaki t\u00fcm soru i\u015faretlerini giderecek.   <\/p>\n","protected":false},"excerpt":{"rendered":"<p>Usta gazeteci Y\u0131lmaz Polat, son d\u00f6nem T\u00fcrk-Amerikan ili\u015fkilerinde ya\u015fanan gerilimin, ana k\u0131r\u0131lma noktalar\u0131na \u0131\u015f\u0131k tutuyor bu kez&#8230; Erdo\u011fan\u2019\u0131n, \u201cAldat\u0131ld\u0131m\u201d dedi\u011fi K\u0131rm\u0131z\u0131 Oda\u2019da Obama\u2019yla yedi\u011fi yemekte neler<span class=\"excerpt-hellip\"> [\u2026]<\/span><\/p>\n","protected":false},"featured_media":0,"template":"","meta":{"_monsterinsights_skip_tracking":false,"_monsterinsights_sitenote_active":false,"_monsterinsights_sitenote_note":"","_monsterinsights_sitenote_category":0},"product_brand":[],"product_cat":[13590,12337],"product_tag":[],"class_list":{"0":"post-716162","1":"product","2":"type-product","3":"status-publish","5":"product_cat-arastirma-inceleme-politika-siyaset","6":"product_cat-politika-siyaset","7":"pa_cilt-ciltsiz","8":"pa_tur-kitap","9":"pa_yayinevi-telgrafhane-yayinlari","10":"pa_yazar-yilmaz-polat","12":"first","13":"instock","14":"sale","15":"shipping-taxable","16":"purchasable","17":"product-type-simple"},"_links":{"self":[{"href":"https:\/\/roveyayinevi.com.tr\/index.php\/wp-json\/wp\/v2\/product\/716162","targetHints":{"allow":["GET"]}}],"collection":[{"href":"https:\/\/roveyayinevi.com.tr\/index.php\/wp-json\/wp\/v2\/product"}],"about":[{"href":"https:\/\/roveyayinevi.com.tr\/index.php\/wp-json\/wp\/v2\/types\/product"}],"wp:attachment":[{"href":"https:\/\/roveyayinevi.com.tr\/index.php\/wp-json\/wp\/v2\/media?parent=716162"}],"wp:term":[{"taxonomy":"product_brand","embeddable":true,"href":"https:\/\/roveyayinevi.com.tr\/index.php\/wp-json\/wp\/v2\/product_brand?post=716162"},{"taxonomy":"product_cat","embeddable":true,"href":"https:\/\/roveyayinevi.com.tr\/index.php\/wp-json\/wp\/v2\/product_cat?post=716162"},{"taxonomy":"product_tag","embeddable":true,"href":"https:\/\/roveyayinevi.com.tr\/index.php\/wp-json\/wp\/v2\/product_tag?post=716162"}],"curies":[{"name":"wp","href":"https:\/\/api.w.org\/{rel}","templated":true}]}}